000
CXUS53 KOAX 181000
CF6OAX
PRELIMINARY LOCAL CLIMATOLOGICAL DATA (WS FORM: F-6)

                                          STATION:   VALLEY  NWS, NEBRASKA
                                          MONTH:     DECEMBER
                                          YEAR:      2014
                                          LATITUDE:   41 19 N
                                          LONGITUDE:  96 22 W

  TEMPERATURE IN F:       :PCPN:    SNOW:  WIND      :SUNSHINE: SKY     :PK WND
================================================================================
1   2   3   4   5  6A  6B    7    8   9   10  11  12  13   14  15   16   17  18
                                     12Z  AVG MX 2MIN
DY MAX MIN AVG DEP HDD CDD  WTR  SNW DPTH SPD SPD DIR MIN PSBL S-S WX    SPD DR
================================================================================

 1  22  12  17 -14  48   0 0.00  0.0    0   M   M   M   M    M   M        30  M
 2  43  16  30   0  35   0 0.00  0.0    0   M   M   M   M    M   M        32  M
 3  37  22  30   0  35   0 0.00  0.0    0   M   M   M   M    M   M        16  M
 4  42  24  33   3  32   0 0.00  0.0    0   M   M   M   M    M   M        21  M
 5  45  31  38   9  27   0 0.00  0.0    0   M   M   M   M    M   M 1      18  M
 6  37  27  32   3  33   0 0.00  0.0    0   M   M   M   M    M   M 1      21  M
 7  39  32  36   8  29   0    T  0.0    0   M   M   M   M    M   M        24  M
 8  52  28  40  12  25   0 0.00  0.0    0   M   M   M   M    M   M        28  M
 9  32  19  26  -2  39   0 0.00  0.0    0   M   M   M   M    M   M 8      20  M
10  36  26  31   4  34   0 0.00  0.0    0   M   M   M   M    M   M 18     17  M
11  39  32  36   9  29   0 0.00  0.0    0   M   M   M   M    M   M 18     16  M
12  56  37  47  21  18   0 0.00  0.0    0   M   M   M   M    M   M 18     21  M
13  54  47  51  25  14   0 0.01  0.0    0   M   M   M   M    M   M 1      23  M
14  56  51  54  28  11   0 0.34  0.0    0   M   M   M   M    M   M 1      23  M
15  54  26  40  14  25   0 0.74    T    0   M   M   M   M    M   M 1      46  M
16  26  18  22  -3  43   0    T    T    T   M   M   M   M    M   M        43  M
17  28  18  23  -2  42   0 0.00  0.0    0   M   M   M   M    M   M        14  M
================================================================================
SM  698  466       519   0  1.09    T        M          M        M
================================================================================
AV 41.1 27.4                                 M FASTST   M    M   8    MAX(MPH)
                                 MISC ---->     M   M                 46    M
================================================================================
NOTES:
# LAST OF SEVERAL OCCURRENCES

COLUMN 17 PEAK WIND IN M.P.H.

PRELIMINARY LOCAL CLIMATOLOGICAL DATA (WS FORM: F-6) , PAGE 2

                                          STATION:  VALLEY  NWS, NEBRASKA
                                          MONTH:    DECEMBER
                                          YEAR:     2014
                                          LATITUDE:   41 19 N
                                          LONGITUDE:  96 22 W

[TEMPERATURE DATA]      [PRECIPITATION DATA]       SYMBOLS USED IN COLUMN 16

AVERAGE MONTHLY: 34.2   TOTAL FOR MONTH:   1.09    1 = FOG OR MIST
DPTR FM NORMAL:   6.5   DPTR FM NORMAL:    0.41    2 = FOG REDUCING VISIBILITY
HIGHEST:    56 ON 14,12 GRTST 24HR  0.74 ON 15-15      TO 1/4 MILE OR LESS
LOWEST:     12 ON  1                               3 = THUNDER
                        SNOW, ICE PELLETS, HAIL    4 = ICE PELLETS
                        TOTAL MONTH:    T          5 = HAIL
                        GRTST 24HR    T  ON 16-16  6 = FREEZING RAIN OR DRIZZLE
                        GRTST DEPTH:   T           7 = DUSTSTORM OR SANDSTORM:
                                                       VSBY 1/2 MILE OR LESS
                                                   8 = SMOKE OR HAZE
[NO. OF DAYS WITH]      [WEATHER - DAYS WITH]      9 = BLOWING SNOW
                                                   X = TORNADO
MAX 32 OR BELOW:   4    0.01 INCH OR MORE:   3
MAX 90 OR ABOVE:   0    0.10 INCH OR MORE:   2
MIN 32 OR BELOW:  14    0.50 INCH OR MORE:   1
MIN  0 OR BELOW:   0    1.00 INCH OR MORE:   0

[HDD (BASE 65) ]
TOTAL THIS MO.   519    CLEAR  (SCALE 0-3)   0
DPTR FM NORMAL  -114    PTCLDY (SCALE 4-7)   0
TOTAL FM JUL 1  1836    CLOUDY (SCALE 8-10)  0
DPTR FM NORMAL   -67

[CDD (BASE 65) ]
TOTAL THIS MO.     0
DPTR FM NORMAL     0    [PRESSURE DATA]
TOTAL FM JAN 1  1039    HIGHEST SLP  0.00 ON  8
DPTR FM NORMAL   -36    LOWEST  SLP  0.00 ON  8

[REMARKS]
