000
CXUS53 KOAX 281000
CF6OAX
PRELIMINARY LOCAL CLIMATOLOGICAL DATA (WS FORM: F-6)

                                          STATION:   VALLEY  NWS, NEBRASKA
                                          MONTH:     MARCH
                                          YEAR:      2017
                                          LATITUDE:   41 19 N
                                          LONGITUDE:  96 22 W

  TEMPERATURE IN F:       :PCPN:    SNOW:  WIND      :SUNSHINE: SKY     :PK WND
================================================================================
1   2   3   4   5  6A  6B    7    8   9   10  11  12  13   14  15   16   17  18
                                     12Z  AVG MX 2MIN
DY MAX MIN AVG DEP HDD CDD  WTR  SNW DPTH SPD SPD DIR MIN PSBL S-S WX    SPD DR
================================================================================

 1  42  28  35   3  30   0 0.00  0.0    0   M   M   M   M    M   M        33  M
 2  45  24  35   3  30   0 0.00  0.0    0   M   M   M   M    M   M        28  M
 3  52  24  38   5  27   0 0.00  0.0    0   M   M   M   M    M   M        35  M
 4  71  28  50  17  15   0 0.00  0.0    0   M   M   M   M    M   M        33  M
 5  67  51  59  25   6   0 0.00  0.0    0   M   M   M   M    M   M        36  M
 6  76  38  57  23   8   0 0.06    T    0   M   M   M   M    M   M 3      52  M
 7  56  34  45  11  20   0 0.00  0.0    0   M   M   M   M    M   M        41  M
 8  55  32  44   9  21   0 0.00  0.0    0   M   M   M   M    M   M        18  M
 9  49  27  38   3  27   0 0.00  0.0    0   M   M   M   M    M   M        35  M
10  27  17  22 -14  43   0    T    T    0   M   M   M   M    M   M        26  M
11  30  21  26 -10  39   0    T    T    0   M   M   M   M    M   M        17  M
12  40  25  33  -4  32   0    T    T    0   M   M   M   M    M   M        37  M
13  29  20  25 -12  40   0 0.03  0.2    T   M   M   M   M    M   M 6      36  M
14  31  19  25 -12  40   0 0.03  0.3    T   M   M   M   M    M   M        17  M
15  40  22  31  -7  34   0 0.00  0.0    0   M   M   M   M    M   M        25  M
16  65  33  49  11  16   0 0.00  0.0    0   M   M   M   M    M   M        32  M
17  67  37  52  13  13   0 0.00  0.0    0   M   M   M   M    M   M        31  M
18  57  29  43   4  22   0 0.00  0.0    0   M   M   M   M    M   M        15  M
19  80  45  63  23   2   0 0.00  0.0    0   M   M   M   M    M   M        31  M
20  67  47  57  17   8   0 0.00  0.0    0   M   M   M   M    M   M        26  M
21  48  36  42   2  23   0 0.01  0.0    0   M   M   M   M    M   M        33  M
22  50  32  41   0  24   0    T    T    0   M   M   M   M    M   M 4      26  M
23  73  44  59  18   6   0    T  0.0    0   M   M   M   M    M   M        40  M
24  69  41  55  13  10   0 0.95  0.0    0   M   M   M   M    M   M 1      29  M
25  42  39  41  -1  24   0 0.46  0.0    0   M   M   M   M    M   M 1      30  99
26  49  40  45   2  20   0    T  0.0    0   M   M   M   M    M   M 1      13  M
27  51  39  45   2  20   0 0.03  0.0    0   M   M   M   M    M   M        14  M
================================================================================
SM 1428  872       600   0  1.57     0.5     M          M        M
================================================================================
AV 52.9 32.3                                 M FASTST   M    M   7    MAX(MPH)
                                 MISC ---->     M   M                 52    M
================================================================================
NOTES:
# LAST OF SEVERAL OCCURRENCES

COLUMN 17 PEAK WIND IN M.P.H.

PRELIMINARY LOCAL CLIMATOLOGICAL DATA (WS FORM: F-6) , PAGE 2

                                          STATION:  VALLEY  NWS, NEBRASKA
                                          MONTH:    MARCH
                                          YEAR:     2017
                                          LATITUDE:   41 19 N
                                          LONGITUDE:  96 22 W

[TEMPERATURE DATA]      [PRECIPITATION DATA]       SYMBOLS USED IN COLUMN 16

AVERAGE MONTHLY: 42.6   TOTAL FOR MONTH:   1.57    1 = FOG OR MIST
DPTR FM NORMAL:   5.1   DPTR FM NORMAL:   -0.06    2 = FOG REDUCING VISIBILITY
HIGHEST:    80 ON 19    GRTST 24HR  0.95 ON 24-24      TO 1/4 MILE OR LESS
LOWEST:     17 ON 10                               3 = THUNDER
                        SNOW, ICE PELLETS, HAIL    4 = ICE PELLETS
                        TOTAL MONTH:   0.5 INCH    5 = HAIL
                        GRTST 24HR   0.3 ON   M    6 = FREEZING RAIN OR DRIZZLE
                        GRTST DEPTH:   0           7 = DUSTSTORM OR SANDSTORM:
                                                       VSBY 1/2 MILE OR LESS
                                                   8 = SMOKE OR HAZE
[NO. OF DAYS WITH]      [WEATHER - DAYS WITH]      9 = BLOWING SNOW
                                                   X = TORNADO
MAX 32 OR BELOW:   4    0.01 INCH OR MORE:   7
MAX 90 OR ABOVE:   0    0.10 INCH OR MORE:   2
MIN 32 OR BELOW:  14    0.50 INCH OR MORE:   1
MIN  0 OR BELOW:   0    1.00 INCH OR MORE:   0

[HDD (BASE 65) ]
TOTAL THIS MO.   600    CLEAR  (SCALE 0-3)   0
DPTR FM NORMAL  -144    PTCLDY (SCALE 4-7)   0
TOTAL FM JUL 1  4477    CLOUDY (SCALE 8-10)  0
DPTR FM NORMAL -1098

[CDD (BASE 65) ]
TOTAL THIS MO.     0
DPTR FM NORMAL     0    [PRESSURE DATA]
TOTAL FM JAN 1     0    HIGHEST SLP M ON M
DPTR FM NORMAL     0    LOWEST  SLP M ON M

[REMARKS]
