000
CXUS54 KMAF 301100
CF6ODO
PRELIMINARY LOCAL CLIMATOLOGICAL DATA (WS FORM: F-6)

                                          STATION:   Odessa Schleymeyer
                                          MONTH:     JULY
                                          YEAR:      2016
                                          LATITUDE:   31 55 N
                                          LONGITUDE: 102 23 W

  TEMPERATURE IN F:       :PCPN:    SNOW:  WIND      :SUNSHINE: SKY     :PK WND
================================================================================
1   2   3   4   5  6A  6B    7    8   9   10  11  12  13   14  15   16   17  18
                                     12Z  AVG MX 2MIN
DY MAX MIN AVG DEP HDD CDD  WTR  SNW DPTH SPD SPD DIR MIN PSBL S-S WX    SPD DR
================================================================================

 1  96  74  85   2   0  20 0.00  0.0    0 12.6 22 150   M    M   0        29 170
 2  98  76  87   4   0  22    T  0.0    0 14.9 26 190   M    M   1 3      32 190
 3 105  76  91   8   0  26 0.00  0.0    0 10.9 22 300   M    M   0        27 290
 4 107  81  94  11   0  29    T  0.0    0 10.2 28 330   M    M   1 3      34 340
 5 106  79  93  10   0  28    T  0.0    0 18.4 32  80   M    M   0 38     41  80
 6 105  71  88   5   0  23    T  0.0    0 15.5 55 320   M    M   0 38     69 320
 7 106  79  93  10   0  28 0.02  0.0    0 11.3 32 140   M    M   0 3      39 130
 8 100  74  87   4   0  22 0.00  0.0    0  9.3 30  60   M    M   0 38     38  60
 9  98  73  86   3   0  21 0.00  0.0    0 12.6 20 190   M    M   0        26  90
10 101  77  89   6   0  24 0.00  0.0    0 13.8 23 180   M    M   0        28 170
11 106  80  93  10   0  28    T  0.0    0 18.0 31 160   M    M   0 3      44 160
12 109  79  94  11   0  29 0.00  0.0    0 17.1 26 170   M    M   0        34 180
13 105  79  92   9   0  27 0.00  0.0    0 17.1 24 170   M    M   0        30 180
14 106  79  93  10   0  28    T  0.0    0 15.8 31 150   M    M   1 38     42 120
15 101  73  87   4   0  22 0.02  0.0    0 11.1 24 140   M    M   1 3      39 130
16 100  71  86   3   0  21 0.00  0.0    0 15.2 22 160   M    M   0        31 190
17 101  76  89   6   0  24 0.00  0.0    0 15.0 22 190   M    M   0        29 200
18  99  76  88   4   0  23 0.00  0.0    0 14.8 23 140   M    M   0        33 150
19  98  76  87   3   0  22 0.00  0.0    0 12.6 21 150   M    M   2        31 130
20  98  76  87   3   0  22 0.00  0.0    0 13.2 22 170   M    M   0        29 180
21  99  76  88   4   0  23 0.00  0.0    0 12.2 22 180   M    M   0        30 200
22 100  77  89   5   0  24 0.00  0.0    0 12.1 20 160   M    M   0        26 160
23 100  75  88   4   0  23 0.00  0.0    0 11.4 22 140   M    M   0        30 150
24 101  78  90   6   0  25 0.00  0.0    0 12.7 21 130   M    M   0        25 160
25 101  77  89   5   0  24 0.00  0.0    0  9.3 20 110   M    M   1        24 110
26  97  73  85   1   0  20 0.47  0.0    0 11.0 30  50   M    M   4 3      37  50
27  96  72  84   0   0  19 0.00  0.0    0  5.1 18 110   M    M   1 1      24 120
28  95  73  84   0   0  19 0.01  0.0    0  8.5 24 140   M    M   2 3      31 120
29  95  72  84   0   0  19 0.00  0.0    0 10.9 18 150   M    M   0        24 140
================================================================================
SM 2929 2198         0 685  0.52     0.0 372.6          M       14
================================================================================
AV101.0 75.8                              12.8 FASTST   M    M   0    MAX(MPH)
                                 MISC ---->  # 55 320               # 69  320
================================================================================
NOTES:
# LAST OF SEVERAL OCCURRENCES

COLUMN 17 PEAK WIND IN M.P.H.

PRELIMINARY LOCAL CLIMATOLOGICAL DATA (WS FORM: F-6) , PAGE 2

                                          STATION:  Odessa Schleymeyer
                                          MONTH:    JULY
                                          YEAR:     2016
                                          LATITUDE:   31 55 N
                                          LONGITUDE: 102 23 W

[TEMPERATURE DATA]      [PRECIPITATION DATA]       SYMBOLS USED IN COLUMN 16

AVERAGE MONTHLY: 88.4   TOTAL FOR MONTH:   0.52    1 = FOG OR MIST
DPTR FM NORMAL:   5.0   DPTR FM NORMAL:   -1.13    2 = FOG REDUCING VISIBILITY
HIGHEST:   109 ON 12    GRTST 24HR  0.47 ON 26-26      TO 1/4 MILE OR LESS
LOWEST:     71 ON 16, 6                            3 = THUNDER
                        SNOW, ICE PELLETS, HAIL    4 = ICE PELLETS
                        TOTAL MONTH:   0.0 INCH    5 = HAIL
                        GRTST 24HR     0.0         6 = FREEZING RAIN OR DRIZZLE
                        GRTST DEPTH:   0           7 = DUSTSTORM OR SANDSTORM:
                                                       VSBY 1/2 MILE OR LESS
                                                   8 = SMOKE OR HAZE
[NO. OF DAYS WITH]      [WEATHER - DAYS WITH]      9 = BLOWING SNOW
                                                   X = TORNADO
MAX 32 OR BELOW:   0    0.01 INCH OR MORE:   4
MAX 90 OR ABOVE:  29    0.10 INCH OR MORE:   1
MIN 32 OR BELOW:   0    0.50 INCH OR MORE:   0
MIN  0 OR BELOW:   0    1.00 INCH OR MORE:   0

[HDD (BASE 65) ]
TOTAL THIS MO.     0    CLEAR  (SCALE 0-3)  28
DPTR FM NORMAL     0    PTCLDY (SCALE 4-7)   1
TOTAL FM JUL 1     0    CLOUDY (SCALE 8-10)  0
DPTR FM NORMAL     0

[CDD (BASE 65) ]
TOTAL THIS MO.   685
DPTR FM NORMAL   152    [PRESSURE DATA]
TOTAL FM JAN 1  1660    HIGHEST SLP M ON M
DPTR FM NORMAL   208    LOWEST  SLP 29.62 ON 11

[REMARKS]
