000
CXUS54 KMAF 291100
CF6ODO
PRELIMINARY LOCAL CLIMATOLOGICAL DATA (WS FORM: F-6)

                                          STATION:   Odessa Schleymeyer
                                          MONTH:     MAY
                                          YEAR:      2017
                                          LATITUDE:   31 55 N
                                          LONGITUDE: 102 23 W

  TEMPERATURE IN F:       :PCPN:    SNOW:  WIND      :SUNSHINE: SKY     :PK WND
================================================================================
1   2   3   4   5  6A  6B    7    8   9   10  11  12  13   14  15   16   17  18
                                     12Z  AVG MX 2MIN
DY MAX MIN AVG DEP HDD CDD  WTR  SNW DPTH SPD SPD DIR MIN PSBL S-S WX    SPD DR
================================================================================

 1  87  53  70   0   0   5 0.00  0.0    0 10.8 25 300   M    M   0        32 310
 2  93  54  74   4   0   9 0.00  0.0    0 13.4 22 170   M    M   0        27 170
 3  81  58  70  -1   0   5 0.00  0.0    0 16.7 32  60   M    M   0        40  50
 4  78  47  63  -8   2   0 0.00  0.0    0  9.2 23  60   M    M   0        26  40
 5  85  53  69  -2   0   4 0.00  0.0    0  7.8 15 150   M    M   0        17 160
 6  92  58  75   3   0  10 0.00  0.0    0 15.1 23 160   M    M   0        28 160
 7  89  64  77   5   0  12 0.00  0.0    0 20.2 32 150   M    M   0        39 150
 8  84  64  74   2   0   9 0.00  0.0    0 19.4 32 150   M    M   5        39 150
 9  87  68  78   5   0  13 0.00  0.0    0 19.4 29 140   M    M   6        37 160
10  86  63  75   2   0  10 0.30  0.0    0 14.6 31 170   M    M   3 13     42 190
11  84  53  69  -4   0   4 0.00  0.0    0  9.9 24 290   M    M   0        30 300
12  83  54  69  -5   0   4 0.00  0.0    0 10.2 18  30   M    M   0        23  30
13  89  55  72  -2   0   7 0.00  0.0    0 10.2 20 170   M    M   0        29 180
14  97  68  83   9   0  18    T  0.0    0 11.3 21 160   M    M   0 3      28 140
15  94  70  82   8   0  17    T  0.0    0 17.3 25 150   M    M   1        31 170
16  98  69  84   9   0  19 0.00  0.0    0 19.0 32 210   M    M   3 38     40 220
17  88  61  75   0   0  10 0.00  0.0    0 14.7 25 260   M    M   0        34 280
18  93  66  80   5   0  15 0.16  0.0    0 13.5 24 260   M    M   0        32 260
19  90  59  75  -1   0  10 0.16  0.0    0 12.3 26 320   M    M   2 3      33 320
20  79  56  68  -8   0   3 0.00  0.0    0 12.6 30  60   M    M   2        36  60
21  72  58  65 -11   0   0 0.02  0.0    0 14.3 24 130   M    M   6 3      31 120
22  78  58  68  -8   0   3 0.28  0.0    0  6.9 31 310   M    M   7 13     46 310
23  70  56  63 -14   2   0 0.00  0.0    0 11.9 24  40   M    M   4        30  20
24  89  51  70  -7   0   5 0.00  0.0    0 10.5 21 190   M    M   0        27 190
25 100  63  82   5   0  17 0.00  0.0    0 15.1 29 260   M    M   0        37 250
26  99  69  84   7   0  19 0.00  0.0    0 12.0 25 290   M    M   0        30 260
27 100  69  85   7   0  20 0.00  0.0    0 12.3 25 270   M    M   0        32 240
28  87  63  75  -3   0  10 0.00  0.0    0 14.8 29  40   M    M   0 3      35  90
================================================================================
SM 2452 1680         4 258  0.92     0.0 375.4          M       39
================================================================================
AV 87.6 60.0                              13.4 FASTST   M    M   1    MAX(MPH)
                                 MISC ---->  # 32  60               # 46  310
================================================================================
NOTES:
# LAST OF SEVERAL OCCURRENCES

COLUMN 17 PEAK WIND IN M.P.H.

PRELIMINARY LOCAL CLIMATOLOGICAL DATA (WS FORM: F-6) , PAGE 2

                                          STATION:  Odessa Schleymeyer
                                          MONTH:    MAY
                                          YEAR:     2017
                                          LATITUDE:   31 55 N
                                          LONGITUDE: 102 23 W

[TEMPERATURE DATA]      [PRECIPITATION DATA]       SYMBOLS USED IN COLUMN 16

AVERAGE MONTHLY: 73.8   TOTAL FOR MONTH:   0.92    1 = FOG OR MIST
DPTR FM NORMAL:  -0.4   DPTR FM NORMAL:   -1.01    2 = FOG REDUCING VISIBILITY
HIGHEST:   100 ON 27,25 GRTST 24HR  0.30 ON 10-10      TO 1/4 MILE OR LESS
LOWEST:     47 ON  4                               3 = THUNDER
                        SNOW, ICE PELLETS, HAIL    4 = ICE PELLETS
                        TOTAL MONTH:   0.0 INCH    5 = HAIL
                        GRTST 24HR     0.0         6 = FREEZING RAIN OR DRIZZLE
                        GRTST DEPTH:   0           7 = DUSTSTORM OR SANDSTORM:
                                                       VSBY 1/2 MILE OR LESS
                                                   8 = SMOKE OR HAZE
[NO. OF DAYS WITH]      [WEATHER - DAYS WITH]      9 = BLOWING SNOW
                                                   X = TORNADO
MAX 32 OR BELOW:   0    0.01 INCH OR MORE:   5
MAX 90 OR ABOVE:  10    0.10 INCH OR MORE:   4
MIN 32 OR BELOW:   0    0.50 INCH OR MORE:   0
MIN  0 OR BELOW:   0    1.00 INCH OR MORE:   0

[HDD (BASE 65) ]
TOTAL THIS MO.     4    CLEAR  (SCALE 0-3)  23
DPTR FM NORMAL    -7    PTCLDY (SCALE 4-7)   5
TOTAL FM JUL 1  1660    CLOUDY (SCALE 8-10)  0
DPTR FM NORMAL  -822

[CDD (BASE 65) ]
TOTAL THIS MO.   258
DPTR FM NORMAL   -13    [PRESSURE DATA]
TOTAL FM JAN 1   533    HIGHEST SLP M ON M
DPTR FM NORMAL   131    LOWEST  SLP 29.41 ON 16

[REMARKS]
