000
CXUS53 KGID 170730
CF6ODX
PRELIMINARY LOCAL CLIMATOLOGICAL DATA (WS FORM: F-6)

                                          STATION:   ORD NE
                                          MONTH:     DECEMBER
                                          YEAR:      2014
                                          LATITUDE:   41 37 N
                                          LONGITUDE:  98 57 W

  TEMPERATURE IN F:       :PCPN:    SNOW:  WIND      :SUNSHINE: SKY     :PK WND
================================================================================
1   2   3   4   5  6A  6B    7    8   9   10  11  12  13   14  15   16   17  18
                                     12Z  AVG MX 2MIN
DY MAX MIN AVG DEP HDD CDD  WTR  SNW DPTH SPD SPD DIR MIN PSBL S-S WX    SPD DR
================================================================================

 1  24   7  16 -13  49   0 0.00    M    M 10.8 23 200   M    M   3        29 190
 2  52  18  35   7  30   0 0.00    M    M  9.2 22 330   M    M   1        28 190
 3  37  12  25  -3  40   0 0.00    M    M  5.7 18 150   M    M   0        23 150
 4  44  20  32   4  33   0 0.00    M    M  6.6 17 200   M    M   0        21 210
 5  52  20  36   9  29   0 0.00    M    M  8.0 22  10   M    M   0 18     26  10
 6  42  15  29   2  36   0 0.00    M    M  5.7 13 140   M    M   1 8      16 140
 7  48  23  36  10  29   0 0.00    M    M 10.0 20 180   M    M   6 18     24 180
 8  58  22  40  14  25   0 0.00    M    M 10.2 22 320   M    M   0 8      29 290
 9  35  11  23  -3  42   0 0.00    M    M  6.0 16 190   M    M   4 1      20 200
10  37  12  25  -1  40   0 0.00    M    M  7.5 16 180   M    M   5 18     19 170
11  40  31  36  11  29   0 0.00    M    M 10.8 16 190   M    M   9 1      19 190
12  50  38  44  19  21   0 0.00    M    M 12.7 20 190   M    M  10 1      26 190
13  53  48  51  26  14   0 0.00    M    M 11.8 22 210   M    M  10 1      29 210
14  57  33  45  20  20   0 0.53    M    M 13.8 24 360   M    M  10 13     32 350
15  33  24  29   5  36   0 0.72    M    M 25.1 40 340   M    M  10 1269   50 340
16  24  19  22  -2  43   0    T    M    M 13.4 35 330   M    M  10 19     39 340
================================================================================
SM  686  353       516   0  1.25    M    167.3          M       79
================================================================================
AV 42.9 22.1                              10.5 FASTST   M    M   5    MAX(MPH)
                                 MISC ---->  # 40 340               # 50  340
================================================================================
NOTES:
# LAST OF SEVERAL OCCURRENCES

COLUMN 17 PEAK WIND IN M.P.H.

PRELIMINARY LOCAL CLIMATOLOGICAL DATA (WS FORM: F-6) , PAGE 2

                                          STATION:  ORD NE
                                          MONTH:    DECEMBER
                                          YEAR:     2014
                                          LATITUDE:   41 37 N
                                          LONGITUDE:  98 57 W

[TEMPERATURE DATA]      [PRECIPITATION DATA]       SYMBOLS USED IN COLUMN 16

AVERAGE MONTHLY: 32.5   TOTAL FOR MONTH:   1.25    1 = FOG OR MIST
DPTR FM NORMAL:   6.3   DPTR FM NORMAL:    0.81    2 = FOG REDUCING VISIBILITY
HIGHEST:    58 ON  8    GRTST 24HR  0.72 ON 15-15      TO 1/4 MILE OR LESS
LOWEST:      7 ON  1                               3 = THUNDER
                        SNOW, ICE PELLETS, HAIL    4 = ICE PELLETS
                        TOTAL MONTH:    M          5 = HAIL
                        GRTST 24HR    M  ON   M    6 = FREEZING RAIN OR DRIZZLE
                        GRTST DEPTH:  M  ON   M    7 = DUSTSTORM OR SANDSTORM:
                                                       VSBY 1/2 MILE OR LESS
                                                   8 = SMOKE OR HAZE
[NO. OF DAYS WITH]      [WEATHER - DAYS WITH]      9 = BLOWING SNOW
                                                   X = TORNADO
MAX 32 OR BELOW:   2    0.01 INCH OR MORE:   2
MAX 90 OR ABOVE:   0    0.10 INCH OR MORE:   2
MIN 32 OR BELOW:  13    0.50 INCH OR MORE:   2
MIN  0 OR BELOW:   0    1.00 INCH OR MORE:   0

[HDD (BASE 65) ]
TOTAL THIS MO.   516    CLEAR  (SCALE 0-3)   7
DPTR FM NORMAL  -105    PTCLDY (SCALE 4-7)   3
TOTAL FM JUL 1  2102    CLOUDY (SCALE 8-10)  6
DPTR FM NORMAL     0

[CDD (BASE 65) ]
TOTAL THIS MO.     0
DPTR FM NORMAL     0    [PRESSURE DATA]
TOTAL FM JAN 1   692    HIGHEST SLP M ON M
DPTR FM NORMAL  -153    LOWEST  SLP 29.71 ON M

[REMARKS]
