000
CXUS53 KOAX 231000
CF6OFK
PRELIMINARY LOCAL CLIMATOLOGICAL DATA (WS FORM: F-6)

                                          STATION:   NORFOLK, NEBRASKA
                                          MONTH:     FEBRUARY
                                          YEAR:      2017
                                          LATITUDE:   41 58 N
                                          LONGITUDE:  97 26 W

  TEMPERATURE IN F:       :PCPN:    SNOW:  WIND      :SUNSHINE: SKY     :PK WND
================================================================================
1   2   3   4   5  6A  6B    7    8   9   10  11  12  13   14  15   16   17  18
                                     12Z  AVG MX 2MIN
DY MAX MIN AVG DEP HDD CDD  WTR  SNW DPTH SPD SPD DIR MIN PSBL S-S WX    SPD DR
================================================================================

 1  30  17  24   0  41   0 0.00  0.0    T 12.9 24 330   M    M   8        30 320
 2  24  12  18  -6  47   0 0.00  0.0    T 10.4 23 340   M    M   4        27 320
 3  28  11  20  -4  45   0    T    T    T  9.6 20 170   M    M   4        25 180
 4  46  24  35  11  30   0 0.00  0.0    0 17.1 29 200   M    M   1        37 200
 5  34  15  25   1  40   0 0.00  0.0    0  9.3 18 150   M    M   1        26 150
 6  50  27  39  15  26   0 0.00  0.0    0  8.1 20 170   M    M   2 12     24 180
 7  31  13  22  -3  43   0 0.21  2.5    0 17.2 26 330   M    M   8 1      35 330
 8  13   5   9 -16  56   0 0.24  2.5    5 10.2 20 330   M    M   7 18     34  10
 9  30   1  16  -9  49   0 0.00  0.0    5 10.8 21 170   M    M   4        28 170
10  57  29  43  18  22   0 0.00  0.0    4  6.1 17 170   M    M   0        22 170
11  46  34  40  14  25   0    T  0.0    1  5.3 20 330   M    M   4        24 330
12  46  23  35   9  30   0 0.00  0.0    0 11.3 29 330   M    M   0        40 320
13  52  27  40  14  25   0 0.00  0.0    0 12.7 22 220   M    M   0        28 230
14  49  27  38  12  27   0 0.00  0.0    0 11.5 22 320   M    M   0        31 360
15  54  24  39  12  26   0 0.00  0.0    0  7.9 16 180   M    M   0        26 170
16  68  28  48  21  17   0 0.00  0.0    0  5.8 14 180   M    M   0        20 170
17  67  30  49  22  16   0 0.00  0.0    0  7.1 24 320   M    M   0        28 320
18  63  27  45  17  20   0 0.00  0.0    0  5.1 13 130   M    M   0        17 120
19  70  39  55  27  10   0 0.00  0.0    0 15.3 28 170   M    M   0        39 150
20  62  33  48  20  17   0    T  0.0    0 11.0 25 330   M    M   4 1      30 350
21  74  29  52  24  13   0 0.00  0.0    0 13.2 30 210   M    M   0 1      38 220
22  68  33  51  22  14   0 0.00  0.0    0 11.8 24 320   M    M   0        32 320
================================================================================
SM 1062  508       639   0  0.45     5.0 229.7          M       47
================================================================================
AV 48.3 23.1                              10.4 FASTST   M    M   2    MAX(MPH)
                                 MISC ---->  # 30 210               # 40  320
================================================================================
NOTES:
# LAST OF SEVERAL OCCURRENCES

COLUMN 17 PEAK WIND IN M.P.H.

PRELIMINARY LOCAL CLIMATOLOGICAL DATA (WS FORM: F-6) , PAGE 2

                                          STATION:  NORFOLK, NEBRASKA
                                          MONTH:    FEBRUARY
                                          YEAR:     2017
                                          LATITUDE:   41 58 N
                                          LONGITUDE:  97 26 W

[TEMPERATURE DATA]      [PRECIPITATION DATA]       SYMBOLS USED IN COLUMN 16

AVERAGE MONTHLY: 35.7   TOTAL FOR MONTH:   0.45    1 = FOG OR MIST
DPTR FM NORMAL:   9.8   DPTR FM NORMAL:   -0.12    2 = FOG REDUCING VISIBILITY
HIGHEST:    74 ON 21    GRTST 24HR  0.45 ON  7- 8      TO 1/4 MILE OR LESS
LOWEST:      1 ON  9                               3 = THUNDER
                        SNOW, ICE PELLETS, HAIL    4 = ICE PELLETS
                        TOTAL MONTH:   5.0 INCHES  5 = HAIL
                        GRTST 24HR   2.5 ON  8- 8  6 = FREEZING RAIN OR DRIZZLE
                        GRTST DEPTH:   5 ON  9, 8  7 = DUSTSTORM OR SANDSTORM:
                                                       VSBY 1/2 MILE OR LESS
                                                   8 = SMOKE OR HAZE
[NO. OF DAYS WITH]      [WEATHER - DAYS WITH]      9 = BLOWING SNOW
                                                   X = TORNADO
MAX 32 OR BELOW:   6    0.01 INCH OR MORE:   2
MAX 90 OR ABOVE:   0    0.10 INCH OR MORE:   2
MIN 32 OR BELOW:  18    0.50 INCH OR MORE:   0
MIN  0 OR BELOW:   0    1.00 INCH OR MORE:   0

[HDD (BASE 65) ]
TOTAL THIS MO.   639    CLEAR  (SCALE 0-3)  14
DPTR FM NORMAL  -221    PTCLDY (SCALE 4-7)   6
TOTAL FM JUL 1  4237    CLOUDY (SCALE 8-10)  2
DPTR FM NORMAL  -645

[CDD (BASE 65) ]
TOTAL THIS MO.     0
DPTR FM NORMAL     0    [PRESSURE DATA]
TOTAL FM JAN 1     0    HIGHEST SLP M ON M
DPTR FM NORMAL     0    LOWEST  SLP 29.50 ON  7

[REMARKS]
