000
CXUS55 KCAE 281400
CF6OGB
PRELIMINARY LOCAL CLIMATOLOGICAL DATA (WS FORM: F-6)

                                          STATION:   ORANGEBURG AIRPORT SC
                                          MONTH:     NOVEMBER
                                          YEAR:      2014
                                          LATITUDE:   33 27 N
                                          LONGITUDE:  80 51 W

  TEMPERATURE IN F:       :PCPN:    SNOW:  WIND      :SUNSHINE: SKY     :PK WND
================================================================================
1   2   3   4   5  6A  6B    7    8   9   10  11  12  13   14  15   16   17  18
                                     12Z  AVG MX 2MIN
DY MAX MIN AVG DEP HDD CDD  WTR  SNW DPTH SPD SPD DIR MIN PSBL S-S WX    SPD DR
================================================================================

 1  55  37  46 -14  19   0 0.13    M    M 11.6 23 290   M    M   7 1      33 310
 2  57  34  46 -14  19   0 0.00    M    M  6.2 16 320   M    M   0        24 340
 3  65  32  49 -11  16   0 0.00    M    M  1.5  8  90   M    M   0 18     11  30
 4  70  36  53  -6  12   0 0.00    M    M  2.0 13 220   M    M   0 1      17 210
 5  75  49  62   3   3   0 0.00    M    M  1.7 12 220   M    M   2 1      14 220
 6  79  58  69  10   0   4    T    M    M  9.7 22 250   M    M   2 1      29 220
 7  64  41  53  -6  12   0 0.00    M    M  4.3 15  10   M    M   0        23 340
 8  62  37  50  -8  15   0 0.00    M    M  2.7  9  70   M    M   2 1      13  70
 9  67  45  56  -2   9   0 0.00    M    M  3.2 10  40   M    M   5        14  50
10  69  39  54  -4  11   0 0.00    M    M  4.7 13  50   M    M   0 1      17  70
11  79  52  66   8   0   1 0.00    M    M  6.9 14  10   M    M   0        20 360
12  80  43  62   5   3   0 0.00    M    M  1.2  8 330   M    M   2 1      11 330
13  65  50  58   1   7   0 0.01    M    M  5.7 14 270   M    M   5 1      18 260
14  50  34  42 -15  23   0 0.00    M    M  7.8 20  40   M    M   5        25  40
15  50  29  40 -16  25   0 0.00    M    M  5.7 13  40   M    M   0        17  50
16  57  38  48  -8  17   0    T    M    M  5.3 12  50   M    M  10 1      15  30
17  74  40  57   1   8   0 0.15    M    M 11.5 26 210   M    M   7 123    35 260
18  44  25  35 -21  30   0 0.00    M    M  8.4 16 300   M    M   0        23 270
19  49  22  36 -19  29   0 0.00    M    M  3.0 12 220   M    M   0 8      14 190
20  63  25  44 -11  21   0 0.00    M    M  6.8 25 250   M    M   0 8      30 250
21  66  37  52  -3  13   0 0.00    M    M  5.4 14  30   M    M   0        19  10
22  63  32  48  -6  17   0    T    M    M  5.9 12 130   M    M   1        15  60
23  69  51  60   6   5   0 1.50    M    M  8.7 21 240   M    M   9 13     26 250
24  72  61  67  13   0   2 0.32    M    M  8.2 20 210   M    M   9 13     27 200
25  64  58  61   7   4   0 0.52    M    M  3.6 16 240   M    M   8 1      18 240
26  59  40  50  -3  15   0 0.60    M    M  6.6 17 340   M    M   7 1      28 340
27  56  39  48  -5  17   0 0.00    M    M  9.5 23 290   M    M   2        29 280
================================================================================
SM 1723 1084       350   7  3.23    M    157.8          M       83
================================================================================
AV 63.8 40.1                               5.8 FASTST   M    M   3    MAX(MPH)
                                 MISC ---->  # 26 210               # 35  260
================================================================================
NOTES:
# LAST OF SEVERAL OCCURRENCES

COLUMN 17 PEAK WIND IN M.P.H.

PRELIMINARY LOCAL CLIMATOLOGICAL DATA (WS FORM: F-6) , PAGE 2

                                          STATION:  ORANGEBURG AIRPORT SC
                                          MONTH:    NOVEMBER
                                          YEAR:     2014
                                          LATITUDE:   33 27 N
                                          LONGITUDE:  80 51 W

[TEMPERATURE DATA]      [PRECIPITATION DATA]       SYMBOLS USED IN COLUMN 16

AVERAGE MONTHLY: 52.0   TOTAL FOR MONTH:   3.23    1 = FOG OR MIST
DPTR FM NORMAL:  -4.7   DPTR FM NORMAL:    0.62    2 = FOG REDUCING VISIBILITY
HIGHEST:    80 ON 12    GRTST 24HR  1.50 ON 23-23      TO 1/4 MILE OR LESS
LOWEST:     22 ON 19                               3 = THUNDER
                        SNOW, ICE PELLETS, HAIL    4 = ICE PELLETS
                        TOTAL MONTH:    M          5 = HAIL
                        GRTST 24HR    M  ON   M    6 = FREEZING RAIN OR DRIZZLE
                        GRTST DEPTH:  M  ON   M    7 = DUSTSTORM OR SANDSTORM:
                                                       VSBY 1/2 MILE OR LESS
                                                   8 = SMOKE OR HAZE
[NO. OF DAYS WITH]      [WEATHER - DAYS WITH]      9 = BLOWING SNOW
                                                   X = TORNADO
MAX 32 OR BELOW:   0    0.01 INCH OR MORE:   7
MAX 90 OR ABOVE:   0    0.10 INCH OR MORE:   6
MIN 32 OR BELOW:   6    0.50 INCH OR MORE:   3
MIN  0 OR BELOW:   0    1.00 INCH OR MORE:   1

[HDD (BASE 65) ]
TOTAL THIS MO.   350    CLEAR  (SCALE 0-3)  17
DPTR FM NORMAL   111    PTCLDY (SCALE 4-7)   6
TOTAL FM JUL 1   414    CLOUDY (SCALE 8-10)  4
DPTR FM NORMAL    85

[CDD (BASE 65) ]
TOTAL THIS MO.     7
DPTR FM NORMAL    -5    [PRESSURE DATA]
TOTAL FM JAN 1  2250    HIGHEST SLP M ON M
DPTR FM NORMAL   151    LOWEST  SLP 29.66 ON 17

[REMARKS]
