000
CXHW52 PHFO 271250
CF6OGG
PRELIMINARY LOCAL CLIMATOLOGICAL DATA (WS FORM: F-6)

                                          STATION:   KAHULUI HI
                                          MONTH:     MAY
                                          YEAR:      2017
                                          LATITUDE:   20 53 N
                                          LONGITUDE: 156 26 W

  TEMPERATURE IN F:       :PCPN:    SNOW:  WIND      :SUNSHINE: SKY     :PK WND
================================================================================
1   2   3   4   5  6A  6B    7    8   9   10  11  12  13   14  15   16   17  18
                                     12Z  AVG MX 2MIN
DY MAX MIN AVG DEP HDD CDD  WTR  SNW DPTH SPD SPD DIR MIN PSBL S-S WX    SPD DR
================================================================================

 1  85  64  75   0   0  10 0.01  0.0    M  6.9 14  50   M    M   M        20  10
 2  88  66  77   2   0  12 0.00  0.0    M  9.8 23  40   M    M   M        27  40
 3  84  67  76   1   0  11 0.00  0.0    M 12.7 23  30   M    M   M        27  40
 4  86  74  80   5   0  15 0.00  0.0    M 17.1 29  40   M    M   M        34  40
 5  87  65  76   1   0  11 0.00  0.0    M 12.6 25  60   M    M   M        32  60
 6  88  64  76   1   0  11 0.00  0.0    M 12.1 23  40   M    M   M        30  60
 7  88  64  76   1   0  11 0.00  0.0    M  8.9 21  70   M    M   M        29  80
 8  86  68  77   2   0  12    T  0.0    M  5.4 15 180   M    M   M        22 260
 9  84  65  75   0   0  10    T  0.0    M 11.5 22  50   M    M   M        30  70
10  85  72  79   4   0  14    T  0.0    M 15.2 30  50   M    M   M        36  60
11  88  66  77   2   0  12 0.00  0.0    M 13.3 23  50   M    M   M        34  60
12  86  66  76   1   0  11 0.00  0.0    M 14.9 28  80   M    M   M        38  80
13  85  69  77   1   0  12 0.00  0.0    M 18.0 29  70   M    M   M        40  60
14  83  72  78   2   0  13 0.01  0.0    M 17.4 28  70   M    M   M        38  80
15  84  72  78   2   0  13 0.00  0.0    M 16.7 30  70   M    M   M        40  80
16  84  73  79   3   0  14 0.00  0.0    M 19.4 32  60   M    M   M        42  60
17  85  66  76   0   0  11 0.00  0.0    M 14.2 25  70   M    M   M 8      36  80
18  87  62  75  -1   0  10 0.00  0.0    M 11.1 24  40   M    M   M        28  40
19  86  64  75  -1   0  10 0.00  0.0    M 10.4 24  30   M    M   M        29  30
20  85  65  75  -1   0  10 0.00  0.0    M 10.5 24  40   M    M   M        30  40
21  85  64  75  -1   0  10 0.00  0.0    M 13.4 26  40   M    M   M        31  30
22  86  71  79   3   0  14 0.02  0.0    M 14.6 31  40   M    M   M 8      36  40
23  84  71  78   2   0  13 0.04  0.0    M 14.4 26  40   M    M   M 18     33  40
24  86  70  78   2   0  13 0.00  0.0    M 16.1 31  40   M    M   M        37  40
25  85  65  75  -2   0  10 0.00  0.0    M 12.8 25  20   M    M   M        30  30
26  83  63  73  -4   0   8 0.00  0.0    M  7.4 16  20   M    M   M        21  40
================================================================================
SM 2223 1748         0 301  0.08     0.0 336.8          M        M
================================================================================
AV 85.5 67.2                              13.0 FASTST   M    M -nan   MAX(MPH)
                                 MISC ---->  # 32  60               # 42   60
================================================================================
NOTES:
# LAST OF SEVERAL OCCURRENCES

COLUMN 17 PEAK WIND IN M.P.H.

PRELIMINARY LOCAL CLIMATOLOGICAL DATA (WS FORM: F-6) , PAGE 2

                                          STATION:  KAHULUI HI
                                          MONTH:    MAY
                                          YEAR:     2017
                                          LATITUDE:   20 53 N
                                          LONGITUDE: 156 26 W

[TEMPERATURE DATA]      [PRECIPITATION DATA]       SYMBOLS USED IN COLUMN 16

AVERAGE MONTHLY: 76.4   TOTAL FOR MONTH:   0.08    1 = FOG OR MIST
DPTR FM NORMAL:   0.8   DPTR FM NORMAL:   -0.60    2 = FOG REDUCING VISIBILITY
HIGHEST:    88 ON 11, 7 GRTST 24HR  2.19 ON 30- 1      TO 1/4 MILE OR LESS
LOWEST:     62 ON 18                               3 = THUNDER
                        SNOW, ICE PELLETS, HAIL    4 = ICE PELLETS
                        TOTAL MONTH:   0.0 INCH    5 = HAIL
                        GRTST 24HR     0.0         6 = FREEZING RAIN OR DRIZZLE
                        GRTST DEPTH:  M  ON   M    7 = DUSTSTORM OR SANDSTORM:
                                                       VSBY 1/2 MILE OR LESS
                                                   8 = SMOKE OR HAZE
[NO. OF DAYS WITH]      [WEATHER - DAYS WITH]      9 = BLOWING SNOW
                                                   X = TORNADO
MAX 32 OR BELOW:   0    0.01 INCH OR MORE:   4
MAX 90 OR ABOVE:   0    0.10 INCH OR MORE:   0
MIN 32 OR BELOW:   0    0.50 INCH OR MORE:   0
MIN  0 OR BELOW:   0    1.00 INCH OR MORE:   0

[HDD (BASE 65) ]
TOTAL THIS MO.     0    CLEAR  (SCALE 0-3)   0
DPTR FM NORMAL     0    PTCLDY (SCALE 4-7)   0
TOTAL FM JUL 1     0    CLOUDY (SCALE 8-10)  0
DPTR FM NORMAL     0

[CDD (BASE 65) ]
TOTAL THIS MO.   301
DPTR FM NORMAL    26    [PRESSURE DATA]
TOTAL FM JAN 1  1305    HIGHEST SLP M ON M
DPTR FM NORMAL   104    LOWEST  SLP 29.97 ON M

[REMARKS]
