000
CXUS56 KSGX 291445
CF6OKB
PRELIMINARY LOCAL CLIMATOLOGICAL DATA (WS FORM: F-6)

                                          STATION:   OCEANSIDE AIRPORT CA
                                          MONTH:     SEPTEMBER
                                          YEAR:      2014
                                          LATITUDE:   33 13 N
                                          LONGITUDE: 117 21 W

  TEMPERATURE IN F:       :PCPN:    SNOW:  WIND      :SUNSHINE: SKY     :PK WND
================================================================================
1   2   3   4   5  6A  6B    7    8   9   10  11  12  13   14  15   16   17  18
                                     12Z  AVG MX 2MIN
DY MAX MIN AVG DEP HDD CDD  WTR  SNW DPTH SPD SPD DIR MIN PSBL S-S WX    SPD DR
================================================================================

 1  79  63  71   2   0   6 0.00  0.0    0  4.9 13 240   M    M   4        18 240
 2  81  67  74   5   0   9 0.00  0.0    0  5.1 13 240   M    M   5        17 250
 3  80  71  76   7   0  11 0.00  0.0    0  5.0 15 250   M    M   6        22 240
 4  80  61  71   2   0   6 0.00  0.0    0  3.5 15 240   M    M   4        19 240
 5  80  61  71   2   0   6 0.00  0.0    0  4.4 14 250   M    M   3        19 250
 6  83  65  74   5   0   9 0.00  0.0    0  3.9 15 250   M    M   2 18     21 250
 7  88  66  77   8   0  12 0.00  0.0    0  4.2 13 240   M    M   1 18     16 230
 8  89  71  80  11   0  15 0.00  0.0    0  3.3 13 240   M    M   6        18 240
 9  87  64  76   7   0  11 0.00  0.0    M  3.9 13 250   M    M   3        19 250
10  82  60  71   3   0   6 0.00  0.0    0  3.9 15 240   M    M   1        19 250
11  84  63  74   6   0   9 0.00  0.0    0  4.6 15 240   M    M   0        19 250
12  84  62  73   5   0   8 0.00  0.0    0  4.3 16 240   M    M   0 18     20 240
13  84  63  74   6   0   9 0.00  0.0    0  4.2 14 240   M    M   0 18     19 240
14  87  64  76   8   0  11 0.00  0.0    0  4.1 14 230   M    M   0 18     17 240
15  89  67  78  10   0  13 0.00  0.0    0  4.0 14 240   M    M   0 18     20 240
16 100  67  84  16   0  19 0.00  0.0    0  4.7 16 250   M    M   1 38     21 250
17  91  69  80  12   0  15 0.00  0.0    0  4.6 14 290   M    M   0 8      21 290
18  80  67  74   6   0   9 0.00  0.0    0  5.1 16 250   M    M   4 8      22 240
19  80  65  73   5   0   8 0.00  0.0    0  3.7 16 250   M    M   5        23 250
20  78  62  70   3   0   5 0.00  0.0    0  3.9 14 250   M    M   6        19 250
21  79  60  70   3   0   5 0.00  0.0    0  4.4 15 250   M    M   5        20 250
22  79  62  71   4   0   6 0.00  0.0    0  3.5 14 250   M    M   3        17 240
23  80  61  71   4   0   6 0.00  0.0    0  4.1 13 240   M    M   4 128    18 250
24  83  65  74   7   0   9 0.00  0.0    0  4.3 12 280   M    M   2 8       M  M
25  82  67  75   8   0  10 0.00  0.0    0  4.8 10 250   M    M   0        21 270
26  80  63  72   6   0   7 0.00  0.0    0  3.6 15 240   M    M   5 128    20 250
27  77  58  68   2   0   3 0.00  0.0    0  4.8 16 240   M    M   3        22 230
28  77  58  68   2   0   3 0.00  0.0    0  4.2 17 250   M    M   5        22 240
================================================================================
SM 2323 1792         0 246  0.00     0.0 119.0          M       78
================================================================================
AV 83.0 64.0                               4.2 FASTST   M    M   3    MAX(MPH)
                                 MISC ---->  # 17 250               # 23  250
================================================================================
NOTES:
# LAST OF SEVERAL OCCURRENCES

COLUMN 17 PEAK WIND IN M.P.H.

PRELIMINARY LOCAL CLIMATOLOGICAL DATA (WS FORM: F-6) , PAGE 2

                                          STATION:  OCEANSIDE AIRPORT CA
                                          MONTH:    SEPTEMBER
                                          YEAR:     2014
                                          LATITUDE:   33 13 N
                                          LONGITUDE: 117 21 W

[TEMPERATURE DATA]      [PRECIPITATION DATA]       SYMBOLS USED IN COLUMN 16

AVERAGE MONTHLY: 73.5   TOTAL FOR MONTH:   0.00    1 = FOG OR MIST
DPTR FM NORMAL:   5.6   DPTR FM NORMAL:   -0.23    2 = FOG REDUCING VISIBILITY
HIGHEST:   100 ON 16    GRTST 24HR  0.00 ON 28-28      TO 1/4 MILE OR LESS
LOWEST:     58 ON 28,27                            3 = THUNDER
                        SNOW, ICE PELLETS, HAIL    4 = ICE PELLETS
                        TOTAL MONTH:   0.0 INCH    5 = HAIL
                        GRTST 24HR     0.0         6 = FREEZING RAIN OR DRIZZLE
                        GRTST DEPTH:   0           7 = DUSTSTORM OR SANDSTORM:
                                                       VSBY 1/2 MILE OR LESS
                                                   8 = SMOKE OR HAZE
[NO. OF DAYS WITH]      [WEATHER - DAYS WITH]      9 = BLOWING SNOW
                                                   X = TORNADO
MAX 32 OR BELOW:   0    0.01 INCH OR MORE:   0
MAX 90 OR ABOVE:   2    0.10 INCH OR MORE:   0
MIN 32 OR BELOW:   0    0.50 INCH OR MORE:   0
MIN  0 OR BELOW:   0    1.00 INCH OR MORE:   0

[HDD (BASE 65) ]
TOTAL THIS MO.     0    CLEAR  (SCALE 0-3)  16
DPTR FM NORMAL    -5    PTCLDY (SCALE 4-7)  12
TOTAL FM JUL 1     0    CLOUDY (SCALE 8-10)  0
DPTR FM NORMAL   -10

[CDD (BASE 65) ]
TOTAL THIS MO.   246
DPTR FM NORMAL   156    [PRESSURE DATA]
TOTAL FM JAN 1   753    HIGHEST SLP M ON M
DPTR FM NORMAL   363    LOWEST  SLP 29.65 ON  3

[REMARKS]
