000
CXUS55 KGGW 290800
CF6OLF
PRELIMINARY LOCAL CLIMATOLOGICAL DATA (WS FORM: F-6)

                                          STATION:   WOLF POINT MT
                                          MONTH:     JUNE
                                          YEAR:      2015
                                          LATITUDE:   48  5 N
                                          LONGITUDE: 105 35 W

  TEMPERATURE IN F:       :PCPN:    SNOW:  WIND      :SUNSHINE: SKY     :PK WND
================================================================================
1   2   3   4   5  6A  6B    7    8   9   10  11  12  13   14  15   16   17  18
                                     12Z  AVG MX 2MIN
DY MAX MIN AVG DEP HDD CDD  WTR  SNW DPTH SPD SPD DIR MIN PSBL S-S WX    SPD DR
================================================================================

 1  90  52  71  12   0   6 0.00  0.0    0  8.5 21  20   M    M   0        37 340
 2  68  50  59  -1   6   0 0.49  0.0    0 11.9 25  60   M    M   8 13     32  50
 3  73  49  61   1   4   0 0.00  0.0    0  7.2 17  80   M    M   4 1      23  50
 4  70  50  60   0   5   0 0.00  0.0    0 10.5 18 100   M    M   4        26 120
 5  81  56  69   9   0   4 0.19  0.0    0  7.6 21  10   M    M   7 13     27  10
 6  85  54  70   9   0   5 0.00  0.0    0  5.8 17 280   M    M   3 12     25 230
 7  88  51  70   9   0   5 0.00  0.0    0 11.2 25 310   M    M   1        35 320
 8  92  55  74  13   0   9 0.00  0.0    0  3.5 10 240   M    M   2        17 230
 9  86  61  74  12   0   9 0.00  0.0    0  7.5 20  30   M    M   0        26  20
10  77  53  65   3   0   0 0.07  0.0    0 10.4 21  40   M    M   7        29  80
11  79  48  64   2   1   0 0.00  0.0    0  7.2 13 150   M    M   3        20 190
12  88  53  71   9   0   6 0.00  0.0    0  8.1 25 360   M    M   0        34 360
13  77  52  65   2   0   0 0.00  0.0    0  9.4 28 290   M    M   0        33 290
14  76  49  63   0   2   0 0.00  0.0    0  8.8 22 290   M    M   1        33 290
15  72  39  56  -7   9   0 0.00  0.0    0  4.6 13  90   M    M   2        21  80
16  73  45  59  -4   6   0 0.00  0.0    0  6.4 10 180   M    M   5         M  M
17  87  42  65   1   0   0 0.01    M    0  6.5 32 320   M    M   4 12     41 300
18  69  50  60  -4   5   0 0.00  0.0    0 10.9 20 100   M    M   5        24  80
19  85  55  70   6   0   5 0.03  0.0    0  6.2 37 360   M    M   4 138    53  10
20  84  50  67   3   0   2 0.00  0.0    0  7.9 20 320   M    M   2 1      29 320
21  88  46  67   2   0   2 0.01    M    0  8.4 25 310   M    M   1 3      33 300
22  81  48  65   0   0   0 0.00  0.0    0  6.9 16 300   M    M   1        21 230
23  92  45  69   4   0   4    T    M    0  5.2 22 110   M    M   1 3      28  90
24  88  56  72   6   0   7    T  0.0    0  5.6 20 300   M    M   2 8      26 290
25  87  53  70   4   0   5 0.69  0.0    0  4.3 31  70   M    M   1 3      40  30
26  92  53  73   7   0   8 0.00  0.0    0  3.5 13 310   M    M   1 1      17 310
27  94  57  76  10   0  11 0.00  0.0    0  7.2 16  10   M    M   0        22 340
28   M   M   M   M   M   M    M    M    M   M   M   M   M    M   M         M  M
================================================================================
SM 2222 1372        38  88  1.49     0.0 201.2          M       69
================================================================================
AV 82.3 50.8                               7.5 FASTST   M    M   3    MAX(MPH)
                                 MISC ---->  # 37 360               # 53   10
================================================================================
NOTES:
# LAST OF SEVERAL OCCURRENCES

COLUMN 17 PEAK WIND IN M.P.H.

PRELIMINARY LOCAL CLIMATOLOGICAL DATA (WS FORM: F-6) , PAGE 2

                                          STATION:  WOLF POINT MT
                                          MONTH:    JUNE
                                          YEAR:     2015
                                          LATITUDE:   48  5 N
                                          LONGITUDE: 105 35 W

[TEMPERATURE DATA]      [PRECIPITATION DATA]       SYMBOLS USED IN COLUMN 16

AVERAGE MONTHLY: 66.6   TOTAL FOR MONTH:   1.49    1 = FOG OR MIST
DPTR FM NORMAL:   3.6   DPTR FM NORMAL:   -1.11    2 = FOG REDUCING VISIBILITY
HIGHEST:    94 ON 27    GRTST 24HR  0.69 ON 25-25      TO 1/4 MILE OR LESS
LOWEST:     39 ON 15                               3 = THUNDER
                        SNOW, ICE PELLETS, HAIL    4 = ICE PELLETS
                        TOTAL MONTH:   0.0 INCH    5 = HAIL
                        GRTST 24HR     0.0         6 = FREEZING RAIN OR DRIZZLE
                        GRTST DEPTH:   0           7 = DUSTSTORM OR SANDSTORM:
                                                       VSBY 1/2 MILE OR LESS
                                                   8 = SMOKE OR HAZE
[NO. OF DAYS WITH]      [WEATHER - DAYS WITH]      9 = BLOWING SNOW
                                                   X = TORNADO
MAX 32 OR BELOW:   0    0.01 INCH OR MORE:   7
MAX 90 OR ABOVE:   5    0.10 INCH OR MORE:   3
MIN 32 OR BELOW:   0    0.50 INCH OR MORE:   1
MIN  0 OR BELOW:   0    1.00 INCH OR MORE:   0

[HDD (BASE 65) ]
TOTAL THIS MO.    38    CLEAR  (SCALE 0-3)  18
DPTR FM NORMAL   -66    PTCLDY (SCALE 4-7)   8
TOTAL FM JUL 1  7870    CLOUDY (SCALE 8-10)  1
DPTR FM NORMAL  -901

[CDD (BASE 65) ]
TOTAL THIS MO.    88
DPTR FM NORMAL    37    [PRESSURE DATA]
TOTAL FM JAN 1    88    HIGHEST SLP M ON M
DPTR FM NORMAL    28    LOWEST  SLP 29.58 ON 12

[REMARKS]
