000
CXUS55 KSEW 010945
CF6OLM

PRELIMINARY LOCAL CLIMATOLOGICAL DATA (WS FORM: F-6)

                                          STATION:   OLYMPIA WA AIRPORT
                                          MONTH:     JANUARY
                                          YEAR:      2015
                                          LATITUDE:   46 58 N
                                          LONGITUDE: 122 54 W

  TEMPERATURE IN F:       :PCPN:    SNOW:  WIND      :SUNSHINE: SKY     :PK WND
================================================================================
1   2   3   4   5  6A  6B    7    8   9   10  11  12  13   14  15   16   17  18
                                     12Z  AVG MX 2MIN
DY MAX MIN AVG DEP HDD CDD  WTR  SNW DPTH SPD SPD DIR MIN PSBL S-S WX    SPD DR
================================================================================

 1  40  19  30  -9  35   0 0.00  0.0    0  1.4  8  40   M    M   0 1      11  20
 2  37  23  30  -9  35   0 0.03  0.0    0  6.0 13 220   M    M   7 12     17 220
 3  38  34  36  -3  29   0    T  0.0    0  1.5  8 230   M    M  10 12     10 230
 4  50  36  43   4  22   0 2.46  0.0    0 10.3 24 190   M    M  10 1      33 200
 5  55  44  50  11  15   0 1.26  0.0    0  9.9 18 190   M    M   9 1      23 200
 6  49  38  44   5  21   0 0.00  0.0    0  1.4  8 190   M    M   9 12      8 190
 7  45  41  43   4  22   0 0.00  0.0    0  4.5 10  60   M    M  10 12     13  60
 8  44  40  42   3  23   0 0.00  0.0    0  4.7 13  30   M    M  10 1      15  20
 9  52  33  43   4  22   0 0.00  0.0    0  2.6  9 220   M    M   6 12     11 220
10  46  42  44   4  21   0 0.02  0.0    0  3.2  9 210   M    M  10 1      12 230
11  48  39  44   4  21   0 0.01  0.0    0  0.9  6 210   M    M  10 12      8 220
12  49  42  46   6  19   0 0.00  0.0    0  1.4  6  50   M    M  10 12      7  40
13  48  39  44   4  21   0 0.00  0.0    0  4.8 10  20   M    M   8 1      15  30
14  48  27  38  -2  27   0 0.00  0.0    0  2.8 10  30   M    M   5 1      11  30
15  48  27  38  -2  27   0 0.43  0.0    0  4.9 15 200   M    M   7 1      21 230
16  52  32  42   2  23   0    T  0.0    0  6.4 15 210   M    M   5 12     19 210
17  57  32  45   5  20   0 1.48  0.0    0  3.4 22 210   M    M  10 12     29 170
18  56  44  50  10  15   0 0.29  0.0    0 11.7 26 220   M    M   7 1      38 230
19  52  32  42   2  23   0 0.05  0.0    0  4.3 10 210   M    M   7 12     13 210
20  49  29  39  -1  26   0 0.00  0.0    0  2.9  8  60   M    M   7 12     13  70
21  44  32  38  -2  27   0 0.01  0.0    0  1.3  7 110   M    M   8 1      10 120
22  50  41  46   6  19   0 0.06  0.0    0  3.5 10 210   M    M  10 1      12 200
23  52  46  49   9  16   0 0.52  0.0    0  8.7 18 210   M    M  10 1      24 220
24  58  50  54  14  11   0 0.06  0.0    0  6.3 12 200   M    M  10 1      14 220
25  56  44  50  10  15   0 0.00  0.0    0  2.7  9 210   M    M   8 12     18 280
26  63  39  51  11  14   0 0.00  0.0    0  4.3 12 220   M    M   4 12     17 220
27  52  39  46   6  19   0 0.00  0.0    0  4.6 10 190   M    M   9 12     13 210
28  49  34  42   2  23   0 0.00  0.0    0  1.4  7  30   M    M   7 12     10  10
29  54  30  42   2  23   0 0.00  0.0    0  2.8  9  20   M    M   6 12     11  10
30  42  29  36  -4  29   0 0.00  0.0    0  1.7 16  20   M    M  10 12     21  30
31  45  38  42   2  23   0 0.00  0.0    0  4.5  9  30   M    M  10 12     14  90
================================================================================
SM 1528 1115       686   0  6.68     0.0 130.8          M      249
================================================================================
AV 49.3 36.0                               4.2 FASTST   M    M   8    MAX(MPH)
                                 MISC ---->  # 26 220               # 38  230
================================================================================
NOTES:
# LAST OF SEVERAL OCCURRENCES

COLUMN 17 PEAK WIND IN M.P.H.

PRELIMINARY LOCAL CLIMATOLOGICAL DATA (WS FORM: F-6) , PAGE 2

                                          STATION:  OLYMPIA WA AIRPORT
                                          MONTH:    JANUARY
                                          YEAR:     2015
                                          LATITUDE:   46 58 N
                                          LONGITUDE: 122 54 W

[TEMPERATURE DATA]      [PRECIPITATION DATA]       SYMBOLS USED IN COLUMN 16

AVERAGE MONTHLY: 42.6   TOTAL FOR MONTH:   6.68    1 = FOG OR MIST
DPTR FM NORMAL:   2.8   DPTR FM NORMAL:   -1.16    2 = FOG REDUCING VISIBILITY
HIGHEST:    63 ON 26    GRTST 24HR  3.52 ON  4- 5      TO 1/4 MILE OR LESS
LOWEST:     19 ON  1                               3 = THUNDER
                        SNOW, ICE PELLETS, HAIL    4 = ICE PELLETS
                        TOTAL MONTH:   0.0 INCH    5 = HAIL
                        GRTST 24HR     0.0         6 = FREEZING RAIN OR DRIZZLE
                        GRTST DEPTH:   0           7 = DUSTSTORM OR SANDSTORM:
                                                       VSBY 1/2 MILE OR LESS
                                                   8 = SMOKE OR HAZE
[NO. OF DAYS WITH]      [WEATHER - DAYS WITH]      9 = BLOWING SNOW
                                                   X = TORNADO
MAX 32 OR BELOW:   0    0.01 INCH OR MORE:  13
MAX 90 OR ABOVE:   0    0.10 INCH OR MORE:   6
MIN 32 OR BELOW:  11    0.50 INCH OR MORE:   4
MIN  0 OR BELOW:   0    1.00 INCH OR MORE:   3

[HDD (BASE 65) ]
TOTAL THIS MO.   686    CLEAR  (SCALE 0-3)   1
DPTR FM NORMAL   -95    PTCLDY (SCALE 4-7)  14
TOTAL FM JUL 1  2508    CLOUDY (SCALE 8-10) 16
DPTR FM NORMAL  -543

[CDD (BASE 65) ]
TOTAL THIS MO.     0
DPTR FM NORMAL     0    [PRESSURE DATA]
TOTAL FM JAN 1     0    HIGHEST SLP M ON M
DPTR FM NORMAL     0    LOWEST  SLP 29.60 ON 17

[REMARKS]
#FINAL-01-15#
