000
CXUS55 KTWC 280855
CF6OLS
PRELIMINARY LOCAL CLIMATOLOGICAL DATA (WS FORM: F-6)

                                          STATION:   NOGALES AZ AIRPORT
                                          MONTH:     MAY
                                          YEAR:      2015
                                          LATITUDE:   31 25 N
                                          LONGITUDE: 110 51 W

  TEMPERATURE IN F:       :PCPN:    SNOW:  WIND      :SUNSHINE: SKY     :PK WND
================================================================================
1   2   3   4   5  6A  6B    7    8   9   10  11  12  13   14  15   16   17  18
                                     12Z  AVG MX 2MIN
DY MAX MIN AVG DEP HDD CDD  WTR  SNW DPTH SPD SPD DIR MIN PSBL S-S WX    SPD DR
================================================================================

 1  92  51  72   6   0   7 0.00    M    0  4.2 20 190   M    M   0        26 210
 2  90  58  74   8   0   9 0.00    M    0  7.2 21 220   M    M   1        27 210
 3  85  52  69   3   0   4 0.00    M    0  7.4 23 200   M    M   2 3      27 220
 4  78  54  66  -1   0   1 0.00    M    0  9.6 23 220   M    M   4        30 220
 5  79  50  65  -2   0   0 0.00    M    0  5.7 18 250   M    M   3        27 260
 6  81  49  65  -2   0   0 0.00    M    0 10.8 28 220   M    M   0        34 220
 7  79  52  66  -2   0   1    T    M    0 12.2 26 220   M    M   0        31 210
 8  75  48  62  -6   3   0 0.00  0.0    0 12.8 28 220   M    M   0        39 230
 9  73  39  56 -12   9   0 0.00  0.0    0  4.3 16 240   M    M   0        22 240
10  78  40  59  -9   6   0 0.00  0.0    0  5.5 15 270   M    M   0        21 260
11  86  45  66  -3   0   1 0.00  0.0    0  6.4 20 160   M    M   0        25 150
12  74  49  62  -7   3   0 0.00  0.0    0  9.5 26 150   M    M   1        37 160
13  83  45  64  -5   1   0 0.00  0.0    0  9.3 21 200   M    M   1        29 230
14  81  57  69  -1   0   4 0.00  0.0    0 15.7 32 210   M    M   3        41 200
15  74  53  64  -6   1   0 0.00  0.0    0 15.3 30 220   M    M   5        37 220
16  72  49  61  -9   4   0 0.09    M    0  6.0 21 210   M    M   3 1      26 220
17  82  50  66  -4   0   1 0.00  0.0    0  6.9 20 190   M    M   0        28 220
18  85  47  66  -5   0   1 0.00  0.0    0 11.5 28 210   M    M   1        36 220
19  82  41  62  -9   3   0 0.00  0.0    0  5.1 16 270   M    M   0        22 260
20  86  45  66  -5   0   1 0.00  0.0    0  7.7 21 210   M    M   0        28 190
21  83  53  68  -4   0   3 0.00  0.0    0 11.6 30 220   M    M   0        38 200
22  80  46  63  -9   2   0 0.00  0.0    0 10.1 30 210   M    M   0        39 220
23  77  43  60 -12   5   0 0.00  0.0    0  5.4 16 250   M    M   0        23 260
24  79  45  62 -10   3   0 0.00  0.0    0  6.4 21 210   M    M   1 3      26 210
25  84  47  66  -7   0   1 0.00  0.0    0  5.1 16 210   M    M   M        23 210
26  89  50  70  -3   0   5 0.00  0.0    0  5.7 18 200   M    M   M        26 170
27  91  50  71  -2   0   6 0.00  0.0    0  6.6 22 220   M    M   M        29 220
================================================================================
SM 2198 1308        40  45  0.09     0.0 224.0          M       25
================================================================================
AV 81.4 48.4                               8.3 FASTST   M    M   1    MAX(MPH)
                                 MISC ---->  # 32 210               # 41  200
================================================================================
NOTES:
# LAST OF SEVERAL OCCURRENCES

COLUMN 17 PEAK WIND IN M.P.H.

PRELIMINARY LOCAL CLIMATOLOGICAL DATA (WS FORM: F-6) , PAGE 2

                                          STATION:  NOGALES AZ AIRPORT
                                          MONTH:    MAY
                                          YEAR:     2015
                                          LATITUDE:   31 25 N
                                          LONGITUDE: 110 51 W

[TEMPERATURE DATA]      [PRECIPITATION DATA]       SYMBOLS USED IN COLUMN 16

AVERAGE MONTHLY: 64.9   TOTAL FOR MONTH:   0.09    1 = FOG OR MIST
DPTR FM NORMAL:  -4.6   DPTR FM NORMAL:   -0.12    2 = FOG REDUCING VISIBILITY
HIGHEST:    92 ON  1    GRTST 24HR  0.09 ON 16-16      TO 1/4 MILE OR LESS
LOWEST:     39 ON  9                               3 = THUNDER
                        SNOW, ICE PELLETS, HAIL    4 = ICE PELLETS
                        TOTAL MONTH:   0.0 INCH    5 = HAIL
                        GRTST 24HR     0.0         6 = FREEZING RAIN OR DRIZZLE
                        GRTST DEPTH:   0           7 = DUSTSTORM OR SANDSTORM:
                                                       VSBY 1/2 MILE OR LESS
                                                   8 = SMOKE OR HAZE
[NO. OF DAYS WITH]      [WEATHER - DAYS WITH]      9 = BLOWING SNOW
                                                   X = TORNADO
MAX 32 OR BELOW:   0    0.01 INCH OR MORE:   1
MAX 90 OR ABOVE:   3    0.10 INCH OR MORE:   0
MIN 32 OR BELOW:   0    0.50 INCH OR MORE:   0
MIN  0 OR BELOW:   0    1.00 INCH OR MORE:   0

[HDD (BASE 65) ]
TOTAL THIS MO.    40    CLEAR  (SCALE 0-3)  22
DPTR FM NORMAL    25    PTCLDY (SCALE 4-7)   2
TOTAL FM JUL 1  1661    CLOUDY (SCALE 8-10)  0
DPTR FM NORMAL  -482

[CDD (BASE 65) ]
TOTAL THIS MO.    45
DPTR FM NORMAL   -96    [PRESSURE DATA]
TOTAL FM JAN 1    72    HIGHEST SLP M ON M
DPTR FM NORMAL  -103    LOWEST  SLP 29.63 ON  6

[REMARKS]
