703
CXAK56 PAOM 291544
CF6OME

PRELIMINARY LOCAL CLIMATOLOGICAL DATA (WS FORM: F-6)

                                          STATION:   NOME
                                          MONTH:     04
                                          YEAR:      2016
                                          LATITUDE:   64 31 N
                                          LONGITUDE: 165 27 W

  TEMPERATURE IN F:       :PCPN:    SNOW:  WIND      :SUNSHINE: SKY     :PK WND
================================================================================
1   2   3   4   5  6A  6B    7     8   9   10  11  12  13   14  15   16  17  18
                                      12Z  AVG MX 2MIN
DY MAX MIN AVG DEP HDD CDD  WTR   SNW DPTH SPD SPD DIR MIN PSBL S-S WX   SPD DR
================================================================================

 1  30  21  26  13  39   0  0.10  1.4   6 16.5 36   30   M    M   M 19    44  30
 2  30  23  27  13  38   0  0.30  3.4   8  9.2 21   70   M    M   M 19    27  80
 3  33  10  22   8  43   0  0.12  0.7  11  7.9 20   90   M    M   M 1     23 100
 4  39  29  34  20  31   0  0.16    T  10  9.5 17  110   M    M   M 1     21 130
 5  31  17  24   9  41   0  0.00  0.0   8  7.1 17  250   M    M   M       21 260
 6  25  14  20   5  45   0     T    T   7  1.8  8  280   M    M   M 2      9 260
 7  43  24  34  18  31   0  0.00  0.0   7  4.6 13   40   M    M   M       13  40
 8  43  28  36  20  29   0  0.00  0.0   6  6.9 21   30   M    M   M       26  40
 9  38  30  34  17  31   0  0.04  0.2   5 15.9 24   40   M    M   M 1     30  70
10  38  31  35  18  30   0  0.02  0.2   5 11.9 24   70   M    M   M 1     31  70
11  39  29  34  16  31   0  0.02  0.2   5  7.6 13   20   M    M   M 2     18  80
12  46  31  39  21  26   0  0.00  0.0   5 10.5 18   20   M    M   M       22  20
13  37  29  33  14  32   0  0.00  0.0   4  5.3 16  340   M    M   M       18 340
14  39  28  34  15  31   0  0.00  0.0   4  4.8  9  360   M    M   M       10 360
15  33  22  28   8  37   0  0.00  0.0   3  4.6 10  270   M    M   M       13 260
16  31  20  26   5  39   0  0.00  0.0   3  3.3  9  240   M    M   M       12 230
17  39  22  31  10  34   0  0.00  0.0   3  8.4 16   90   M    M   M       20  70
18  44  33  39  17  26   0  0.04  0.0   2 11.5 21   90   M    M   M 1     26  90
19  44  38  41  19  24   0  0.00  0.0   1 14.9 23   90   M    M   M       27 100
20  49  35  42  19  23   0  0.00  0.0   T 14.5 22   90   M    M   M       28  90
21  50  35  43  19  22   0  0.00  0.0   0 10.8 21  100   M    M   M       25 100
22  49  33  41  17  24   0  0.00  0.0   0 13.4 29   40   M    M   M       35  30
23  44  30  37  12  28   0  0.00  0.0   0  7.6 20  360   M    M   M       24 360
24  44  26  35  10  30   0  0.00  0.0   0  5.5 12  210   M    M   M       12 210
25  49  26  38  12  27   0  0.00  0.0   0 12.2 26   10   M    M   M       32  20
26  52  35  44  17  21   0  0.00  0.0   0  9.7 22   10   M    M   M       26  10
27  47  33  40  13  25   0  0.00  0.0   0  4.9 17  350   M    M   M       21 350
28  50  30  40  12  25   0  0.00  0.0   0  4.7 14   50   M    M   M       16  60
================================================================================
SM 1136  762       863   0  0.80 6.1    245.5           M        M
================================================================================
AV 40.6 27.2                              8.8 FASTST  PSBL  %   M    MAX(MPH)
                                 MISC ---->     36   30                 44  30
================================================================================
NOTES:
# LAST OF SEVERAL OCCURRENCES

COLUMN 17 PEAK WIND IN M.P.H.

PRELIMINARY LOCAL CLIMATOLOGICAL DATA (WS FORM: F-6) , PAGE 2

                                          STATION:   NOME
                                          MONTH:     04
                                          YEAR:      2016
                                          LATITUDE:  64 31 N
                                          LONGITUDE: 165 27 W

[TEMPERATURE DATA]      [PRECIPITATION DATA]       SYMBOLS USED IN COLUMN 16

AVERAGE MONTHLY:33.9   TOTAL FOR MONTH: 0.80       1 = FOG
DPTR FM NORMAL: 13.9   DPTR FM NORMAL: 0.10       2 = FOG REDUCING VISIBILITY
HIGHEST:    52 ON 26    GRTST 24HR   0.30 ON  2        TO 1/4 MILE OR LESS
LOWEST:     10 ON  3                               3 = THUNDER
                        SNOW, ICE PELLETS, HAIL    4 = ICE PELLETS
                        TOTAL MONTH: 6.1 INCHES  5 = HAIL
                        GRTST 24HR   3.4 ON  2     6 = GLAZE OR RIME
                        GRTST DEPTH:   11 ON  3    7 = BLOWING DUST OR SAND:
                                                       VSBY 1/2 MILE OR LESS
                                                   8 = SMOKE OR HAZE
[NO. OF DAYS WITH]      [WEATHER - DAYS WITH]      9 = BLOWING SNOW
                                                   X = TORNADO
MAX 32 OR BELOW:   5    0.01 INCH OR MORE:   8
MAX 70 OR ABOVE:   0    0.10 INCH OR MORE:   4
MIN 32 OR BELOW:  21    0.50 INCH OR MORE:   0
MIN  0 OR BELOW:   0    1.00 INCH OR MORE:   0

[HDD (BASE 65) ]
TOTAL THIS MO.   863    CLEAR  (SCALE 0-3)   M
DPTR FM NORMAL  -399    PTCLDY (SCALE 4-7)   M
SEASONAL TOTAL 10746    CLOUDY (SCALE 8-10)  M
DPTR FM NORMAL -1494

[CDD (BASE 65) ]
TOTAL THIS MO.     0
DPTR FM NORMAL     0    [PRESSURE DATA]
SEASONAL TOTAL     0    HIGHEST SLP     M
DPTR FM NORMAL     0    LOWEST  SLP     M

[REMARKS]
