000
CXUS56 KOTX 301500
CF6OMK
PRELIMINARY LOCAL CLIMATOLOGICAL DATA (WS FORM: F-6)

                                          STATION:   OMAK WA AIRPORT
                                          MONTH:     JUNE
                                          YEAR:      2015
                                          LATITUDE:   48 27 N
                                          LONGITUDE: 119 31 W

  TEMPERATURE IN F:       :PCPN:    SNOW:  WIND      :SUNSHINE: SKY     :PK WND
================================================================================
1   2   3   4   5  6A  6B    7    8   9   10  11  12  13   14  15   16   17  18
                                     12Z  AVG MX 2MIN
DY MAX MIN AVG DEP HDD CDD  WTR  SNW DPTH SPD SPD DIR MIN PSBL S-S WX    SPD DR
================================================================================

 1  84  55  70   7   0   5 0.17    M    M  8.8 22  20   M    M   2 3      29 180
 2  67  57  62  -1   3   0 0.09    M    M  6.8 17 150   M    M  10 1      21 150
 3  69  55  62  -1   3   0 0.15    M    M  6.4 18  10   M    M   8 1      24  10
 4  77  54  66   3   0   1 0.00    M    M  8.3 17  20   M    M   6        22  20
 5  86  52  69   6   0   4 0.00    M    M  9.0 18  10   M    M   0        23  20
 6  91  54  73   9   0   8 0.00    M    M  7.1 15 340   M    M   0        19  20
 7  98  59  79  15   0  14 0.00    M    M  7.2 13 140   M    M   0        23 130
 8 100  58  79  15   0  14 0.00    M    M  6.8 15 190   M    M   0        19 200
 9  96  55  76  12   0  11 0.00    M    M  6.9 14 120   M    M   0        21 110
10  95  65  80  16   0  15 0.00    M    M  9.1 17 330   M    M   0        25 350
11  92  58  75  11   0  10 0.00    M    M  9.1 21 260   M    M   0        27 290
12  78  48  63  -2   2   0 0.00    M    M 11.5 33  20   M    M   0        43  30
13  79  37  58  -7   7   0 0.00    M    M  7.7 18  20   M    M   1        24  30
14  84  49  67   2   0   2 0.00    M    M  9.5 16  10   M    M   0        22  10
15  87  55  71   6   0   6 0.00    M    M  8.5 17  20   M    M   0        23 360
16  92  50  71   5   0   6 0.00    M    M  7.1 14 210   M    M   0        22 210
17  92  62  77  11   0  12 0.00    M    M  8.9 16 360   M    M   0        22 340
18  86  63  75   9   0  10 0.00    M    M  8.6 22  10   M    M   3        29  10
19  83  59  71   5   0   6    T    M    M  8.2 16 190   M    M   1        27 210
20  83  51  67   1   0   2 0.00    M    M  9.9 22 360   M    M   0        32  10
21  83  54  69   3   0   4 0.00    M    M 11.2 22 360   M    M   0        28 360
22  87  54  71   4   0   6 0.00    M    M  8.1 18  10   M    M   1        22  20
23  88  60  74   7   0   9 0.00    M    M  8.4 20  10   M    M   0        27 350
24  88  58  73   6   0   8 0.00    M    M  6.5 14 220   M    M   3        18 220
25  97  58  78  10   0  13 0.00    M    M  8.3 14 300   M    M   0        20 160
26 102  60  81  13   0  16 0.00    M    M  7.9 16 220   M    M   0        24 340
27 107  64  86  18   0  21 0.00    M    M  7.5 14 360   M    M   0        22 110
28 110  71  91  23   0  26 0.00    M    M 10.6 22  10   M    M   0        29  20
29  95  72  84  16   0  19 0.04    M    M 12.1 26  10   M    M   2        34  10
================================================================================
SM 2576 1647        15 248  0.45    M    246.0          M       37
================================================================================
AV 88.8 56.8                               8.5 FASTST   M    M   1    MAX(MPH)
                                 MISC ---->  # 33  20               # 43   30
================================================================================
NOTES:
# LAST OF SEVERAL OCCURRENCES

COLUMN 17 PEAK WIND IN M.P.H.

PRELIMINARY LOCAL CLIMATOLOGICAL DATA (WS FORM: F-6) , PAGE 2

                                          STATION:  OMAK WA AIRPORT
                                          MONTH:    JUNE
                                          YEAR:     2015
                                          LATITUDE:   48 27 N
                                          LONGITUDE: 119 31 W

[TEMPERATURE DATA]      [PRECIPITATION DATA]       SYMBOLS USED IN COLUMN 16

AVERAGE MONTHLY: 72.8   TOTAL FOR MONTH:   0.45    1 = FOG OR MIST
DPTR FM NORMAL:   7.4   DPTR FM NORMAL:   -0.75    2 = FOG REDUCING VISIBILITY
HIGHEST:   110 ON 28    GRTST 24HR  0.23 ON  1- 2      TO 1/4 MILE OR LESS
LOWEST:     37 ON 13                               3 = THUNDER
                        SNOW, ICE PELLETS, HAIL    4 = ICE PELLETS
                        TOTAL MONTH:    M          5 = HAIL
                        GRTST 24HR    M  ON   M    6 = FREEZING RAIN OR DRIZZLE
                        GRTST DEPTH:  M  ON   M    7 = DUSTSTORM OR SANDSTORM:
                                                       VSBY 1/2 MILE OR LESS
                                                   8 = SMOKE OR HAZE
[NO. OF DAYS WITH]      [WEATHER - DAYS WITH]      9 = BLOWING SNOW
                                                   X = TORNADO
MAX 32 OR BELOW:   0    0.01 INCH OR MORE:   4
MAX 90 OR ABOVE:  13    0.10 INCH OR MORE:   2
MIN 32 OR BELOW:   0    0.50 INCH OR MORE:   0
MIN  0 OR BELOW:   0    1.00 INCH OR MORE:   0

[HDD (BASE 65) ]
TOTAL THIS MO.    15    CLEAR  (SCALE 0-3)  25
DPTR FM NORMAL   -54    PTCLDY (SCALE 4-7)   2
TOTAL FM JUL 1  5334    CLOUDY (SCALE 8-10)  2
DPTR FM NORMAL -1008

[CDD (BASE 65) ]
TOTAL THIS MO.   248
DPTR FM NORMAL   168    [PRESSURE DATA]
TOTAL FM JAN 1   294    HIGHEST SLP  0.00 ON 16
DPTR FM NORMAL   191    LOWEST  SLP  0.00 ON M

[REMARKS]
