518
CXUS56 KSGX 171445
CF6ONT
PRELIMINARY LOCAL CLIMATOLOGICAL DATA (WS FORM: F-6)

                                          STATION:   ONTARIO INTL AIRPORT CA
                                          MONTH:     AUGUST
                                          YEAR:      2017
                                          LATITUDE:   34  2 N
                                          LONGITUDE: 117 37 W

  TEMPERATURE IN F:       :PCPN:    SNOW:  WIND      :SUNSHINE: SKY     :PK WND
================================================================================
1   2   3   4   5  6A  6B    7    8   9   10  11  12  13   14  15   16   17  18
                                     12Z  AVG MX 2MIN
DY MAX MIN AVG DEP HDD CDD  WTR  SNW DPTH SPD SPD DIR MIN PSBL S-S WX    SPD DR
================================================================================

 1 104  72  88   9   0  23    T  0.0    0  7.6 26 180   M    M   7 378    37 190
 2  97  77  87   8   0  22 0.00  0.0    0  4.4 14 220   M    M   8 8      16 250
 3 100  76  88   9   0  23 0.00  0.0    0  7.5 20 270   M    M   6 38     24 280
 4  96  72  84   5   0  19 0.00  0.0    0  7.9 18 260   M    M   3        25 270
 5  93  68  81   2   0  16 0.00  0.0    0  7.5 16 260   M    M   1        22 250
 6  91  65  78  -1   0  13 0.00  0.0    0  7.4 16 270   M    M   2        22 280
 7  92  66  79   0   0  14 0.00  0.0    0  7.6 16 270   M    M   1 1      24 260
 8  99  68  84   5   0  19 0.00  0.0    0  6.1 15 250   M    M   0        22 260
 9  95  65  80   1   0  15 0.00  0.0    0  7.0 15 240   M    M   0 8      20 270
10  97  66  82   3   0  17 0.00  0.0    0  6.4 17 270   M    M   1 8      23 260
11  97  67  82   3   0  17 0.00  0.0    0  7.2 20 270   M    M   1 18     23 270
12  97  66  82   3   0  17 0.00  0.0    0  7.2 18 270   M    M   1 18     23 280
13  95  61  78  -1   0  13 0.00  0.0    0  7.2 17 260   M    M   0 18     24 250
14  89  64  77  -2   0  12 0.00  0.0    0  7.7 20 230   M    M   4 18     26 260
15  80  62  71  -8   0   6 0.00  0.0    0  8.6 16 230   M    M   6        23 230
16  85  63  74  -5   0   9 0.00  0.0    0  6.8 16 270   M    M   4 8      22 240
================================================================================
SM 1507 1078         0 255    T      0.0 114.1          M       45
================================================================================
AV 94.2 67.4                               7.1 FASTST   M    M   3    MAX(MPH)
                                 MISC ---->  # 26 180               # 37  190
================================================================================
NOTES:
# LAST OF SEVERAL OCCURRENCES

COLUMN 17 PEAK WIND IN M.P.H.

PRELIMINARY LOCAL CLIMATOLOGICAL DATA (WS FORM: F-6) , PAGE 2

                                          STATION:  ONTARIO INTL AIRPORT CA
                                          MONTH:    AUGUST
                                          YEAR:     2017
                                          LATITUDE:   34  2 N
                                          LONGITUDE: 117 37 W

[TEMPERATURE DATA]      [PRECIPITATION DATA]       SYMBOLS USED IN COLUMN 16

AVERAGE MONTHLY: 80.8   TOTAL FOR MONTH:      T    1 = FOG OR MIST
DPTR FM NORMAL:   1.8   DPTR FM NORMAL:   -0.07    2 = FOG REDUCING VISIBILITY
HIGHEST:   104 ON  1    GRTST 24HR    T  ON  1- 1      TO 1/4 MILE OR LESS
LOWEST:     61 ON 13                               3 = THUNDER
                        SNOW, ICE PELLETS, HAIL    4 = ICE PELLETS
                        TOTAL MONTH:   0.0 INCH    5 = HAIL
                        GRTST 24HR     0.0         6 = FREEZING RAIN OR DRIZZLE
                        GRTST DEPTH:   0           7 = DUSTSTORM OR SANDSTORM:
                                                       VSBY 1/2 MILE OR LESS
                                                   8 = SMOKE OR HAZE
[NO. OF DAYS WITH]      [WEATHER - DAYS WITH]      9 = BLOWING SNOW
                                                   X = TORNADO
MAX 32 OR BELOW:   0    0.01 INCH OR MORE:   0
MAX 90 OR ABOVE:  13    0.10 INCH OR MORE:   0
MIN 32 OR BELOW:   0    0.50 INCH OR MORE:   0
MIN  0 OR BELOW:   0    1.00 INCH OR MORE:   0

[HDD (BASE 65) ]
TOTAL THIS MO.     0    CLEAR  (SCALE 0-3)  10
DPTR FM NORMAL     0    PTCLDY (SCALE 4-7)   6
TOTAL FM JUL 1     0    CLOUDY (SCALE 8-10)  0
DPTR FM NORMAL     0

[CDD (BASE 65) ]
TOTAL THIS MO.   255
DPTR FM NORMAL    31    [PRESSURE DATA]
TOTAL FM JAN 1  1389    HIGHEST SLP M ON M
DPTR FM NORMAL   381    LOWEST  SLP 29.78 ON 11

[REMARKS]
