156
CXUS51 KAKQ 231010
CF6ORF
PRELIMINARY LOCAL CLIMATOLOGICAL DATA (WS FORM: F-6)

                                          STATION:   NORFOLK VA
                                          MONTH:     MAY
                                          YEAR:      2017
                                          LATITUDE:   36 54 N
                                          LONGITUDE:  76 12 W

  TEMPERATURE IN F:       :PCPN:    SNOW:  WIND      :SUNSHINE: SKY     :PK WND
================================================================================
1   2   3   4   5  6A  6B    7    8   9   10  11  12  13   14  15   16   17  18
                                     12Z  AVG MX 2MIN
DY MAX MIN AVG DEP HDD CDD  WTR  SNW DPTH SPD SPD DIR MIN PSBL S-S WX    SPD DR
================================================================================

 1  88  70  79  16   0  14 0.00  0.0    0 21.7 30 210   M    M   2        41 210
 2  79  64  72   9   0   7 1.09  0.0    0 14.2 26 200   M    M   3 1      35 240
 3  77  58  68   5   0   3 0.00  0.0    0 10.6 22  20   M    M   0        26  30
 4  71  59  65   2   0   0 0.00  0.0    0 11.6 18 140   M    M   2        29 140
 5  72  64  68   4   0   3 1.23  0.0    0 13.1 28 210   M    M   7 1      36 200
 6  68  50  59  -5   6   0 0.02  0.0    0 13.2 24 200   M    M   4        32 210
 7  68  54  61  -3   4   0 0.01  0.0    0  6.6 16 250   M    M   6        24 240
 8  65  47  56  -8   9   0 0.00  0.0    0  7.2 12  30   M    M   2        16  50
 9  69  53  61  -4   4   0 0.00  0.0    0  4.8 12  20   M    M   0         M  M
10  74  54  64  -1   1   0    T  0.0    0  5.4 13 110   M    M   2        17 100
11  65  56  61  -4   4   0 0.23  0.0    0 10.9 22  60   M    M  10 1      28  60
12  61  54  58  -8   7   0 1.06  0.0    0 12.9 20  80   M    M   9 1      26  80
13  63  57  60  -6   5   0 0.25  0.0    0  5.7 12 340   M    M   8 1      19 320
14  83  54  69   3   0   4 0.00  0.0    0  9.2 20 240   M    M   0        26 240
15  79  56  68   2   0   3    T  0.0    0  7.6 17 350   M    M   2        25 360
16  82  54  68   1   0   3 0.00  0.0    0  6.1 12 130   M    M   0        22 130
17  94  67  81  14   0  16 0.00  0.0    0  9.1 17 220   M    M   0        23 220
18  90  72  81  14   0  16 0.00  0.0    0 14.5 22 220   M    M   0        29 230
19  92  72  82  15   0  17 0.09  0.0    0 11.4 24  10   M    M   2        31 350
20  79  60  70   2   0   5 0.00  0.0    0 12.2 22  60   M    M   6        27  40
21  66  60  63  -5   2   0    T  0.0    0 10.0 17  90   M    M   9        23  90
22  81  66  74   6   0   9 0.48  0.0    0  7.1 23 220   M    M   8 1      30 220
================================================================================
SM 1666 1301        42 100  4.46     0.0 225.1          M       82
================================================================================
AV 75.7 59.1                              10.2 FASTST   M    M   4    MAX(MPH)
                                 MISC ---->  # 30 210               # 41  210
================================================================================
NOTES:
# LAST OF SEVERAL OCCURRENCES

COLUMN 17 PEAK WIND IN M.P.H.

PRELIMINARY LOCAL CLIMATOLOGICAL DATA (WS FORM: F-6) , PAGE 2

                                          STATION:  NORFOLK VA
                                          MONTH:    MAY
                                          YEAR:     2017
                                          LATITUDE:   36 54 N
                                          LONGITUDE:  76 12 W

[TEMPERATURE DATA]      [PRECIPITATION DATA]       SYMBOLS USED IN COLUMN 16

AVERAGE MONTHLY: 67.4   TOTAL FOR MONTH:   4.46    1 = FOG OR MIST
DPTR FM NORMAL:   2.0   DPTR FM NORMAL:    2.14    2 = FOG REDUCING VISIBILITY
HIGHEST:    94 ON 17    GRTST 24HR  1.23 ON  5- 5      TO 1/4 MILE OR LESS
LOWEST:     47 ON  8                               3 = THUNDER
                        SNOW, ICE PELLETS, HAIL    4 = ICE PELLETS
                        TOTAL MONTH:   0.0 INCH    5 = HAIL
                        GRTST 24HR     0.0         6 = FREEZING RAIN OR DRIZZLE
                        GRTST DEPTH:   0           7 = DUSTSTORM OR SANDSTORM:
                                                       VSBY 1/2 MILE OR LESS
                                                   8 = SMOKE OR HAZE
[NO. OF DAYS WITH]      [WEATHER - DAYS WITH]      9 = BLOWING SNOW
                                                   X = TORNADO
MAX 32 OR BELOW:   0    0.01 INCH OR MORE:   9
MAX 90 OR ABOVE:   3    0.10 INCH OR MORE:   6
MIN 32 OR BELOW:   0    0.50 INCH OR MORE:   3
MIN  0 OR BELOW:   0    1.00 INCH OR MORE:   3

[HDD (BASE 65) ]
TOTAL THIS MO.    42    CLEAR  (SCALE 0-3)  13
DPTR FM NORMAL   -20    PTCLDY (SCALE 4-7)   5
TOTAL FM JUL 1  2660    CLOUDY (SCALE 8-10)  4
DPTR FM NORMAL  -702

[CDD (BASE 65) ]
TOTAL THIS MO.   100
DPTR FM NORMAL    30    [PRESSURE DATA]
TOTAL FM JAN 1   263    HIGHEST SLP M ON M
DPTR FM NORMAL   149    LOWEST  SLP 29.43 ON  5

[REMARKS]
