075
CXUS51 KBOX 271200
CF6ORH
PRELIMINARY LOCAL CLIMATOLOGICAL DATA (WS FORM: F-6)

                                          STATION:   WORCESTER MA
                                          MONTH:     JULY
                                          YEAR:      2016
                                          LATITUDE:   42 16 N
                                          LONGITUDE:  71 52 W

  TEMPERATURE IN F:       :PCPN:    SNOW:  WIND      :SUNSHINE: SKY     :PK WND
================================================================================
1   2   3   4   5  6A  6B    7    8   9   10  11  12  13   14  15   16   17  18
                                     12Z  AVG MX 2MIN
DY MAX MIN AVG DEP HDD CDD  WTR  SNW DPTH SPD SPD DIR MIN PSBL S-S WX    SPD DR
================================================================================

 1  80  61  71   2   0   6 0.13  0.0    M 10.8 22 180   M    M   5 13     28 180
 2  73  56  65  -4   0   0 0.00  0.0    M 13.1 23 290   M    M   3        30 280
 3  78  55  67  -2   0   2 0.00  0.0    M 10.1 20 240   M    M   1        25 290
 4  83  57  70   1   0   5 0.00  0.0    0 10.9 18 210   M    M   0        24 240
 5  83  63  73   3   0   8 0.24  0.0    0  5.3 14 270   M    M   5 1      17 260
 6  89  66  78   8   0  13 0.00  0.0    0  9.6 17 210   M    M   0        22 290
 7  83  69  76   6   0  11 0.11  0.0    0  6.6 23 210   M    M   1 12     29 220
 8  72  58  65  -5   0   0 0.00  0.0    0  8.1 14  70   M    M  10 12     18  70
 9  61  56  59 -11   6   0 0.04  0.0    0  6.4 13  60   M    M  10 12     19  50
10  67  56  62  -8   3   0 0.05  0.0    0  4.5  9  70   M    M   9 128    14  30
11  75  57  66  -4   0   1    T  0.0    M  6.9 12 230   M    M   5 12     17 330
12  81  60  71   1   0   6 0.00  0.0    M  8.9 15 230   M    M   0        20 220
13  86  64  75   5   0  10 0.00  0.0    M 13.4 20 220   M    M   0        26 220
14  80  66  73   3   0   8 0.60  0.0    M 11.3 18 200   M    M   7 123    23 180
15  88  69  79   8   0  14 0.00  0.0    M  9.0 15 310   M    M   3 12     20 260
16  85  67  76   5   0  11 0.00  0.0    M  7.9 18 250   M    M   1        23 240
17  84  68  76   5   0  11 0.00  0.0    M  5.0 12  30   M    M   2        16  20
18  88  65  77   6   0  12 0.03  0.0    M 11.1 22 230   M    M   0 3      27 230
19  78  58  68  -3   0   3 0.00  0.0    M 10.9 21 290   M    M   2        27 300
20  79  56  68  -3   0   3 0.00  0.0    M  8.0 17 320   M    M   0        22 320
21  85  60  73   2   0   8 0.00  0.0    M 11.2 20 270   M    M   0        27 270
22  92  68  80   9   0  15 0.32  0.0    M 13.3 25 240   M    M   2 3      30 240
23  89  67  78   7   0  13 0.00  0.0    M 13.8 23 340   M    M   1        31 330
24  86  64  75   4   0  10 0.00  0.0    M  9.2 16 280   M    M   0        21 310
25  90  67  79   8   0  14    T  0.0    0 10.4 20 270   M    M   0        25 270
26  87  69  78   7   0  13 0.00  0.0    0 11.8 22 280   M    M   2        26 270
================================================================================
SM 2122 1622         9 197  1.52     0.0 247.5          M       69
================================================================================
AV 81.6 62.4                               9.5 FASTST   M    M   3    MAX(MPH)
                                 MISC ---->  # 25 240               # 31  330
================================================================================
NOTES:
# LAST OF SEVERAL OCCURRENCES

COLUMN 17 PEAK WIND IN M.P.H.

PRELIMINARY LOCAL CLIMATOLOGICAL DATA (WS FORM: F-6) , PAGE 2

                                          STATION:  WORCESTER MA
                                          MONTH:    JULY
                                          YEAR:     2016
                                          LATITUDE:   42 16 N
                                          LONGITUDE:  71 52 W

[TEMPERATURE DATA]      [PRECIPITATION DATA]       SYMBOLS USED IN COLUMN 16

AVERAGE MONTHLY: 72.0   TOTAL FOR MONTH:   1.52    1 = FOG OR MIST
DPTR FM NORMAL:   1.9   DPTR FM NORMAL:   -1.99    2 = FOG REDUCING VISIBILITY
HIGHEST:    92 ON 22    GRTST 24HR  0.60 ON 14-14      TO 1/4 MILE OR LESS
LOWEST:     55 ON  3                               3 = THUNDER
                        SNOW, ICE PELLETS, HAIL    4 = ICE PELLETS
                        TOTAL MONTH:   0.0 INCH    5 = HAIL
                        GRTST 24HR     0.0         6 = FREEZING RAIN OR DRIZZLE
                        GRTST DEPTH:   0           7 = DUSTSTORM OR SANDSTORM:
                                                       VSBY 1/2 MILE OR LESS
                                                   8 = SMOKE OR HAZE
[NO. OF DAYS WITH]      [WEATHER - DAYS WITH]      9 = BLOWING SNOW
                                                   X = TORNADO
MAX 32 OR BELOW:   0    0.01 INCH OR MORE:   8
MAX 90 OR ABOVE:   2    0.10 INCH OR MORE:   5
MIN 32 OR BELOW:   0    0.50 INCH OR MORE:   1
MIN  0 OR BELOW:   0    1.00 INCH OR MORE:   0

[HDD (BASE 65) ]
TOTAL THIS MO.     9    CLEAR  (SCALE 0-3)  19
DPTR FM NORMAL     0    PTCLDY (SCALE 4-7)   4
TOTAL FM JUL 1     9    CLOUDY (SCALE 8-10)  3
DPTR FM NORMAL     0

[CDD (BASE 65) ]
TOTAL THIS MO.   197
DPTR FM NORMAL    50    [PRESSURE DATA]
TOTAL FM JAN 1   311    HIGHEST SLP M ON M
DPTR FM NORMAL    58    LOWEST  SLP 29.70 ON 23

[REMARKS]
