000
CXUS56 KMFR 301000
CF6OTH
PRELIMINARY LOCAL CLIMATOLOGICAL DATA (WS FORM: F-6)

                                          STATION:   NORTH BEND OR
                                          MONTH:     MAY
                                          YEAR:      2016
                                          LATITUDE:   43 25 N
                                          LONGITUDE: 124 15 W

  TEMPERATURE IN F:       :PCPN:    SNOW:  WIND      :SUNSHINE: SKY     :PK WND
================================================================================
1   2   3   4   5  6A  6B    7    8   9   10  11  12  13   14  15   16   17  18
                                     12Z  AVG MX 2MIN
DY MAX MIN AVG DEP HDD CDD  WTR  SNW DPTH SPD SPD DIR MIN PSBL S-S WX    SPD DR
================================================================================

 1  82  45  64  13   1   0 0.00    M    M  5.8 14 100   M    M   2        21 100
 2  66  52  59   8   6   0 0.00    M    M  8.0 16 270   0    0   0         M  M
 3  61  55  58   7   7   0 0.01    M    M  5.8 18 360   M    M  10        23 360
 4  55  54  55   3  10   0 0.06    M    M 16.6 23  10   M    M  10        32 360
 5  57  52  55   3  10   0 0.00    M    M 18.5 23 360   M    M   9        30 360
 6  61  52  57   5   8   0 0.00    M    M 12.2 24 350   M    M   5        31 350
 7  61  54  58   6   7   0 0.01    M    M 11.6 17 350   M    M  10        24 350
 8  59  52  56   4   9   0 0.00    M    M 14.0 24 360   M    M   5        30 360
 9  61  46  54   2  11   0 0.00    M    M 12.0 23 360   M    M   3        30 360
10  70  43  57   5   8   0 0.00    M    M  8.1 28 350   M    M   0        32 350
11  73  46  60   8   5   0 0.00    M    M  5.5 12 270   M    M   M         M  M
12  54  48  51  -1  14   0 0.00    M    M  3.8  8 290   M    M   M         M  M
13  61  48  55   2  10   0 0.00    M    M  3.1  9 270   M    M   M         M  M
14  61  54  58   5   7   0 0.00    M    M  4.6 13 270   M    M   M         M  M
15  61  54  58   5   7   0 0.01    M    M  5.7 13 270   M    M   M         M  M
16  61  52  57   4   8   0 0.02    M    M 10.8 23  10   M    M   9        30  10
17  64  48  56   3   9   0 0.00    M    M 14.0 29  10   M    M   0        33  10
18  64  50  57   4   8   0 0.02    M    M  9.1 18 350   M    M   6        27 350
19  59  48  54   1  11   0 0.22    M    M  4.5 13 300   M    M   7        16 300
20  61  46  54   0  11   0 0.00    M    M  4.8  9 290   0    0   0         M  M
21  63  46  55   1  10   0 0.00    M    M  7.8 16 260   0    0   0         M  M
22  61  52  57   3   8   0 0.12    M    M  7.6 16 220   M    M  10        22 220
23  61  52  57   3   8   0 0.13    M    M  5.7 13 250   M    M   8        18 250
24  64  48  56   2   9   0 0.00    M    M  9.1 20 350   M    M   2        25 350
25  63  54  59   5   6   0 0.01    M    M  7.8 17 360   M    M   5        24 360
26  63  52  58   4   7   0 0.00    M    M 11.5 21 360   M    M   7        27 360
27  63  48  56   2   9   0 0.00    M    M  9.1 21 360   M    M   4        25 360
28  64  43  54   0  11   0 0.00    M    M  7.4 20 350   M    M   1        20 350
29  64  52  58   4   7   0 0.00    M    M 10.8 20 360   M    M   5        27 360
================================================================================
SM 1818 1446       242   0  0.61    M    255.3            0    118
================================================================================
AV 62.7 49.9                               8.8 FASTST    0   0   5    MAX(MPH)
                                 MISC ---->    29   M                 33    M
================================================================================
NOTES:
# LAST OF SEVERAL OCCURRENCES

COLUMN 17 PEAK WIND IN M.P.H.

PRELIMINARY LOCAL CLIMATOLOGICAL DATA (WS FORM: F-6) , PAGE 2

                                          STATION:  NORTH BEND OR
                                          MONTH:    MAY
                                          YEAR:     2016
                                          LATITUDE:   43 25 N
                                          LONGITUDE: 124 15 W

[TEMPERATURE DATA]      [PRECIPITATION DATA]       SYMBOLS USED IN COLUMN 16

AVERAGE MONTHLY: 56.3   TOTAL FOR MONTH:   0.61    1 = FOG OR MIST
DPTR FM NORMAL:   3.4   DPTR FM NORMAL:   -2.58    2 = FOG REDUCING VISIBILITY
HIGHEST:    82 ON  1    GRTST 24HR  0.22 ON 19-19      TO 1/4 MILE OR LESS
LOWEST:     43 ON 28,10                            3 = THUNDER
                        SNOW, ICE PELLETS, HAIL    4 = ICE PELLETS
                        TOTAL MONTH:    M          5 = HAIL
                        GRTST 24HR    M  ON   M    6 = FREEZING RAIN OR DRIZZLE
                        GRTST DEPTH:  M  ON   M    7 = DUSTSTORM OR SANDSTORM:
                                                       VSBY 1/2 MILE OR LESS
                                                   8 = SMOKE OR HAZE
[NO. OF DAYS WITH]      [WEATHER - DAYS WITH]      9 = BLOWING SNOW
                                                   X = TORNADO
MAX 32 OR BELOW:   0    0.01 INCH OR MORE:  10
MAX 90 OR ABOVE:   0    0.10 INCH OR MORE:   3
MIN 32 OR BELOW:   0    0.50 INCH OR MORE:   0
MIN  0 OR BELOW:   0    1.00 INCH OR MORE:   0

[HDD (BASE 65) ]
TOTAL THIS MO.   242    CLEAR  (SCALE 0-3)   9
DPTR FM NORMAL  -112    PTCLDY (SCALE 4-7)   9
TOTAL FM JUL 1  3300    CLOUDY (SCALE 8-10)  6
DPTR FM NORMAL -1240

[CDD (BASE 65) ]
TOTAL THIS MO.     0
DPTR FM NORMAL     0    [PRESSURE DATA]
TOTAL FM JAN 1     8    HIGHEST SLP M ON M
DPTR FM NORMAL     8    LOWEST  SLP  0.00 ON 20

[REMARKS]
