000
CXUS56 KMFR 211000
CF6OTH
PRELIMINARY LOCAL CLIMATOLOGICAL DATA (WS FORM: F-6)

                                          STATION:   NORTH BEND OR
                                          MONTH:     AUGUST
                                          YEAR:      2014
                                          LATITUDE:   43 25 N
                                          LONGITUDE: 124 15 W

  TEMPERATURE IN F:       :PCPN:    SNOW:  WIND      :SUNSHINE: SKY     :PK WND
================================================================================
1   2   3   4   5  6A  6B    7    8   9   10  11  12  13   14  15   16   17  18
                                     12Z  AVG MX 2MIN
DY MAX MIN AVG DEP HDD CDD  WTR  SNW DPTH SPD SPD DIR MIN PSBL S-S WX    SPD DR
================================================================================

 1  64  54  59   0   6   0 0.00    M    M 10.5 22  10   M    M   9        29  10
 2  66  59  63   4   2   0 0.00    M    M 11.1 16 340   M    M   9        24 340
 3  66  55  61   2   4   0 0.00    M    M 11.2 21 350   M    M   7        29 360
 4  63  55  59   0   6   0 0.00    M    M  8.6 16  10   M    M  10        22  10
 5  66  55  61   2   4   0 0.00    M    M 10.8 21 350   M    M   6        29 350
 6  68  55  62   3   3   0 0.00    M    M  9.6 23 360   M    M   4        30 360
 7  66  54  60   1   5   0 0.00    M    M 13.0 25 360   M    M   1        37  10
 8  66  52  59   0   6   0 0.00    M    M 13.2 28 360   M    M   3        39 360
 9  64  52  58  -1   7   0 0.00    M    M 13.9 29 360   M    M   3        40 360
10  66  50  58  -1   7   0 0.00    M    M  9.7 22 350   M    M   2        28 350
11  64  54  59   0   6   0 0.00    M    M  5.6 16 250   M    M   M         M  M
12  64  54  59   0   6   0 0.00    M    M  6.0 16 240   0    0   0         M  M
13  70  55  63   4   2   0 0.00    M    M  4.5 14 340   M    M   M         M  M
14  66  59  63   4   2   0 0.01    M    M  2.8  9 280   M    M   0         M  M
15  72  55  64   5   1   0 0.00    M    M  4.3 13 360   M    M   6        16 330
16  72  55  64   5   1   0 0.00    M    M  8.7 22 350   M    M   6        30 350
17  64  55  60   1   5   0 0.00    M    M 12.2 25 360   M    M   5        33 360
18  63  54  59   0   6   0 0.00    M    M 10.2 20 360   M    M   7        28 360
19  70  57  64   5   1   0 0.00    M    M  9.8 17 350   M    M   9        25 350
20  72  57  65   6   0   0 0.00    M    M  9.2 22 360   M    M   5        29 360
================================================================================
SM 1332 1096        80   0  0.01    M    184.9            0     92
================================================================================
AV 66.6 54.8                               9.2 FASTST    0   0   5    MAX(MPH)
                                 MISC ---->    29   M                 40    M
================================================================================
NOTES:
# LAST OF SEVERAL OCCURRENCES

COLUMN 17 PEAK WIND IN M.P.H.

PRELIMINARY LOCAL CLIMATOLOGICAL DATA (WS FORM: F-6) , PAGE 2

                                          STATION:  NORTH BEND OR
                                          MONTH:    AUGUST
                                          YEAR:     2014
                                          LATITUDE:   43 25 N
                                          LONGITUDE: 124 15 W

[TEMPERATURE DATA]      [PRECIPITATION DATA]       SYMBOLS USED IN COLUMN 16

AVERAGE MONTHLY: 60.7   TOTAL FOR MONTH:   0.01    1 = FOG OR MIST
DPTR FM NORMAL:   1.7   DPTR FM NORMAL:   -0.31    2 = FOG REDUCING VISIBILITY
HIGHEST:    72 ON 20,16 GRTST 24HR  0.01 ON 14-14      TO 1/4 MILE OR LESS
LOWEST:     50 ON 10                               3 = THUNDER
                        SNOW, ICE PELLETS, HAIL    4 = ICE PELLETS
                        TOTAL MONTH:    M          5 = HAIL
                        GRTST 24HR    M  ON   M    6 = FREEZING RAIN OR DRIZZLE
                        GRTST DEPTH:  M  ON   M    7 = DUSTSTORM OR SANDSTORM:
                                                       VSBY 1/2 MILE OR LESS
                                                   8 = SMOKE OR HAZE
[NO. OF DAYS WITH]      [WEATHER - DAYS WITH]      9 = BLOWING SNOW
                                                   X = TORNADO
MAX 32 OR BELOW:   0    0.01 INCH OR MORE:   1
MAX 90 OR ABOVE:   0    0.10 INCH OR MORE:   0
MIN 32 OR BELOW:   0    0.50 INCH OR MORE:   0
MIN  0 OR BELOW:   0    1.00 INCH OR MORE:   0

[HDD (BASE 65) ]
TOTAL THIS MO.    80    CLEAR  (SCALE 0-3)   6
DPTR FM NORMAL   -40    PTCLDY (SCALE 4-7)   8
TOTAL FM JUL 1   226    CLOUDY (SCALE 8-10)  4
DPTR FM NORMAL   -91

[CDD (BASE 65) ]
TOTAL THIS MO.     0
DPTR FM NORMAL     0    [PRESSURE DATA]
TOTAL FM JAN 1    12    HIGHEST SLP M ON M
DPTR FM NORMAL    12    LOWEST  SLP  0.00 ON 12

[REMARKS]
