000
CXUS56 KOTX 221500
CF6OTX
PRELIMINARY LOCAL CLIMATOLOGICAL DATA (WS FORM: F-6)

                                          STATION:   SPOKANE  WA WFO
                                          MONTH:     NOVEMBER
                                          YEAR:      2014
                                          LATITUDE:   47 40 N
                                          LONGITUDE: 117 38 W

  TEMPERATURE IN F:       :PCPN:    SNOW:  WIND      :SUNSHINE: SKY     :PK WND
================================================================================
1   2   3   4   5  6A  6B    7    8   9   10  11  12  13   14  15   16   17  18
                                     12Z  AVG MX 2MIN
DY MAX MIN AVG DEP HDD CDD  WTR  SNW DPTH SPD SPD DIR MIN PSBL S-S WX    SPD DR
================================================================================

 1  48  40  44   4  21   0 0.19  0.0    0   M   M   M   M    M   M 1       M  M
 2  51  29  40   1  25   0 0.00  0.0    0   M   M   M   M    M   0         0   0
 3  48  36  42   3  23   0 0.06  0.0    0   M   M   M   M    M   0         0   0
 4  43  41  42   4  23   0 0.23  0.0    0   M   M   M   M    M   M         M  M
 5  54  43  49  11  16   0 0.01  0.0    0   M   M   M   M    M   0         0   0
 6  59  46  53  15  12   0 0.04  0.0    0   M   M   M   M    M   0         0   0
 7  53  31  42   5  23   0 0.00  0.0    0   M   M   M   M    M   0         0   0
 8  47  27  37   0  28   0 0.00  0.0    0   M   M   M   M    M   M 1       M  M
 9  47  36  42   5  23   0 0.29  0.0    0   M   M   M   M    M   M 3       M  M
10  41  27  34  -2  31   0    T    T    0   M   M   M   M    M   M         M  M
11  27  18  23 -13  42   0    T    T    0   M   M   M   M    M   M         M  M
12  28  12  20 -16  45   0 0.00  0.0    0   M   M   M   M    M   M         M  M
13  30   9  20 -15  45   0 0.00  0.0    0   M   M   M   M    M   M         M  M
14  32   6  19 -16  46   0 0.00  0.0    0   M   M   M   M    M   M         M  M
15  32   4  18 -16  47   0 0.00  0.0    0   M   M   M   M    M   M         M  M
16  30  12  21 -13  44   0 0.00  0.0    0   M   M   M   M    M   M 1       M  M
17  32   9  21 -13  44   0 0.00  0.0    0   M   M   M   M    M   0         0   0
18  29   8  19 -14  46   0 0.00  0.0    0   M   M   M   M    M   0 1       M  M
19  32  16  24  -9  41   0 0.00  0.0    0   M   M   M   M    M   0 1       M  M
20  33  23  28  -4  37   0 0.06  0.5    T   M   M   M   M    M   0 1       M  M
21  43  28  36   4  29   0 0.41  0.0    0   M   M   M   M    M   0 1       M  M
================================================================================
SM  839  501       691   0  1.29     0.5     M          M        0
================================================================================
AV 40.0 23.9                                 M FASTST   M    M   0    MAX(MPH)
                                 MISC ---->     M   M               #  0    0
================================================================================
NOTES:
# LAST OF SEVERAL OCCURRENCES

COLUMN 17 PEAK WIND IN M.P.H.

PRELIMINARY LOCAL CLIMATOLOGICAL DATA (WS FORM: F-6) , PAGE 2

                                          STATION:  SPOKANE  WA WFO
                                          MONTH:    NOVEMBER
                                          YEAR:     2014
                                          LATITUDE:   47 40 N
                                          LONGITUDE: 117 38 W

[TEMPERATURE DATA]      [PRECIPITATION DATA]       SYMBOLS USED IN COLUMN 16

AVERAGE MONTHLY: 31.9   TOTAL FOR MONTH:   1.29    1 = FOG OR MIST
DPTR FM NORMAL:  -4.0   DPTR FM NORMAL:   -0.19    2 = FOG REDUCING VISIBILITY
HIGHEST:    59 ON  6    GRTST 24HR  0.41 ON 21-21      TO 1/4 MILE OR LESS
LOWEST:      4 ON 15                               3 = THUNDER
                        SNOW, ICE PELLETS, HAIL    4 = ICE PELLETS
                        TOTAL MONTH:   0.5 INCH    5 = HAIL
                        GRTST 24HR   0.5 ON 20-20  6 = FREEZING RAIN OR DRIZZLE
                        GRTST DEPTH:   T           7 = DUSTSTORM OR SANDSTORM:
                                                       VSBY 1/2 MILE OR LESS
                                                   8 = SMOKE OR HAZE
[NO. OF DAYS WITH]      [WEATHER - DAYS WITH]      9 = BLOWING SNOW
                                                   X = TORNADO
MAX 32 OR BELOW:   9    0.01 INCH OR MORE:   8
MAX 90 OR ABOVE:   0    0.10 INCH OR MORE:   4
MIN 32 OR BELOW:  15    0.50 INCH OR MORE:   0
MIN  0 OR BELOW:   0    1.00 INCH OR MORE:   0

[HDD (BASE 65) ]
TOTAL THIS MO.   691    CLEAR  (SCALE 0-3)  10
DPTR FM NORMAL    78    PTCLDY (SCALE 4-7)   0
TOTAL FM JUL 1  1304    CLOUDY (SCALE 8-10)  0
DPTR FM NORMAL  -265

[CDD (BASE 65) ]
TOTAL THIS MO.     0
DPTR FM NORMAL     0    [PRESSURE DATA]
TOTAL FM JAN 1   408    HIGHEST SLP M ON M
DPTR FM NORMAL   159    LOWEST  SLP  0.00 ON M

[REMARKS]
