000
CXUS53 KARX 310930
CF6OVS
PRELIMINARY LOCAL CLIMATOLOGICAL DATA (WS FORM: F-6)

                                          STATION:   BOSCOBEL_(ASOS) WI
                                          MONTH:     AUGUST
                                          YEAR:      2015
                                          LATITUDE:   43  9 N
                                          LONGITUDE:  90 41 W

  TEMPERATURE IN F:       :PCPN:    SNOW:  WIND      :SUNSHINE: SKY     :PK WND
================================================================================
1   2   3   4   5  6A  6B    7    8   9   10  11  12  13   14  15   16   17  18
                                     12Z  AVG MX 2MIN
DY MAX MIN AVG DEP HDD CDD  WTR  SNW DPTH SPD SPD DIR MIN PSBL S-S WX    SPD DR
================================================================================

 1  90  58  74   2   0   9 0.01  0.0    0  4.5 15 310   M    M   2        21 310
 2  94  68  81   9   0  16 0.00  0.0    0  8.8 22 250   M    M   1        31 270
 3  85  54  70  -2   0   5 0.00  0.0    0  5.0 15 310   M    M   0 1      23 280
 4  83  52  68  -4   0   3 0.00  0.0    0  3.7 14 320   M    M   0        18 280
 5  86  51  69  -3   0   4 0.00  0.0    0  1.2 10 160   M    M   3 12     20  80
 6  86  55  71  -1   0   6 0.00  0.0    0  2.2 12 200   M    M   2 12     17 190
 7  88  63  76   4   0  11 0.01  0.0    0  4.6 14 290   M    M   4 12     22 200
 8  78  61  70  -2   0   5 0.00  0.0    0  2.4  9 110   M    M   7 12     12 110
 9  86  63  75   3   0  10 0.00  0.0    0  1.6 10 200   M    M   8 1      13 210
10  89  61  75   3   0  10 0.01  0.0    0  4.3 16 330   M    M   3 1      23 350
11  87  56  72   0   0   7 0.00  0.0    0  4.0 16 330   M    M   0 1      21 320
12  88  54  71  -1   0   6 0.00  0.0    0  2.9 10 310   M    M   2 12     13 320
13  90  62  76   5   0  11 0.00  0.0    0  6.9 17 230   M    M   1        25 260
14  95  73  84  13   0  19    T  0.0    0  5.0 12 260   M    M   1        17 250
15  96  67  82  11   0  17 0.00  0.0    0  3.4 12 240   M    M   1 1      16 250
16  94  63  79   8   0  14 0.00  0.0    0  5.3 16 200   M    M   1 12     25 230
17  82  68  75   4   0  10 0.14  0.0    0  1.7  9 320   M    M   4 13     11 330
18  76  66  71   0   0   6 0.41  0.0    0  1.8 13 100   M    M   8 123    19 110
19  69  59  64  -7   1   0 0.18  0.0    0  9.2 21 210   M    M  10 1      30 210
20  78  51  65  -6   0   0 0.00  0.0    0  7.7 21 290   M    M   5        31 230
21  87  49  68  -2   0   3 0.00  0.0    0  5.7 20 230   M    M   2 1      28 210
22  84  58  71   1   0   6 0.00  0.0    0  6.1 18 190   M    M   1        26 160
23  75  53  64  -6   1   0 0.18  0.0    0  8.9 21 290   M    M   6 13     31 270
24  70  51  61  -9   4   0    T  0.0    0  8.3 22 270   M    M   6        31 280
25  76  51  64  -6   1   0 0.00  0.0    0  4.9 13 280   M    M   6        19 320
26  79  51  65  -4   0   0 0.00  0.0    0  1.7 12 310   M    M   4 1      14  10
27  79  48  64  -5   1   0 0.00  0.0    0  2.7 10 210   M    M   5 12     15 210
28  66  58  62  -7   3   0 1.91  0.0    0  2.8 13 100   M    M   6 1      19  40
29  72  63  68  -1   0   3 0.16  0.0    0  2.3  7  80   M    M  10 1      11  30
30  77  59  68   0   0   3 0.00  0.0    0  1.9  9 250   M    M   7 12     15 230
================================================================================
SM 2485 1746        11 184  3.01     0.0 131.5          M      116
================================================================================
AV 82.8 58.2                               4.4 FASTST   M    M   4    MAX(MPH)
                                 MISC ---->  # 22 250               # 31  270
================================================================================
NOTES:
# LAST OF SEVERAL OCCURRENCES

COLUMN 17 PEAK WIND IN M.P.H.

PRELIMINARY LOCAL CLIMATOLOGICAL DATA (WS FORM: F-6) , PAGE 2

                                          STATION:  BOSCOBEL_(ASOS) WI
                                          MONTH:    AUGUST
                                          YEAR:     2015
                                          LATITUDE:   43  9 N
                                          LONGITUDE:  90 41 W

[TEMPERATURE DATA]      [PRECIPITATION DATA]       SYMBOLS USED IN COLUMN 16

AVERAGE MONTHLY: 70.5   TOTAL FOR MONTH:   3.01    1 = FOG OR MIST
DPTR FM NORMAL:  -0.3   DPTR FM NORMAL:   -1.41    2 = FOG REDUCING VISIBILITY
HIGHEST:    96 ON 15    GRTST 24HR  2.07 ON 28-29      TO 1/4 MILE OR LESS
LOWEST:     48 ON 27                               3 = THUNDER
                        SNOW, ICE PELLETS, HAIL    4 = ICE PELLETS
                        TOTAL MONTH:   0.0 INCH    5 = HAIL
                        GRTST 24HR     0.0         6 = FREEZING RAIN OR DRIZZLE
                        GRTST DEPTH:   0           7 = DUSTSTORM OR SANDSTORM:
                                                       VSBY 1/2 MILE OR LESS
                                                   8 = SMOKE OR HAZE
[NO. OF DAYS WITH]      [WEATHER - DAYS WITH]      9 = BLOWING SNOW
                                                   X = TORNADO
MAX 32 OR BELOW:   0    0.01 INCH OR MORE:   9
MAX 90 OR ABOVE:   6    0.10 INCH OR MORE:   6
MIN 32 OR BELOW:   0    0.50 INCH OR MORE:   1
MIN  0 OR BELOW:   0    1.00 INCH OR MORE:   1

[HDD (BASE 65) ]
TOTAL THIS MO.    11    CLEAR  (SCALE 0-3)  15
DPTR FM NORMAL     3    PTCLDY (SCALE 4-7)  13
TOTAL FM JUL 1    21    CLOUDY (SCALE 8-10)  2
DPTR FM NORMAL     5

[CDD (BASE 65) ]
TOTAL THIS MO.   184
DPTR FM NORMAL    -3    [PRESSURE DATA]
TOTAL FM JAN 1   583    HIGHEST SLP M ON M
DPTR FM NORMAL    10    LOWEST  SLP 29.53 ON 19

[REMARKS]
