000
CXUS55 KPAH 170634
CF6OWB
PRELIMINARY LOCAL CLIMATOLOGICAL DATA (WS FORM: F-6)

                                          STATION:   OWENSBORO KY
                                          MONTH:     APRIL
                                          YEAR:      2014
                                          LATITUDE:   37 45 N
                                          LONGITUDE:  87 10 W

  TEMPERATURE IN F:       :PCPN:    SNOW:  WIND      :SUNSHINE: SKY     :PK WND
================================================================================
1   2   3   4   5  6A  6B    7    8   9   10  11  12  13   14  15   16   17  18
                                     12Z  AVG MX 2MIN
DY MAX MIN AVG DEP HDD CDD  WTR  SNW DPTH SPD SPD DIR MIN PSBL S-S WX    SPD DR
================================================================================

 1  76  49  63   9   2   0 0.01    M    0  8.6 20 310   M    M   3 3      25 310
 2  71  51  61   7   4   0 0.02  0.0    0  8.7 19  60   M    M   5 13     24  60
 3  67  57  62   7   3   0 3.03  0.0    0 11.5 28 210   M    M   9 13     33 200
 4  62  44  53  -2  12   0 0.91  0.0    0 14.5 25 290   M    M   9 13     32 290
 5  52  41  47  -9  18   0 0.00  0.0    0  5.8 14 350   M    M   5        18 340
 6  62  37  50  -6  15   0 0.00  0.0    0  5.8 14 100   M    M   0        18  M
 7  56  44  50  -6  15   0 0.75  0.0    0 10.9 23 300   M    M  10 13     29 300
 8  60  41  51  -6  14   0 0.03    M    0  7.2 16 310   M    M   6        20 340
 9  62  39  51  -6  14   0 0.00  0.0    0  5.2 18 250   M    M   1        22 260
10  77  44  61   4   4   0 0.00  0.0    0 14.9 30 220   M    M   0        37 220
11  73  54  64   6   1   0 0.00  0.0    0  7.1 18 250   M    M   3        23 250
12  79  53  66   8   0   1 0.00  0.0    0 12.0 28 190   M    M   0        32 180
13  80  64  72  13   0   7    T  0.0    0 16.8 30 200   M    M   3 1      35 210
14  72  37  55  -4  10   0 1.01    M    0 15.2 31 230   M    M   8 1      39 230
15  44  35  40 -19  25   0 0.01    M    0 11.0 25 320   M    M   7        30 320
16  55  30  43 -17  22   0 0.00  0.0    0  7.2 17 130   M    M   0        22 120
================================================================================
SM 1048  720       159   8  5.77     0.0 162.4          M       69
================================================================================
AV 65.5 45.0                              10.1 FASTST   M    M   4    MAX(MPH)
                                 MISC ---->  # 31 230               # 39  230
================================================================================
NOTES:
# LAST OF SEVERAL OCCURRENCES

COLUMN 17 PEAK WIND IN M.P.H.

PRELIMINARY LOCAL CLIMATOLOGICAL DATA (WS FORM: F-6) , PAGE 2

                                          STATION:  OWENSBORO KY
                                          MONTH:    APRIL
                                          YEAR:     2014
                                          LATITUDE:   37 45 N
                                          LONGITUDE:  87 10 W

[TEMPERATURE DATA]      [PRECIPITATION DATA]       SYMBOLS USED IN COLUMN 16

AVERAGE MONTHLY: 55.2   TOTAL FOR MONTH:   5.77    1 = FOG OR MIST
DPTR FM NORMAL:  -1.6   DPTR FM NORMAL:    3.47    2 = FOG REDUCING VISIBILITY
HIGHEST:    80 ON 13    GRTST 24HR  3.03 ON  3- 3      TO 1/4 MILE OR LESS
LOWEST:     30 ON 16                               3 = THUNDER
                        SNOW, ICE PELLETS, HAIL    4 = ICE PELLETS
                        TOTAL MONTH:   0.0 INCH    5 = HAIL
                        GRTST 24HR     0.0         6 = FREEZING RAIN OR DRIZZLE
                        GRTST DEPTH:   0           7 = DUSTSTORM OR SANDSTORM:
                                                       VSBY 1/2 MILE OR LESS
                                                   8 = SMOKE OR HAZE
[NO. OF DAYS WITH]      [WEATHER - DAYS WITH]      9 = BLOWING SNOW
                                                   X = TORNADO
MAX 32 OR BELOW:   0    0.01 INCH OR MORE:   8
MAX 90 OR ABOVE:   0    0.10 INCH OR MORE:   4
MIN 32 OR BELOW:   1    0.50 INCH OR MORE:   4
MIN  0 OR BELOW:   0    1.00 INCH OR MORE:   2

[HDD (BASE 65) ]
TOTAL THIS MO.   159    CLEAR  (SCALE 0-3)   8
DPTR FM NORMAL    13    PTCLDY (SCALE 4-7)   4
TOTAL FM JUL 1  4904    CLOUDY (SCALE 8-10)  4
DPTR FM NORMAL  1155

[CDD (BASE 65) ]
TOTAL THIS MO.     8
DPTR FM NORMAL    -9    [PRESSURE DATA]
TOTAL FM JAN 1     8    HIGHEST SLP M ON M
DPTR FM NORMAL   -15    LOWEST  SLP M ON M

[REMARKS]
