000
CXUS55 KPAH 242237
CF6OWB
PRELIMINARY LOCAL CLIMATOLOGICAL DATA (WS FORM: F-6)

                                          STATION:   OWENSBORO KY
                                          MONTH:     FEBRUARY
                                          YEAR:      2017
                                          LATITUDE:   37 45 N
                                          LONGITUDE:  87 10 W

  TEMPERATURE IN F:       :PCPN:    SNOW:  WIND      :SUNSHINE: SKY     :PK WND
================================================================================
1   2   3   4   5  6A  6B    7    8   9   10  11  12  13   14  15   16   17  18
                                     12Z  AVG MX 2MIN
DY MAX MIN AVG DEP HDD CDD  WTR  SNW DPTH SPD SPD DIR MIN PSBL S-S WX    SPD DR
================================================================================

 1  51  37  44   7  21   0 0.00  0.0    0  6.0 12  10   M    M   1 8      14 360
 2  37  27  32  -5  33   0 0.00  0.0    0  7.5 14 320   M    M   0        21 320
 3  34  20  27 -10  38   0 0.00  0.0    0  6.5 18 320   M    M   2        25 310
 4  43  17  30  -8  35   0 0.00  0.0    0  6.4 17 130   M    M   3        20 130
 5  56  34  45   7  20   0 0.00  0.0    0  7.6 22 250   M    M   2        26 250
 6  61  34  48  10  17   0    T    M    0 10.3 18 190   M    M   7 18     23 180
 7  64  48  56  18   9   0 0.27    M    0 13.4 25 200   M    M   5 13     31 210
 8  49  32  41   3  24   0 0.02    M    0 10.0 21 340   M    M   9 138    26 340
 9  32  22  27 -12  38   0 0.00  0.0    0 10.6 24 320   M    M   4        29 320
10  60  23  42   3  23   0 0.00  0.0    0 13.0 28 210   M    M   0        33 220
11  67  47  57  18   8   0 0.00  0.0    0 10.1 20 220   M    M   5        24 210
12  65  40  53  14  12   0 0.00  0.0    0 13.7 26 310   M    M   3 18     31 310
13  50  27  39  -1  26   0 0.00  0.0    0  2.7 13 360   M    M   1 8      16 360
14  53  34  44   4  21   0    T    M    0  5.7 14 210   M    M   4        16 220
15  47  29  38  -2  27   0 0.00  0.0    0  9.0 21 330   M    M   0        24 320
16  57  27  42   2  23   0 0.00  0.0    0  6.8 14 170   M    M   0        20 260
17  69  38  54  13  11   0 0.00  0.0    0  9.8 21 230   M    M   0        26 230
18  56  46  51  10  14   0 0.15    M    0  6.8 14 170   M    M   7 1      17 170
19  56  44  50   9  15   0 0.00    M    0  2.8  7 170   M    M   7 128     8 170
20  72  40  56  15   9   0 0.00  0.0    0  4.3 14 160   M    M   0 128    17 170
21  68  53  61  19   4   0 0.01  0.0    0  6.9 17 160   M    M   6 18     20 160
22  72  54  63  21   2   0 0.00  0.0    0  6.4 17 170   M    M   7 18     20 170
23  73  55  64  22   1   0 0.00  0.0    0  9.6 16 200   M    M   5         M  M
================================================================================
SM 1292  828       431   0  0.45     0.0 185.9          M       78
================================================================================
AV 56.2 36.0                               8.1 FASTST   M    M   3    MAX(MPH)
                                 MISC ---->  # 28 210               # 33  220
================================================================================
NOTES:
# LAST OF SEVERAL OCCURRENCES

COLUMN 17 PEAK WIND IN M.P.H.

PRELIMINARY LOCAL CLIMATOLOGICAL DATA (WS FORM: F-6) , PAGE 2

                                          STATION:  OWENSBORO KY
                                          MONTH:    FEBRUARY
                                          YEAR:     2017
                                          LATITUDE:   37 45 N
                                          LONGITUDE:  87 10 W

[TEMPERATURE DATA]      [PRECIPITATION DATA]       SYMBOLS USED IN COLUMN 16

AVERAGE MONTHLY: 46.1   TOTAL FOR MONTH:   0.45    1 = FOG OR MIST
DPTR FM NORMAL:   6.7   DPTR FM NORMAL:   -3.02    2 = FOG REDUCING VISIBILITY
HIGHEST:    73 ON 23    GRTST 24HR  0.27 ON  7- 7      TO 1/4 MILE OR LESS
LOWEST:     17 ON  4                               3 = THUNDER
                        SNOW, ICE PELLETS, HAIL    4 = ICE PELLETS
                        TOTAL MONTH:   0.0 INCH    5 = HAIL
                        GRTST 24HR     0.0         6 = FREEZING RAIN OR DRIZZLE
                        GRTST DEPTH:   0           7 = DUSTSTORM OR SANDSTORM:
                                                       VSBY 1/2 MILE OR LESS
                                                   8 = SMOKE OR HAZE
[NO. OF DAYS WITH]      [WEATHER - DAYS WITH]      9 = BLOWING SNOW
                                                   X = TORNADO
MAX 32 OR BELOW:   1    0.01 INCH OR MORE:   4
MAX 90 OR ABOVE:   0    0.10 INCH OR MORE:   2
MIN 32 OR BELOW:   9    0.50 INCH OR MORE:   0
MIN  0 OR BELOW:   0    1.00 INCH OR MORE:   0

[HDD (BASE 65) ]
TOTAL THIS MO.   431    CLEAR  (SCALE 0-3)  11
DPTR FM NORMAL  -157    PTCLDY (SCALE 4-7)  11
TOTAL FM JUL 1  2485    CLOUDY (SCALE 8-10)  1
DPTR FM NORMAL  -495

[CDD (BASE 65) ]
TOTAL THIS MO.     0
DPTR FM NORMAL     0    [PRESSURE DATA]
TOTAL FM JAN 1     0    HIGHEST SLP M ON M
DPTR FM NORMAL     0    LOWEST  SLP 29.56 ON  7

[REMARKS]
