000
CXUS55 KRIW 230945
CF6P60
PRELIMINARY LOCAL CLIMATOLOGICAL DATA (WS FORM: F-6)

                                          STATION:   LAKE YELLOWSTONE WY
                                          MONTH:     JANUARY
                                          YEAR:      2018
                                          LATITUDE:   44 32 N
                                          LONGITUDE: 110 25 W

  TEMPERATURE IN F:       :PCPN:    SNOW:  WIND      :SUNSHINE: SKY     :PK WND
================================================================================
1   2   3   4   5  6A  6B    7    8   9   10  11  12  13   14  15   16   17  18
                                     12Z  AVG MX 2MIN
DY MAX MIN AVG DEP HDD CDD  WTR  SNW DPTH SPD SPD DIR MIN PSBL S-S WX    SPD DR
================================================================================

 1  27  -8  10  -3  55   0 0.01    M    M  3.3 14 280   M    M   0        20 270
 2  17 -11   3 -10  62   0 0.00  0.0    M  1.1  6 100   M    M   0         8 320
 3  27  -6  11  -2  54   0 0.00  0.0    M  0.6  5 290   M    M   0         7 120
 4  29   2  16   3  49   0 0.00  0.0    M  0.3  5 110   M    M   0         6 120
 5  35   9  22   9  43   0 0.00  0.0    M  0.4  6 250   M    M   0         9 270
 6  32  16  24  11  41   0 0.06    M    M  1.7 12 280   M    M   0        19 310
 7  25  16  21   8  44   0 0.00  0.0    M  1.6  8 260   M    M   0        17 220
 8  33   8  21   8  44   0 0.00    M    M  0.9  6 110   M    M   0         7 270
 9  33  17  25  12  40   0 0.21    M    M  0.1  5 200   M    M   0         8 200
10  31   4  18   5  47   0 0.38    M    M  4.0 14 270   M    M   0        22 310
11  26   2  14   1  51   0 0.21    M    M  1.4 14 270   M    M   0        22 290
12  29  20  25  12  40   0 0.09    M    M  5.5 15 270   M    M   0        24 260
13  28  15  22   9  43   0 0.03    M    M  3.4 10 270   M    M   0        18 290
14  30  15  23  10  42   0 0.00    M    M  0.4  6 280   M    M   0         9 290
15  25  -4  11  -2  54   0 0.00    M    M  1.2  6 130   M    M   0        10 340
16  19 -14   3 -10  62   0 0.00    M    M  0.7  5 290   M    M   0         5 100
17  27  -2  13   0  52   0 0.00    M    M  0.2  6 110   M    M   0         7 130
18  36  18  27  14  38   0 0.01    M    M  1.0  8 270   M    M   0        15 230
19  34  18  26  13  39   0 0.60    M    M  5.0 12 270   M    M   0        19 270
20  20  -7   7  -6  58   0 0.04    M    M  1.0  8 310   M    M   0        13 290
21  10 -17  -3 -16  68   0 0.00  0.0    M  0.1  5 150   M    M   0         7 310
22  19  -1   9  -3  56   0 0.09    M    M  0.0  5 310   M    M   0         8 210
================================================================================
SM  592   90      1082   0  1.73     0.0  33.9          M        0
================================================================================
AV 26.9  4.1                               1.5 FASTST   M    M   0    MAX(MPH)
                                 MISC ---->  # 15 270               # 24  260
================================================================================
NOTES:
# LAST OF SEVERAL OCCURRENCES

COLUMN 17 PEAK WIND IN M.P.H.

PRELIMINARY LOCAL CLIMATOLOGICAL DATA (WS FORM: F-6) , PAGE 2

                                          STATION:  LAKE YELLOWSTONE WY
                                          MONTH:    JANUARY
                                          YEAR:     2018
                                          LATITUDE:   44 32 N
                                          LONGITUDE: 110 25 W

[TEMPERATURE DATA]      [PRECIPITATION DATA]       SYMBOLS USED IN COLUMN 16

AVERAGE MONTHLY: 15.5   TOTAL FOR MONTH:   1.73    1 = FOG OR MIST
DPTR FM NORMAL:   2.5   DPTR FM NORMAL:    0.03    2 = FOG REDUCING VISIBILITY
HIGHEST:    36 ON 18    GRTST 24HR  0.60 ON 19-19      TO 1/4 MILE OR LESS
LOWEST:    -17 ON 21                               3 = THUNDER
                        SNOW, ICE PELLETS, HAIL    4 = ICE PELLETS
                        TOTAL MONTH:   0.0 INCH    5 = HAIL
                        GRTST 24HR     0.0         6 = FREEZING RAIN OR DRIZZLE
                        GRTST DEPTH:  M  ON   M    7 = DUSTSTORM OR SANDSTORM:
                                                       VSBY 1/2 MILE OR LESS
                                                   8 = SMOKE OR HAZE
[NO. OF DAYS WITH]      [WEATHER - DAYS WITH]      9 = BLOWING SNOW
                                                   X = TORNADO
MAX 32 OR BELOW:  17    0.01 INCH OR MORE:  11
MAX 90 OR ABOVE:   0    0.10 INCH OR MORE:   4
MIN 32 OR BELOW:  22    0.50 INCH OR MORE:   1
MIN  0 OR BELOW:   9    1.00 INCH OR MORE:   0

[HDD (BASE 65) ]
TOTAL THIS MO.  1082    CLEAR  (SCALE 0-3)  22
DPTR FM NORMAL   -62    PTCLDY (SCALE 4-7)   0
TOTAL FM JUL 1  6045    CLOUDY (SCALE 8-10)  0
DPTR FM NORMAL    -9

[CDD (BASE 65) ]
TOTAL THIS MO.     0
DPTR FM NORMAL     0    [PRESSURE DATA]
TOTAL FM JAN 1     0    HIGHEST SLP M ON M
DPTR FM NORMAL     0    LOWEST  SLP 29.48 ON 10

[REMARKS]
