000
CXUS55 KRIW 230945
CF6P60
PRELIMINARY LOCAL CLIMATOLOGICAL DATA (WS FORM: F-6)

                                          STATION:   LAKE YELLOWSTONE WY
                                          MONTH:     JULY
                                          YEAR:      2017
                                          LATITUDE:   44 32 N
                                          LONGITUDE: 110 25 W

  TEMPERATURE IN F:       :PCPN:    SNOW:  WIND      :SUNSHINE: SKY     :PK WND
================================================================================
1   2   3   4   5  6A  6B    7    8   9   10  11  12  13   14  15   16   17  18
                                     12Z  AVG MX 2MIN
DY MAX MIN AVG DEP HDD CDD  WTR  SNW DPTH SPD SPD DIR MIN PSBL S-S WX    SPD DR
================================================================================

 1  71  33  52  -1  13   0 0.00  0.0    M  2.5  8  90   M    M   0        13 100
 2  68  36  52  -2  13   0 0.06    M    M  2.0 14 290   M    M   0        21 270
 3  76  36  56   2   9   0 0.00  0.0    0  3.0 14 280   M    M   0        21 280
 4  76  41  59   5   6   0 0.00  0.0    0  2.4  9 240   M    M   0        19 210
 5  81  40  61   7   4   0 0.05  0.0    0  3.2 18 330   M    M   0        33 340
 6  75  47  61   7   4   0 0.03  0.0    0  2.2 10 280   M    M   0        15 290
 7  74  41  58   3   7   0 0.00    M    M  2.2 13 340   M    M   0        20 270
 8  79  40  60   5   5   0 0.00    M    M  2.1 12 280   M    M   0        17 290
 9  78  43  61   6   4   0 0.00    M    M  2.3 18 290   M    M   0        29 260
10  77  43  60   5   5   0 0.00    M    M  3.2 16 280   M    M   0        26 240
11  73  41  57   1   8   0 0.00    M    M  2.5 14 250   M    M   0        24 290
12  74  40  57   1   8   0 0.00    M    M  2.6 10 250   M    M   0        22 220
13  80  39  60   4   5   0 0.00  0.0    M  2.0 13 290   M    M   0        18 290
14  80  42  61   5   4   0 0.00  0.0    M  2.1  9 280   M    M   0        15 280
15  79  45  62   6   3   0 0.19    M    M  2.3 18 270   M    M   0        30 290
16  77  45  61   5   4   0 0.00  0.0    M  3.0 15 300   M    M   0        26 320
17  77  40  59   3   6   0 0.00  0.0    M  3.2 14 280   M    M   0        25 260
18  78  39  59   2   6   0 0.00  0.0    M  3.3 13 270   M    M   0        27 230
19  80  46  63   6   2   0 0.00  0.0    0  3.1 10 230   M    M   0        20 200
20  68  40  54  -3  11   0 0.05  0.0    0  1.3 12 280   M    M   0        18 260
21  74  37  56  -1   9   0 0.00  0.0    0  3.4 12 280   M    M   0        18 330
22  78  37  58   1   7   0 0.00  0.0    0  2.6 10 280   M    M   0        16 280
================================================================================
SM 1673  891       143   0  0.38     0.0  56.5          M        0
================================================================================
AV 76.1 40.5                               2.6 FASTST   M    M   0    MAX(MPH)
                                 MISC ---->  # 18 330               # 33  340
================================================================================
NOTES:
# LAST OF SEVERAL OCCURRENCES

COLUMN 17 PEAK WIND IN M.P.H.

PRELIMINARY LOCAL CLIMATOLOGICAL DATA (WS FORM: F-6) , PAGE 2

                                          STATION:  LAKE YELLOWSTONE WY
                                          MONTH:    JULY
                                          YEAR:     2017
                                          LATITUDE:   44 32 N
                                          LONGITUDE: 110 25 W

[TEMPERATURE DATA]      [PRECIPITATION DATA]       SYMBOLS USED IN COLUMN 16

AVERAGE MONTHLY: 58.3   TOTAL FOR MONTH:   0.38    1 = FOG OR MIST
DPTR FM NORMAL:   2.8   DPTR FM NORMAL:   -0.64    2 = FOG REDUCING VISIBILITY
HIGHEST:    81 ON  5    GRTST 24HR  0.19 ON 15-15      TO 1/4 MILE OR LESS
LOWEST:     33 ON  1                               3 = THUNDER
                        SNOW, ICE PELLETS, HAIL    4 = ICE PELLETS
                        TOTAL MONTH:   0.0 INCH    5 = HAIL
                        GRTST 24HR     0.0         6 = FREEZING RAIN OR DRIZZLE
                        GRTST DEPTH:   0           7 = DUSTSTORM OR SANDSTORM:
                                                       VSBY 1/2 MILE OR LESS
                                                   8 = SMOKE OR HAZE
[NO. OF DAYS WITH]      [WEATHER - DAYS WITH]      9 = BLOWING SNOW
                                                   X = TORNADO
MAX 32 OR BELOW:   0    0.01 INCH OR MORE:   5
MAX 90 OR ABOVE:   0    0.10 INCH OR MORE:   1
MIN 32 OR BELOW:   0    0.50 INCH OR MORE:   0
MIN  0 OR BELOW:   0    1.00 INCH OR MORE:   0

[HDD (BASE 65) ]
TOTAL THIS MO.   143    CLEAR  (SCALE 0-3)  22
DPTR FM NORMAL   -68    PTCLDY (SCALE 4-7)   0
TOTAL FM JUL 1   143    CLOUDY (SCALE 8-10)  0
DPTR FM NORMAL   -68

[CDD (BASE 65) ]
TOTAL THIS MO.     0
DPTR FM NORMAL     0    [PRESSURE DATA]
TOTAL FM JAN 1     0    HIGHEST SLP M ON M
DPTR FM NORMAL     0    LOWEST  SLP 29.88 ON 10

[REMARKS]
