000
CXUS56 KLKN 241009
CF6P68
PRELIMINARY LOCAL CLIMATOLOGICAL DATA (WS FORM: F-6)

                                          STATION:   EUREKA AIRPORT NV
                                          MONTH:     MAY
                                          YEAR:      2016
                                          LATITUDE:   39 30 N
                                          LONGITUDE: 115 58 W

  TEMPERATURE IN F:       :PCPN:    SNOW:  WIND      :SUNSHINE: SKY     :PK WND
================================================================================
1   2   3   4   5  6A  6B    7    8   9   10  11  12  13   14  15   16   17  18
                                     12Z  AVG MX 2MIN
DY MAX MIN AVG DEP HDD CDD  WTR  SNW DPTH SPD SPD DIR MIN PSBL S-S WX    SPD DR
================================================================================

 1  53  32  43  -5  22   0 0.00    M    M  5.8 21  50   M    M   M        25  40
 2  63  29  46  -2  19   0 0.00    M    M  4.9 21 270   M    M   M        25 280
 3  69  34  52   4  13   0 0.00    M    M  5.8 16 190   M    M   M        25 170
 4  72  41  57   8   8   0 0.00    M    M 12.1 29 170   M    M   M        39 160
 5  72  36  54   5  11   0 0.00    M    M 14.7 33 170   M    M   M        43 170
 6  61  41  51   2  14   0 0.04    M    M  7.1 28 180   M    M   M        32 180
 7  57  40  49   0  16   0 0.50    M    M  5.6 20  20   M    M   M        24  70
 8  62  44  53   3  12   0 0.28    M    M  3.8 23 360   M    M   M        30 350
 9  68  36  52   2  13   0 0.00    M    M 11.4 26 310   M    M   M        36 320
10  58  30  44  -6  21   0 0.00    M    M  6.7 23 360   M    M   M        28  30
11  66  29  48  -3  17   0 0.00    M    M  4.4 10  40   M    M   M        13  10
12  78  33  56   5   9   0 0.00    M    M  3.9 12 160   M    M   M        18 180
13  81  38  60   9   5   0 0.00    M    M  9.4 22 180   M    M   M        27 180
14  78  40  59   8   6   0 0.00    M    M 10.6 21 250   M    M   M        29 180
15  64  39  52   0  13   0 0.00    M    M  6.8 21 310   M    M   M        28 310
16  53  40  47  -5  18   0 0.33    M    M  4.5 17 360   M    M   M        21 320
17  64  42  53   1  12   0 0.09    M    M  6.1 22 350   M    M   M        28 360
18  70  38  54   2  11   0 0.00    M    M  5.9 14  30   M    M   M        17  10
19  74  43  59   6   6   0 0.00    M    M  8.0 26 250   M    M   M        34 230
20  59  38  49  -4  16   0 0.12    M    M  7.4 21  10   M    M   M        26 360
21  54  32  43 -10  22   0 0.12    M    M  4.8 17 230   M    M   M        26 120
22  62  36  49  -4  16   0 0.00    M    M  6.4 18 350   M    M   M        25  30
23  63  37  50  -4  15   0 0.00    M    M  5.3 17 310   M    M   M        21 250
================================================================================
SM 1501  848       315   0  1.48    M    161.4          M        M
================================================================================
AV 65.3 36.9                               7.0 FASTST   M    M   2    MAX(MPH)
                                 MISC ---->  # 33 170               # 43  170
================================================================================
NOTES:
# LAST OF SEVERAL OCCURRENCES

COLUMN 17 PEAK WIND IN M.P.H.

PRELIMINARY LOCAL CLIMATOLOGICAL DATA (WS FORM: F-6) , PAGE 2

                                          STATION:  EUREKA AIRPORT NV
                                          MONTH:    MAY
                                          YEAR:     2016
                                          LATITUDE:   39 30 N
                                          LONGITUDE: 115 58 W

[TEMPERATURE DATA]      [PRECIPITATION DATA]       SYMBOLS USED IN COLUMN 16

AVERAGE MONTHLY: 51.1   TOTAL FOR MONTH:   1.48    1 = FOG OR MIST
DPTR FM NORMAL:   0.3   DPTR FM NORMAL:    0.92    2 = FOG REDUCING VISIBILITY
HIGHEST:    81 ON 13    GRTST 24HR  0.50 ON  7- 7      TO 1/4 MILE OR LESS
LOWEST:     29 ON 11, 2                            3 = THUNDER
                        SNOW, ICE PELLETS, HAIL    4 = ICE PELLETS
                        TOTAL MONTH:    M          5 = HAIL
                        GRTST 24HR    M  ON   M    6 = FREEZING RAIN OR DRIZZLE
                        GRTST DEPTH:  M  ON   M    7 = DUSTSTORM OR SANDSTORM:
                                                       VSBY 1/2 MILE OR LESS
                                                   8 = SMOKE OR HAZE
[NO. OF DAYS WITH]      [WEATHER - DAYS WITH]      9 = BLOWING SNOW
                                                   X = TORNADO
MAX 32 OR BELOW:   0    0.01 INCH OR MORE:   7
MAX 90 OR ABOVE:   0    0.10 INCH OR MORE:   5
MIN 32 OR BELOW:   5    0.50 INCH OR MORE:   1
MIN  0 OR BELOW:   0    1.00 INCH OR MORE:   0

[HDD (BASE 65) ]
TOTAL THIS MO.   315    CLEAR  (SCALE 0-3)   0
DPTR FM NORMAL   -13    PTCLDY (SCALE 4-7)   0
TOTAL FM JUL 1  6722    CLOUDY (SCALE 8-10)  0
DPTR FM NORMAL  -410

[CDD (BASE 65) ]
TOTAL THIS MO.     0
DPTR FM NORMAL     0    [PRESSURE DATA]
TOTAL FM JAN 1     0    HIGHEST SLP M ON M
DPTR FM NORMAL     0    LOWEST  SLP 29.47 ON M

[REMARKS]
