000
CXUS54 KLZK 201330
CF6PBF
PRELIMINARY LOCAL CLIMATOLOGICAL DATA (WS FORM: F-6)

                                          STATION:   Pine Bluff
                                          MONTH:     AUGUST
                                          YEAR:      2014
                                          LATITUDE:   34 10 N
                                          LONGITUDE:  91 56 W

  TEMPERATURE IN F:       :PCPN:    SNOW:  WIND      :SUNSHINE: SKY     :PK WND
================================================================================
1   2   3   4   5  6A  6B    7    8   9   10  11  12  13   14  15   16   17  18
                                     12Z  AVG MX 2MIN
DY MAX MIN AVG DEP HDD CDD  WTR  SNW DPTH SPD SPD DIR MIN PSBL S-S WX    SPD DR
================================================================================

 1  75  68  72 -10   0   7 0.06  0.0    0  4.5  8 310   M    M  10 1      11 140
 2  84  70  77  -5   0  12 0.00  0.0    0  5.6 12  30   M    M   5 1      15  30
 3  88  70  79  -3   0  14 0.00  0.0    0  7.3 15  20   M    M   4 18     19  20
 4  90  67  79  -3   0  14 0.00  0.0    0  4.9 13 360   M    M   1        16 360
 5  92  65  79  -3   0  14 0.00  0.0    0  2.1  9 180   M    M   0 18     12 340
 6  94  69  82   0   0  17 0.00  0.0    0  3.4 10 230   M    M   0 128    13 220
 7  90  74  82   0   0  17 0.10  0.0    0  5.5 20 270   M    M   2 13     24 280
 8  88  74  81  -1   0  16 0.00  0.0    0  6.5 17 250   M    M   3 3      25 260
 9  87  70  79  -3   0  14 0.14  0.0    0  5.7 17 340   M    M   3 13     21 340
10  92  69  81  -1   0  16    T  0.0    0  4.2 15 280   M    M   1 3      21 250
11  90  74  82   0   0  17 0.01  0.0    0  5.5 14 310   M    M   2 13     19 320
12  85  65  75  -7   0  10 0.00  0.0    0  6.2 15 330   M    M   1        22  10
13  86  61  74  -8   0   9 0.00  0.0    0  3.0 10  20   M    M   1 1      16  80
14  86  60  73  -9   0   8 0.00  0.0    0  2.1  8  30   M    M   1 12     13  40
15  88  63  76  -6   0  11 0.00  0.0    0  2.4 10 150   M    M   1 1      14 140
16  93  63  78  -3   0  13 0.00  0.0    0  5.7 14 210   M    M   1 1      19 230
17  93  77  85   4   0  20 0.00  0.0    0  8.6 17 220   M    M   1 3      23 250
18  88  68  78  -3   0  13 1.60  0.0    0  6.9 32  10   M    M   5 13     43 360
19  93  69  81   0   0  16 0.00  0.0    0  5.5 15 200   M    M   0        18 200
================================================================================
SM 1682 1296         0 258  1.91     0.0  95.6          M       42
================================================================================
AV 88.5 68.2                               5.0 FASTST   M    M   2    MAX(MPH)
                                 MISC ---->  # 32  10               # 43  360
================================================================================
NOTES:
# LAST OF SEVERAL OCCURRENCES

COLUMN 17 PEAK WIND IN M.P.H.

PRELIMINARY LOCAL CLIMATOLOGICAL DATA (WS FORM: F-6) , PAGE 2

                                          STATION:  Pine Bluff
                                          MONTH:    AUGUST
                                          YEAR:     2014
                                          LATITUDE:   34 10 N
                                          LONGITUDE:  91 56 W

[TEMPERATURE DATA]      [PRECIPITATION DATA]       SYMBOLS USED IN COLUMN 16

AVERAGE MONTHLY: 78.4   TOTAL FOR MONTH:   1.91    1 = FOG OR MIST
DPTR FM NORMAL:  -3.4   DPTR FM NORMAL:    0.26    2 = FOG REDUCING VISIBILITY
HIGHEST:    94 ON  6    GRTST 24HR  1.60 ON 18-18      TO 1/4 MILE OR LESS
LOWEST:     60 ON 14                               3 = THUNDER
                        SNOW, ICE PELLETS, HAIL    4 = ICE PELLETS
                        TOTAL MONTH:   0.0 INCH    5 = HAIL
                        GRTST 24HR     0.0         6 = FREEZING RAIN OR DRIZZLE
                        GRTST DEPTH:   0           7 = DUSTSTORM OR SANDSTORM:
                                                       VSBY 1/2 MILE OR LESS
                                                   8 = SMOKE OR HAZE
[NO. OF DAYS WITH]      [WEATHER - DAYS WITH]      9 = BLOWING SNOW
                                                   X = TORNADO
MAX 32 OR BELOW:   0    0.01 INCH OR MORE:   5
MAX 90 OR ABOVE:   9    0.10 INCH OR MORE:   3
MIN 32 OR BELOW:   0    0.50 INCH OR MORE:   1
MIN  0 OR BELOW:   0    1.00 INCH OR MORE:   1

[HDD (BASE 65) ]
TOTAL THIS MO.     0    CLEAR  (SCALE 0-3)  15
DPTR FM NORMAL     0    PTCLDY (SCALE 4-7)   3
TOTAL FM JUL 1     1    CLOUDY (SCALE 8-10)  1
DPTR FM NORMAL     1

[CDD (BASE 65) ]
TOTAL THIS MO.   258
DPTR FM NORMAL   -61    [PRESSURE DATA]
TOTAL FM JAN 1  1300    HIGHEST SLP M ON M
DPTR FM NORMAL  -276    LOWEST  SLP 29.81 ON 18

[REMARKS]
ALL SNOWFALL DATA IS FROM THE PINE BLUFF WATER PLANT SITE
