000
CXUS54 KLZK 011130
CF6PBF
PRELIMINARY LOCAL CLIMATOLOGICAL DATA (WS FORM: F-6)

                                          STATION:   Pine Bluff
                                          MONTH:     APRIL
                                          YEAR:      2016
                                          LATITUDE:   34 10 N
                                          LONGITUDE:  91 56 W

  TEMPERATURE IN F:       :PCPN:    SNOW:  WIND      :SUNSHINE: SKY     :PK WND
================================================================================
1   2   3   4   5  6A  6B    7    8   9   10  11  12  13   14  15   16   17  18
                                     12Z  AVG MX 2MIN
DY MAX MIN AVG DEP HDD CDD  WTR  SNW DPTH SPD SPD DIR MIN PSBL S-S WX    SPD DR
================================================================================

 1  60  49  55  -4  10   0    T  0.0    0  7.3 18 340   M    M   2        24  10
 2  67  42  55  -4  10   0 0.00  0.0    0  7.2 16 270   M    M   0        21 290
 3  75  44  60   0   5   0 0.00  0.0    0  4.9 14 210   M    M   0        18 220
 4  82  51  67   7   0   2 0.00  0.0    0  7.3 16 220   M    M   0        24 210
 5  73  54  64   4   1   0 0.00  0.0    0  8.5 17  70   M    M   1        20  70
 6  74  58  66   6   0   1 0.00  0.0    0 11.9 26 230   M    M   1 8      37 250
 7  82  48  65   4   0   0 0.00  0.0    0 10.5 22 310   M    M   0 8      31 280
 8  70  46  58  -3   7   0 0.00  0.0    0  7.7 24 340   M    M   0 8      30 290
 9  71  44  58  -3   7   0    T  0.0    0  5.1 15  40   M    M   3        20  50
10  82  56  69   8   0   4    T  0.0    0 15.2 30 190   M    M   3        37 180
11  68  55  62   0   3   0 0.80  0.0    0 10.5 37 280   M    M   8 13     51 270
12  64  50  57  -5   8   0    T  0.0    0 10.7 21  50   M    M   1        29  30
13  64  50  57  -5   8   0    T  0.0    0  8.1 15  10   M    M   5         M  M
14  68  51  60  -2   5   0    T  0.0    0  8.5 15  10   M    M   8        20  40
15  67  60  64   1   1   0    T  0.0    0 10.4 20 100   M    M  10 1      24 110
16  67  59  63   0   2   0    T  0.0    0 12.1 21 110   M    M  10        25 110
17  79  58  69   6   0   4 0.00  0.0    0 11.5 25 130   M    M   3        32 110
18  78  60  69   5   0   4 0.01  0.0    0  6.4 17 140   M    M   5        23 160
19  64  53  59  -5   6   0 0.74  0.0    0  7.5 20 100   M    M   9 1      25 100
20  71  59  65   1   0   0 0.07  0.0    0  6.0 20 180   M    M   9 1      25 200
21  76  60  68   4   0   3 0.33  0.0    0  5.9 14 200   M    M   5 123    19 240
22  77  56  67   2   0   2 0.00  0.0    0  4.8 14 320   M    M   1        20 310
23  81  54  68   3   0   3 0.00  0.0    0  2.9 10 120   M    M   0 1      14 120
24  81  55  68   3   0   3 0.00  0.0    0  7.0 20 180   M    M   1        23 180
25  81  59  70   4   0   5 0.00  0.0    0  8.1 16 210   M    M   3        20 220
26  83  65  74   8   0   9 0.00  0.0    0  8.8 20 180   M    M   6        23 180
27  80  63  72   6   0   7 0.33  0.0    0  8.6 30 140   M    M   4 13     38 140
28  84  57  71   5   0   6 0.00  0.0    0  3.8 10  20   M    M   0        14 360
29  69  62  66  -1   0   1 0.96  0.0    0  8.1 21 140   M    M   6 13     26 130
30  81  65  73   6   0   8 1.59  0.0    0 10.4 38 170   M    M   4 13     48 170
================================================================================
SM 2219 1643        73  62  4.83     0.0 245.7          M      108
================================================================================
AV 74.0 54.8                               8.2 FASTST   M    M   4    MAX(MPH)
                                 MISC ---->  # 38 170               # 51  270
================================================================================
NOTES:
# LAST OF SEVERAL OCCURRENCES

COLUMN 17 PEAK WIND IN M.P.H.

PRELIMINARY LOCAL CLIMATOLOGICAL DATA (WS FORM: F-6) , PAGE 2

                                          STATION:  Pine Bluff
                                          MONTH:    APRIL
                                          YEAR:     2016
                                          LATITUDE:   34 10 N
                                          LONGITUDE:  91 56 W

[TEMPERATURE DATA]      [PRECIPITATION DATA]       SYMBOLS USED IN COLUMN 16

AVERAGE MONTHLY: 64.4   TOTAL FOR MONTH:   4.83    1 = FOG OR MIST
DPTR FM NORMAL:   1.5   DPTR FM NORMAL:   -0.10    2 = FOG REDUCING VISIBILITY
HIGHEST:    84 ON 28    GRTST 24HR  2.55 ON 29-30      TO 1/4 MILE OR LESS
LOWEST:     42 ON  2                               3 = THUNDER
                        SNOW, ICE PELLETS, HAIL    4 = ICE PELLETS
                        TOTAL MONTH:   0.0 INCH    5 = HAIL
                        GRTST 24HR     0.0         6 = FREEZING RAIN OR DRIZZLE
                        GRTST DEPTH:   0           7 = DUSTSTORM OR SANDSTORM:
                                                       VSBY 1/2 MILE OR LESS
                                                   8 = SMOKE OR HAZE
[NO. OF DAYS WITH]      [WEATHER - DAYS WITH]      9 = BLOWING SNOW
                                                   X = TORNADO
MAX 32 OR BELOW:   0    0.01 INCH OR MORE:   8
MAX 90 OR ABOVE:   0    0.10 INCH OR MORE:   6
MIN 32 OR BELOW:   0    0.50 INCH OR MORE:   4
MIN  0 OR BELOW:   0    1.00 INCH OR MORE:   1

[HDD (BASE 65) ]
TOTAL THIS MO.    73    CLEAR  (SCALE 0-3)  17
DPTR FM NORMAL   -56    PTCLDY (SCALE 4-7)   9
TOTAL FM JUL 1  2206    CLOUDY (SCALE 8-10)  4
DPTR FM NORMAL  -658

[CDD (BASE 65) ]
TOTAL THIS MO.    62
DPTR FM NORMAL    -5    [PRESSURE DATA]
TOTAL FM JAN 1    87    HIGHEST SLP 30.30 ON  5
DPTR FM NORMAL     0    LOWEST  SLP 29.63 ON 27

[REMARKS]
ALL SNOWFALL DATA IS FROM THE PINE BLUFF WATER PLANT SITE
#FINAL-04-16#
