000
CXUS52 KMFL 011000
CF6PBI
PRELIMINARY LOCAL CLIMATOLOGICAL DATA (WS FORM: F-6)

                                          STATION:   WEST PALM BEACH
                                          MONTH:     JULY
                                          YEAR:      2015
                                          LATITUDE:   26 40 N
                                          LONGITUDE:  80  7 W

  TEMPERATURE IN F:       :PCPN:    SNOW:  WIND      :SUNSHINE: SKY     :PK WND
================================================================================
1   2   3   4   5  6A  6B    7    8   9   10  11  12  13   14  15   16   17  18
                                     12Z  AVG MX 2MIN
DY MAX MIN AVG DEP HDD CDD  WTR  SNW DPTH SPD SPD DIR MIN PSBL S-S WX    SPD DR
================================================================================

 1  91  72  82   0   0  17 0.00  0.0    0  7.2 15 110   M    M   7 3      23 120
 2  90  78  84   2   0  19 0.45  0.0    0  8.2 16 110   M    M   5 13     22 130
 3  90  76  83   1   0  18    T  0.0    0  9.4 18 110   M    M   6 3      23 110
 4  88  76  82   0   0  17 0.05  0.0    0  7.1 20 130   M    M   7 3      23 130
 5  90  73  82   0   0  17    T  0.0    M 10.2 29 310   M    M   6        37 320
 6  90  73  82   0   0  17    T  0.0    0  7.6 15 100   M    M   6 3      19 120
 7  88  78  83   1   0  18 0.00  0.0    0  6.8 17 120   M    M   6 3      21 130
 8  90  76  83   1   0  18 0.00  0.0    0  9.5 17 110   M    M   4        24 130
 9  90  81  86   4   0  21    T  0.0    0 10.1 17 110   M    M   5 3      25 120
10  91  80  86   4   0  21 0.01  0.0    0  8.9 16 110   M    M   4        22 110
11  92  76  84   2   0  19 0.00  0.0    0  7.6 18  80   M    M   5        23  80
12  92  75  84   2   0  19 0.00  0.0    0  7.3 16 120   M    M   6        21 120
13  93  76  85   2   0  20 0.00  0.0    0  7.2 20 140   M    M   6        24 130
14  96  75  86   3   0  21 0.78  0.0    0  7.7 25 180   M    M   6 13     33 180
15  93  76  85   2   0  20 0.29  0.0    0  7.0 32 210   M    M   7 13     43 210
16  88  75  82  -1   0  17 0.58  0.0    0  7.5 24 240   M    M   8 13     32 130
17  91  74  83   0   0  18 0.43  0.0    0  6.7 21 250   M    M   5 13     26 250
18  91  74  83   0   0  18 0.06  0.0    0  4.6 21 130   M    M   6 3      25 160
19  91  76  84   1   0  19 0.00  0.0    0  6.5 18 230   M    M   4 3      22 240
20  92  78  85   2   0  20 0.00  0.0    0  8.3 21 140   M    M   5 3      24 120
21  93  77  85   2   0  20 0.00  0.0    0  8.6 20 150   M    M   4 3      24 140
22  93  77  85   2   0  20 0.00  0.0    0  6.9 21 150   M    M   6 3      26 150
23  93  74  84   1   0  19 1.09  0.0    0  7.6 35 220   M    M   7 13     47 230
24  91  77  84   1   0  19 0.10  0.0    0  8.5 25 200   M    M   7 3      31 200
25  89  77  83   0   0  18 0.05  0.0    0 10.2 26 290   M    M   9        37 280
26  89  75  82  -1   0  17 0.26  0.0    0  8.4 29 240   M    M   7 13     37 230
27  93  75  84   1   0  19 0.59  0.0    0  7.0 33 270   M    M   5 13     38 270
28  94  76  85   2   0  20 0.00  0.0    0  9.3 18 220   M    M   6        24 250
29  89  75  82  -1   0  17 0.03  0.0    0  7.5 32 280   M    M   7 3      44 280
30  92  78  85   2   0  20 0.00  0.0    0  7.7 18 260   M    M   8 3      25 260
31  91  72  82  -1   0  17 1.27  0.0    0  6.7 29 220   M    M   8 123    36 210
================================================================================
SM 2824 2351         0 580  6.04     0.0 243.8          M      188
================================================================================
AV 91.1 75.8                               7.9 FASTST   M    M   6    MAX(MPH)
                                 MISC ---->  # 35 220               # 47  230
================================================================================
NOTES:
# LAST OF SEVERAL OCCURRENCES

COLUMN 17 PEAK WIND IN M.P.H.

PRELIMINARY LOCAL CLIMATOLOGICAL DATA (WS FORM: F-6) , PAGE 2

                                          STATION:  WEST PALM BEACH
                                          MONTH:    JULY
                                          YEAR:     2015
                                          LATITUDE:   26 40 N
                                          LONGITUDE:  80  7 W

[TEMPERATURE DATA]      [PRECIPITATION DATA]       SYMBOLS USED IN COLUMN 16

AVERAGE MONTHLY: 83.5   TOTAL FOR MONTH:   6.04    1 = FOG OR MIST
DPTR FM NORMAL:   0.8   DPTR FM NORMAL:    0.28    2 = FOG REDUCING VISIBILITY
HIGHEST:    96 ON 14    GRTST 24HR  1.27 ON 31-31      TO 1/4 MILE OR LESS
LOWEST:     72 ON 31, 1                            3 = THUNDER
                        SNOW, ICE PELLETS, HAIL    4 = ICE PELLETS
                        TOTAL MONTH:   0.0 INCH    5 = HAIL
                        GRTST 24HR     0.0         6 = FREEZING RAIN OR DRIZZLE
                        GRTST DEPTH:   0           7 = DUSTSTORM OR SANDSTORM:
                                                       VSBY 1/2 MILE OR LESS
                                                   8 = SMOKE OR HAZE
[NO. OF DAYS WITH]      [WEATHER - DAYS WITH]      9 = BLOWING SNOW
                                                   X = TORNADO
MAX 32 OR BELOW:   0    0.01 INCH OR MORE:  15
MAX 90 OR ABOVE:  25    0.10 INCH OR MORE:  10
MIN 32 OR BELOW:   0    0.50 INCH OR MORE:   5
MIN  0 OR BELOW:   0    1.00 INCH OR MORE:   2

[HDD (BASE 65) ]
TOTAL THIS MO.     0    CLEAR  (SCALE 0-3)   0
DPTR FM NORMAL     0    PTCLDY (SCALE 4-7)  30
TOTAL FM JUL 1     0    CLOUDY (SCALE 8-10)  1
DPTR FM NORMAL     0

[CDD (BASE 65) ]
TOTAL THIS MO.   580
DPTR FM NORMAL    31    [PRESSURE DATA]
TOTAL FM JAN 1  2649    HIGHEST SLP 30.23 ON  5
DPTR FM NORMAL   501    LOWEST  SLP 29.88 ON 26

[REMARKS]
#FINAL-07-15#
