028
CXUS56 KPQR 181200
CF6PDX
PRELIMINARY LOCAL CLIMATOLOGICAL DATA (WS FORM: F-6)

                                          STATION:   PORTLAND OR
                                          MONTH:     NOVEMBER
                                          YEAR:      2017
                                          LATITUDE:   45 35 N
                                          LONGITUDE: 122 36 W

  TEMPERATURE IN F:       :PCPN:    SNOW:  WIND      :SUNSHINE: SKY     :PK WND
================================================================================
1   2   3   4   5  6A  6B    7    8   9   10  11  12  13   14  15   16   17  18
                                     12Z  AVG MX 2MIN
DY MAX MIN AVG DEP HDD CDD  WTR  SNW DPTH SPD SPD DIR MIN PSBL S-S WX    SPD DR
================================================================================

 1  58  47  53   3  12   0    T  0.0    0  5.8 16 280   M    M   8        19 280
 2  55  44  50   0  15   0 0.08  0.0    0  9.7 24 270   M    M   8 1      31 280
 3  50  42  46  -4  19   0 0.01  0.0    0  6.3 14 220   M    M   9        17 240
 4  47  40  44  -6  21   0 0.10  0.0    0  9.1 25 190   M    M  10 1      34 180
 5  51  38  45  -4  20   0 0.15  0.0    0 10.9 25 200   M    M   7        33 200
 6  49  39  44  -5  21   0    T  0.0    0  8.7 21 100   M    M   7        27 100
 7  48  40  44  -5  21   0 0.00  0.0    0 18.8 28 100   M    M   9        35 100
 8  48  43  46  -3  19   0 0.33  0.0    0 18.8 29 110   M    M  10 1      35 110
 9  55  42  49   1  16   0 0.27  0.0    0 11.4 25 110   M    M   9 1      31 130
10  50  44  47  -1  18   0 0.41  0.0    0  5.4 10 100   M    M  10 1       M  M
11  51  44  48   0  17   0 0.13  0.0    0 13.2 23 120   M    M   9 1      27 120
12  54  48  51   3  14   0 0.14  0.0    0 13.7 22 110   M    M   9 1      27 140
13  56  46  51   4  14   0 0.36  0.0    0 13.9 30 180   M    M   8 1      36 190
14  58  45  52   5  13   0    T  0.0    0 12.7 25 180   M    M   8        33 180
15  56  42  49   2  16   0 0.86    M    0 11.5 28 190   M    M  10 1      38 180
16  48  43  46  -1  19   0 0.21    M    0 10.9 22 210   M    M   9 1      26 210
17  52  41  47   1  18   0 0.11    M    0  6.8 18 200   M    M   8 1      21 210
================================================================================
SM  886  728       293   0  3.16     0.0 187.6          M      148
================================================================================
AV 52.1 42.8                              11.0 FASTST   M    M   9    MAX(MPH)
                                 MISC ---->  # 30 180               # 38  180
================================================================================
NOTES:
# LAST OF SEVERAL OCCURRENCES

COLUMN 17 PEAK WIND IN M.P.H.

PRELIMINARY LOCAL CLIMATOLOGICAL DATA (WS FORM: F-6) , PAGE 2

                                          STATION:  PORTLAND OR
                                          MONTH:    NOVEMBER
                                          YEAR:     2017
                                          LATITUDE:   45 35 N
                                          LONGITUDE: 122 36 W

[TEMPERATURE DATA]      [PRECIPITATION DATA]       SYMBOLS USED IN COLUMN 16

AVERAGE MONTHLY: 47.5   TOTAL FOR MONTH:   3.16    1 = FOG OR MIST
DPTR FM NORMAL:  -0.9   DPTR FM NORMAL:    0.15    2 = FOG REDUCING VISIBILITY
HIGHEST:    58 ON 14, 1 GRTST 24HR  0.86 ON 15-15      TO 1/4 MILE OR LESS
LOWEST:     38 ON  5                               3 = THUNDER
                        SNOW, ICE PELLETS, HAIL    4 = ICE PELLETS
                        TOTAL MONTH:   0.0 INCH    5 = HAIL
                        GRTST 24HR     0.0         6 = FREEZING RAIN OR DRIZZLE
                        GRTST DEPTH:   0           7 = DUSTSTORM OR SANDSTORM:
                                                       VSBY 1/2 MILE OR LESS
                                                   8 = SMOKE OR HAZE
[NO. OF DAYS WITH]      [WEATHER - DAYS WITH]      9 = BLOWING SNOW
                                                   X = TORNADO
MAX 32 OR BELOW:   0    0.01 INCH OR MORE:  13
MAX 90 OR ABOVE:   0    0.10 INCH OR MORE:  11
MIN 32 OR BELOW:   0    0.50 INCH OR MORE:   1
MIN  0 OR BELOW:   0    1.00 INCH OR MORE:   0

[HDD (BASE 65) ]
TOTAL THIS MO.   293    CLEAR  (SCALE 0-3)   0
DPTR FM NORMAL    10    PTCLDY (SCALE 4-7)   5
TOTAL FM JUL 1   697    CLOUDY (SCALE 8-10) 12
DPTR FM NORMAL    -4

[CDD (BASE 65) ]
TOTAL THIS MO.     0
DPTR FM NORMAL     0    [PRESSURE DATA]
TOTAL FM JAN 1   700    HIGHEST SLP M ON M
DPTR FM NORMAL   276    LOWEST  SLP 29.58 ON 15

[REMARKS]
