000
CXUS51 KPHI 220800
CF6PHL
PRELIMINARY LOCAL CLIMATOLOGICAL DATA (WS FORM: F-6)

                                          STATION:   PHILADELPHIA PA
                                          MONTH:     SEPTEMBER
                                          YEAR:      2017
                                          LATITUDE:   39 52 N
                                          LONGITUDE:  75 15 W

  TEMPERATURE IN F:       :PCPN:    SNOW:  WIND      :SUNSHINE: SKY     :PK WND
================================================================================
1   2   3   4   5  6A  6B    7    8   9   10  11  12  13   14  15   16   17  18
                                     12Z  AVG MX 2MIN
DY MAX MIN AVG DEP HDD CDD  WTR  SNW DPTH SPD SPD DIR MIN PSBL S-S WX    SPD DR
================================================================================

 1  69  57  63 -11   2   0 0.00  0.0    0  8.7 23  10   M    M   8        29 360
 2  66  57  62 -12   3   0 0.48  0.0    0  8.7 17  90   M    M  10 1      23  90
 3  74  62  68  -6   0   3 0.01  0.0    0  8.9 17 280   M    M   8 18     24 310
 4  83  61  72  -1   0   7 0.00  0.0    0 10.4 22 230   M    M   2        27 230
 5  88  69  79   6   0  14 0.11  0.0    0 10.1 22 290   M    M   5 1      33 300
 6  71  61  66  -7   0   1 0.54  0.0    0  7.4 21  10   M    M  10 138    24 360
 7  74  58  66  -6   0   1 0.03  0.0    0 10.6 22 250   M    M   4 1      26 260
 8  73  58  66  -6   0   1 0.00  0.0    0  9.0 20 280   M    M   4        24 270
 9  71  55  63  -9   2   0 0.00  0.0    0  9.9 20 330   M    M   2        26 360
10  75  54  65  -6   0   0 0.00  0.0    0  8.6 18  30   M    M   2        27 360
11  76  55  66  -5   0   1 0.00  0.0    0  4.4  9  10   M    M   6        15 350
12  79  61  70  -1   0   5 0.00  0.0    0  4.0 10 240   M    M   8        23 190
13  75  64  70   0   0   5 0.04  0.0    0  2.7 15 240   M    M   8 1      17 240
14  84  69  77   7   0  12 0.00  0.0    0  7.9 18 230   M    M   7 18     25 210
15  84  66  75   5   0  10 0.00  0.0    0  5.3 10 230   M    M   3        17 270
16  87  68  78   9   0  13 2.58  0.0    0  4.0 25 110   M    M   4 1      29 110
17  82  68  75   6   0  10 0.00  0.0    0  5.7 12  90   M    M   6 1      15  80
18  81  67  74   6   0   9 0.00  0.0    0  9.5 16  40   M    M   9        24  20
19  80  70  75   7   0  10 0.07  0.0    0 13.2 24  40   M    M  10 18     33  30
20  86  70  78  10   0  13 0.00  0.0    0 10.4 21 350   M    M   5        31 350
21  88  70  79  12   0  14 0.00  0.0    0  6.9 16  10   M    M   6        23 360
================================================================================
SM 1646 1320         7 129  3.86     0.0 166.3          M      127
================================================================================
AV 78.4 62.9                               7.9 FASTST   M    M   6    MAX(MPH)
                                 MISC ---->  # 25 110               # 33  300
================================================================================
NOTES:
# LAST OF SEVERAL OCCURRENCES

COLUMN 17 PEAK WIND IN M.P.H.

PRELIMINARY LOCAL CLIMATOLOGICAL DATA (WS FORM: F-6) , PAGE 2

                                          STATION:  PHILADELPHIA PA
                                          MONTH:    SEPTEMBER
                                          YEAR:     2017
                                          LATITUDE:   39 52 N
                                          LONGITUDE:  75 15 W

[TEMPERATURE DATA]      [PRECIPITATION DATA]       SYMBOLS USED IN COLUMN 16

AVERAGE MONTHLY: 70.6   TOTAL FOR MONTH:   3.86    1 = FOG OR MIST
DPTR FM NORMAL:  -0.3   DPTR FM NORMAL:    1.27    2 = FOG REDUCING VISIBILITY
HIGHEST:    88 ON 21, 5 GRTST 24HR  2.58 ON 16-16      TO 1/4 MILE OR LESS
LOWEST:     54 ON 10                               3 = THUNDER
                        SNOW, ICE PELLETS, HAIL    4 = ICE PELLETS
                        TOTAL MONTH:   0.0 INCH    5 = HAIL
                        GRTST 24HR     0.0         6 = FREEZING RAIN OR DRIZZLE
                        GRTST DEPTH:   0           7 = DUSTSTORM OR SANDSTORM:
                                                       VSBY 1/2 MILE OR LESS
                                                   8 = SMOKE OR HAZE
[NO. OF DAYS WITH]      [WEATHER - DAYS WITH]      9 = BLOWING SNOW
                                                   X = TORNADO
MAX 32 OR BELOW:   0    0.01 INCH OR MORE:   8
MAX 90 OR ABOVE:   0    0.10 INCH OR MORE:   4
MIN 32 OR BELOW:   0    0.50 INCH OR MORE:   2
MIN  0 OR BELOW:   0    1.00 INCH OR MORE:   1

[HDD (BASE 65) ]
TOTAL THIS MO.     7    CLEAR  (SCALE 0-3)   3
DPTR FM NORMAL    -4    PTCLDY (SCALE 4-7)  12
TOTAL FM JUL 1     7    CLOUDY (SCALE 8-10)  6
DPTR FM NORMAL    -5

[CDD (BASE 65) ]
TOTAL THIS MO.   129
DPTR FM NORMAL    -8    [PRESSURE DATA]
TOTAL FM JAN 1  1319    HIGHEST SLP M ON M
DPTR FM NORMAL    65    LOWEST  SLP 29.75 ON  5

[REMARKS]
