000
CXUS51 KPHI 010800
CF6PHL
PRELIMINARY LOCAL CLIMATOLOGICAL DATA (WS FORM: F-6)

                                          STATION:   PHILADELPHIA PA
                                          MONTH:     APRIL
                                          YEAR:      2016
                                          LATITUDE:   39 52 N
                                          LONGITUDE:  75 15 W

  TEMPERATURE IN F:       :PCPN:    SNOW:  WIND      :SUNSHINE: SKY     :PK WND
================================================================================
1   2   3   4   5  6A  6B    7    8   9   10  11  12  13   14  15   16   17  18
                                     12Z  AVG MX 2MIN
DY MAX MIN AVG DEP HDD CDD  WTR  SNW DPTH SPD SPD DIR MIN PSBL S-S WX    SPD DR
================================================================================

 1  80  65  73  24   0   8 0.05  0.0    0 13.8 26 310   M    M   8 3      39 300
 2  65  46  56   7   9   0 0.14    M    0 11.5 39 280   M    M   9 35     49 280
 3  47  36  42  -8  23   0    T    M    0 20.8 39 310   M    M   4        52 290
 4  65  36  51   1  14   0 0.28    M    0 10.2 23  10   M    M   9        28  10
 5  45  30  38 -12  27   0    T    T    0 14.9 28  30   M    M   4        34 360
 6  54  29  42  -9  23   0 0.00  0.0    0 11.2 23 180   M    M   5        31 210
 7  62  48  55   4  10   0 0.19  0.0    0 15.5 30 260   M    M   9        35 250
 8  51  42  47  -4  18   0    T  0.0    0 16.0 28 290   M    M   4        36 280
 9  43  35  39 -13  26   0 0.39  0.3    0 10.0 25 320   M    M   9 1      34 320
10  50  31  41 -11  24   0 0.00  0.0    0  9.3 16 190   M    M   2        21 210
11  69  44  57   5   8   0    T  0.0    0 13.8 24 210   M    M   8        34 210
12  63  46  55   2  10   0 0.31  0.0    0 13.5 22 330   M    M   7 1      29 310
13  58  40  49  -4  16   0 0.00  0.0    0  8.0 22  30   M    M   1        27  30
14  63  40  52  -2  13   0 0.00  0.0    0  6.2 16 210   M    M   1        19 210
15  65  41  53  -1  12   0 0.00  0.0    0  5.3 14 210   M    M   1        17 210
16  67  41  54   0  11   0 0.00  0.0    0  5.9 14  40   M    M   3        21  30
17  73  44  59   4   6   0 0.00  0.0    0  5.5 13 210   M    M   2        16 180
18  82  47  65  10   0   0 0.00  0.0    0  6.1 14 360   M    M   4        19 200
19  78  54  66  11   0   1 0.00  0.0    0 13.4 25 330   M    M   7        34 340
20  71  48  60   4   5   0 0.00  0.0    0  7.8 17 350   M    M   1        24 350
21  73  46  60   4   5   0 0.00  0.0    0  9.5 22 240   M    M   7        27 200
22  78  61  70  14   0   5    T  0.0    0 10.3 20 230   M    M   9        23 230
23  70  52  61   4   4   0 0.11  0.0    0 12.0 22 330   M    M   7 18     29 340
24  70  46  58   1   7   0 0.00  0.0    0  8.9 15 270   M    M   4        23 190
25  77  48  63   6   2   0    T  0.0    0  5.9 13 260   M    M   6 3      18 260
26  86  51  69  11   0   4 0.19  0.0    0 12.1 29 250   M    M   6 138    34 250
27  55  50  53  -5  12   0 0.00  0.0    0  6.9 16  80   M    M   9 1      20  70
28  56  45  51  -7  14   0 0.09  0.0    0  7.6 15  80   M    M  10 18     25  20
29  53  45  49 -10  16   0    T  0.0    0  9.2 16  80   M    M  10 1      20  80
30  64  47  56  -3   9   0    T  0.0    0  6.7 12 130   M    M   9        16  30
================================================================================
SM 1933 1334       324  18  1.75     0.3 307.8          M      175
================================================================================
AV 64.4 44.5                              10.3 FASTST   M    M   6    MAX(MPH)
                                 MISC ---->  # 39 280               # 52  290
================================================================================
NOTES:
# LAST OF SEVERAL OCCURRENCES

COLUMN 17 PEAK WIND IN M.P.H.

PRELIMINARY LOCAL CLIMATOLOGICAL DATA (WS FORM: F-6) , PAGE 2

                                          STATION:  PHILADELPHIA PA
                                          MONTH:    APRIL
                                          YEAR:     2016
                                          LATITUDE:   39 52 N
                                          LONGITUDE:  75 15 W

[TEMPERATURE DATA]      [PRECIPITATION DATA]       SYMBOLS USED IN COLUMN 16

AVERAGE MONTHLY: 54.5   TOTAL FOR MONTH:   1.75    1 = FOG OR MIST
DPTR FM NORMAL:   0.5   DPTR FM NORMAL:   -1.81    2 = FOG REDUCING VISIBILITY
HIGHEST:    86 ON 26    GRTST 24HR  0.39 ON  9- 9      TO 1/4 MILE OR LESS
LOWEST:     29 ON  6                               3 = THUNDER
                        SNOW, ICE PELLETS, HAIL    4 = ICE PELLETS
                        TOTAL MONTH:   0.3 INCH    5 = HAIL
                        GRTST 24HR   0.3 ON   M    6 = FREEZING RAIN OR DRIZZLE
                        GRTST DEPTH:   0           7 = DUSTSTORM OR SANDSTORM:
                                                       VSBY 1/2 MILE OR LESS
                                                   8 = SMOKE OR HAZE
[NO. OF DAYS WITH]      [WEATHER - DAYS WITH]      9 = BLOWING SNOW
                                                   X = TORNADO
MAX 32 OR BELOW:   0    0.01 INCH OR MORE:   9
MAX 90 OR ABOVE:   0    0.10 INCH OR MORE:   7
MIN 32 OR BELOW:   3    0.50 INCH OR MORE:   0
MIN  0 OR BELOW:   0    1.00 INCH OR MORE:   0

[HDD (BASE 65) ]
TOTAL THIS MO.   324    CLEAR  (SCALE 0-3)   7
DPTR FM NORMAL   -19    PTCLDY (SCALE 4-7)  14
TOTAL FM JUL 1  3442    CLOUDY (SCALE 8-10)  9
DPTR FM NORMAL -1048

[CDD (BASE 65) ]
TOTAL THIS MO.    18
DPTR FM NORMAL     6    [PRESSURE DATA]
TOTAL FM JAN 1    23    HIGHEST SLP 30.48 ON 17
DPTR FM NORMAL    10    LOWEST  SLP 29.31 ON  2

[REMARKS]
#FINAL-04-16#
