000
CXUS53 KUNR 250945
CF6PHP
PRELIMINARY LOCAL CLIMATOLOGICAL DATA (WS FORM: F-6)

                                          STATION:   PHILIP SD
                                          MONTH:     AUGUST
                                          YEAR:      2016
                                          LATITUDE:   44  3 N
                                          LONGITUDE: 101 36 W

  TEMPERATURE IN F:       :PCPN:    SNOW:  WIND      :SUNSHINE: SKY     :PK WND
================================================================================
1   2   3   4   5  6A  6B    7    8   9   10  11  12  13   14  15   16   17  18
                                     12Z  AVG MX 2MIN
DY MAX MIN AVG DEP HDD CDD  WTR  SNW DPTH SPD SPD DIR MIN PSBL S-S WX    SPD DR
================================================================================

 1  91  67  79   3   0  14 0.01    M    M  7.8 22  80   M    M   1 3      30  60
 2  92  67  80   4   0  15 0.00    M    M 10.6 24 340   M    M   1        34 340
 3 104  67  86  10   0  21 0.17    M    M 13.1 41 290   M    M   1 3      55 290
 4  85  56  71  -5   0   6 0.00    M    M 10.9 23 330   M    M   1        29 330
 5  88  51  70  -6   0   5 0.00    M    M  6.9 17  90   M    M   1        22  80
 6  86  55  71  -5   0   6 0.00    M    M 12.3 26 190   M    M   4        32 190
 7  83  67  75  -1   0  10 0.00    M    M 11.5 23 150   M    M   8        28 130
 8  94  64  79   3   0  14 0.36    M    M  9.3 44 270   M    M   1 13     58 270
 9  96  61  79   4   0  14 0.00    M    M 10.7 23 220   M    M   1        30 140
10 104  70  87  12   0  22 0.00    M    M  9.3 31 320   M    M   0        40 320
11  88  61  75   0   0  10    T    M    M  9.4 44 350   M    M   2 3      53 350
12  89  58  74  -1   0   9    T    M    M  8.2 23 350   M    M   1        28 320
13  86  54  70  -5   0   5 0.00    M    M  8.5 20 350   M    M   1        27 360
14  94  50  72  -2   0   7 1.42    M    M 11.5 39 320   M    M   2 138    52 360
15  87  58  73  -1   0   8 0.01    M    M  5.3 25 110   M    M   0 3      32 110
16  89  59  74   0   0   9 0.00    M    M  6.0 13 270   M    M   0        17  40
17  96  60  78   4   0  13 0.00    M    M  9.4 24 150   M    M   1        30 270
18  89  64  77   3   0  12 0.00    M    M 11.5 32 340   M    M   2        42 340
19  72  48  60 -13   5   0 0.20    M    M  7.8 33 340   M    M   7 1      43 330
20  75  47  61 -12   4   0 0.00    M    M  9.1 20 340   M    M   2        24 310
21  87  46  67  -6   0   2 0.00    M    M  3.9 13 210   M    M   0        17 180
22 102  51  77   5   0  12 0.00    M    M 10.4 24 180   M    M   0        32 180
23  87  52  70  -2   0   5 0.00    M    M 15.8 33 310   M    M   0        41 320
24  79  50  65  -7   0   0 0.00    M    M  8.9 17 350   M    M   2        22 350
================================================================================
SM 2143 1383         9 219  2.17    M    228.1          M       39
================================================================================
AV 89.3 57.6                               9.5 FASTST   M    M   2    MAX(MPH)
                                 MISC ---->  # 44 270               # 58  270
================================================================================
NOTES:
# LAST OF SEVERAL OCCURRENCES

COLUMN 17 PEAK WIND IN M.P.H.

PRELIMINARY LOCAL CLIMATOLOGICAL DATA (WS FORM: F-6) , PAGE 2

                                          STATION:  PHILIP SD
                                          MONTH:    AUGUST
                                          YEAR:     2016
                                          LATITUDE:   44  3 N
                                          LONGITUDE: 101 36 W

[TEMPERATURE DATA]      [PRECIPITATION DATA]       SYMBOLS USED IN COLUMN 16

AVERAGE MONTHLY: 73.5   TOTAL FOR MONTH:   2.17    1 = FOG OR MIST
DPTR FM NORMAL:  -1.0   DPTR FM NORMAL:    1.02    2 = FOG REDUCING VISIBILITY
HIGHEST:   104 ON 10, 3 GRTST 24HR  1.43 ON 14-15      TO 1/4 MILE OR LESS
LOWEST:     46 ON 21                               3 = THUNDER
                        SNOW, ICE PELLETS, HAIL    4 = ICE PELLETS
                        TOTAL MONTH:    M          5 = HAIL
                        GRTST 24HR    M  ON   M    6 = FREEZING RAIN OR DRIZZLE
                        GRTST DEPTH:  M  ON   M    7 = DUSTSTORM OR SANDSTORM:
                                                       VSBY 1/2 MILE OR LESS
                                                   8 = SMOKE OR HAZE
[NO. OF DAYS WITH]      [WEATHER - DAYS WITH]      9 = BLOWING SNOW
                                                   X = TORNADO
MAX 32 OR BELOW:   0    0.01 INCH OR MORE:   6
MAX 90 OR ABOVE:   9    0.10 INCH OR MORE:   4
MIN 32 OR BELOW:   0    0.50 INCH OR MORE:   1
MIN  0 OR BELOW:   0    1.00 INCH OR MORE:   1

[HDD (BASE 65) ]
TOTAL THIS MO.     9    CLEAR  (SCALE 0-3)  21
DPTR FM NORMAL     5    PTCLDY (SCALE 4-7)   3
TOTAL FM JUL 1    13    CLOUDY (SCALE 8-10)  0
DPTR FM NORMAL     1

[CDD (BASE 65) ]
TOTAL THIS MO.   219
DPTR FM NORMAL   -14    [PRESSURE DATA]
TOTAL FM JAN 1   786    HIGHEST SLP M ON M
DPTR FM NORMAL    98    LOWEST  SLP 29.33 ON 22

[REMARKS]
