000
CXUS53 KUNR 010945
CF6PHP
PRELIMINARY LOCAL CLIMATOLOGICAL DATA (WS FORM: F-6)

                                          STATION:   PHILIP SD
                                          MONTH:     SEPTEMBER
                                          YEAR:      2014
                                          LATITUDE:   44  3 N
                                          LONGITUDE: 101 36 W

  TEMPERATURE IN F:       :PCPN:    SNOW:  WIND      :SUNSHINE: SKY     :PK WND
================================================================================
1   2   3   4   5  6A  6B    7    8   9   10  11  12  13   14  15   16   17  18
                                     12Z  AVG MX 2MIN
DY MAX MIN AVG DEP HDD CDD  WTR  SNW DPTH SPD SPD DIR MIN PSBL S-S WX    SPD DR
================================================================================

 1  78  49  64  -5   1   0    T    M    M  8.2 23 310   M    M   2        33 320
 2  85  49  67  -1   0   2 0.00    M    M  6.7 18 230   M    M   0        24 240
 3  94  49  72   4   0   7 0.00    M    M  5.5 40 310   M    M   0        53 310
 4  71  51  61  -7   4   0 0.00    M    M 18.4 38 310   M    M   0        48 310
 5  72  45  59  -8   6   0 0.00    M    M  3.2  9 340   M    M   0        11 280
 6  81  42  62  -5   3   0 0.00    M    M  5.7 17 210   M    M   1        21 200
 7  89  46  68   2   0   3    T    M    M  6.8 25 190   M    M   0 3      30 180
 8  92  54  73   7   0   8 0.00    M    M  7.4 18  10   M    M   0        25  10
 9  69  47  58  -7   7   0 0.09    M    M 11.7 24  20   M    M   7 13     31  20
10  48  41  45 -20  20   0 0.04    M    M 11.4 22 340   M    M  10 1      27 340
11  46  39  43 -21  22   0 0.20    M    M 10.1 15 360   M    M   9 1      20  20
12  56  32  44 -20  21   0 0.00    M    M  7.5 16 180   M    M   3        21 180
13  71  36  54 -10  11   0 0.00    M    M  7.4 18 350   M    M   0        26 340
14  54  33  44 -19  21   0 0.00    M    M  6.3 14  70   M    M   7        17  80
15  68  33  51 -11  14   0 0.00    M    M  6.9 15 150   M    M   0        21 150
16  81  38  60  -2   5   0 0.00    M    M  3.7  7 280   M    M   0        10  80
17  81  43  62   0   3   0 0.11    M    M  8.3 17 150   M    M   1 3      22 150
18  90  51  71  10   0   6 0.00    M    M  8.6 17 150   M    M   1        22 150
19  89  58  74  13   0   9 0.05    M    M  8.2 21 310   M    M   2 3      30 310
20  82  44  63   3   2   0 0.01    M    M 14.3 36 340   M    M   0        47 330
21  76  39  58  -2   7   0 0.00    M    M  5.5 10  30   M    M   0        14 360
22  83  43  63   4   2   0 0.06    M    M 11.5 26 180   M    M   1        33 180
23  80  54  67   8   0   2 0.00    M    M  4.2  9  40   M    M   3        12  30
24  91  52  72  14   0   7 0.00    M    M  5.0 12 350   M    M   0 1      16 330
25  94  48  71  13   0   6 0.00    M    M  6.2 20 150   M    M   0        25 130
26  95  62  79  22   0  14 0.00    M    M  9.8 23 160   M    M   0        27 170
27  90  52  71  14   0   6 0.00    M    M  5.9 14 170   M    M   0        18 180
28  63  53  58   2   7   0 0.00    M    M 12.7 20 330   M    M   7        24 330
29  62  50  56   0   9   0 1.70    M    M 12.5 20 100   M    M  10 13     25  90
30  67  49  58   2   7   0 0.01    M    M 16.5 35 270   M    M   8 1      43 270
================================================================================
SM 2298 1382       172  70  2.27    M    256.1          M       72
================================================================================
AV 76.6 46.1                               8.5 FASTST   M    M   2    MAX(MPH)
                                 MISC ---->  # 40 310               # 53  310
================================================================================
NOTES:
# LAST OF SEVERAL OCCURRENCES

COLUMN 17 PEAK WIND IN M.P.H.

PRELIMINARY LOCAL CLIMATOLOGICAL DATA (WS FORM: F-6) , PAGE 2

                                          STATION:  PHILIP SD
                                          MONTH:    SEPTEMBER
                                          YEAR:     2014
                                          LATITUDE:   44  3 N
                                          LONGITUDE: 101 36 W

[TEMPERATURE DATA]      [PRECIPITATION DATA]       SYMBOLS USED IN COLUMN 16

AVERAGE MONTHLY: 61.3   TOTAL FOR MONTH:   2.27    1 = FOG OR MIST
DPTR FM NORMAL:  -1.0   DPTR FM NORMAL:    0.78    2 = FOG REDUCING VISIBILITY
HIGHEST:    95 ON 26    GRTST 24HR  1.71 ON 29-30      TO 1/4 MILE OR LESS
LOWEST:     32 ON 12                               3 = THUNDER
                        SNOW, ICE PELLETS, HAIL    4 = ICE PELLETS
                        TOTAL MONTH:    M          5 = HAIL
                        GRTST 24HR    M  ON   M    6 = FREEZING RAIN OR DRIZZLE
                        GRTST DEPTH:  M  ON   M    7 = DUSTSTORM OR SANDSTORM:
                                                       VSBY 1/2 MILE OR LESS
                                                   8 = SMOKE OR HAZE
[NO. OF DAYS WITH]      [WEATHER - DAYS WITH]      9 = BLOWING SNOW
                                                   X = TORNADO
MAX 32 OR BELOW:   0    0.01 INCH OR MORE:   9
MAX 90 OR ABOVE:   7    0.10 INCH OR MORE:   3
MIN 32 OR BELOW:   1    0.50 INCH OR MORE:   1
MIN  0 OR BELOW:   0    1.00 INCH OR MORE:   1

[HDD (BASE 65) ]
TOTAL THIS MO.   172    CLEAR  (SCALE 0-3)  22
DPTR FM NORMAL    11    PTCLDY (SCALE 4-7)   5
TOTAL FM JUL 1   191    CLOUDY (SCALE 8-10)  3
DPTR FM NORMAL     5

[CDD (BASE 65) ]
TOTAL THIS MO.    70
DPTR FM NORMAL    -9    [PRESSURE DATA]
TOTAL FM JAN 1   649    HIGHEST SLP 30.59 ON 12
DPTR FM NORMAL  -165    LOWEST  SLP 29.32 ON 30

[REMARKS]
#FINAL-09-14#
