000
CXUS55 KPSR 300817
CF6PHX
PRELIMINARY LOCAL CLIMATOLOGICAL DATA (WS FORM: F-6)

                                          STATION:   PHOENIX AZ
                                          MONTH:     MARCH
                                          YEAR:      2015
                                          LATITUDE:   33 25 N
                                          LONGITUDE: 112  1 W

  TEMPERATURE IN F:       :PCPN:    SNOW:  WIND      :SUNSHINE: SKY     :PK WND
================================================================================
1   2   3   4   5  6A  6B    7    8   9   10  11  12  13   14  15   16   17  18
                                     12Z  AVG MX 2MIN
DY MAX MIN AVG DEP HDD CDD  WTR  SNW DPTH SPD SPD DIR MIN PSBL S-S WX    SPD DR
================================================================================

 1  77  61  69   7   0   4 0.00  0.0    0  8.8 21 190   M    M   8        28 150
 2  66  52  59  -3   6   0 0.23  0.0    0  7.9 28 260   M    M   9 1      35 270
 3  65  47  56  -6   9   0 0.07  0.0    0  4.8 14 210   M    M   7 12     17 190
 4  70  47  59  -4   6   0 0.00  0.0    0  6.1 15 270   M    M   1        20 280
 5  75  46  61  -2   4   0 0.00  0.0    0  4.1 15  50   M    M   0        22  40
 6  83  51  67   4   0   2 0.00  0.0    0 10.4 28  70   M    M   0        33  70
 7  83  55  69   6   0   4 0.00  0.0    0  5.5 18  70   M    M   2        22  60
 8  83  55  69   5   0   4 0.00  0.0    0  4.9 16 270   M    M   1        22 300
 9  84  56  70   6   0   5 0.00  0.0    0  5.2 15 280   M    M   1        19 280
10  87  58  73   9   0   8 0.00  0.0    0  5.2 13  90   M    M   0        16  10
11  87  59  73   9   0   8 0.00  0.0    0  5.2 12  90   M    M   6        15 130
12  86  68  77  13   0  12 0.00  0.0    0  8.0 23 340   M    M   8        36 350
13  88  60  74   9   0   9 0.00  0.0    0  6.8 25  50   M    M   3        31  50
14  88  63  76  11   0  11 0.00  0.0    0  5.6 20  90   M    M   3        25 120
15  89  63  76  11   0  11 0.00  0.0    0  8.7 21  80   M    M   2        25 100
16  90  65  78  13   0  13 0.00  0.0    0  6.5 14  80   M    M   1        21  70
17  91  64  78  13   0  13 0.00  0.0    0  7.9 17 270   M    M   3        23 320
18  81  62  72   6   0   7 0.02  0.0    0  8.2 26 220   M    M  10        32 220
19  70  60  65  -1   0   0 0.01  0.0    0  6.4 13 280   M    M   7        21 350
20  81  61  71   5   0   6 0.00  0.0    0  5.3 24  50   M    M   6        31  50
21  85  60  73   7   0   8 0.00  0.0    0  6.4 15 290   M    M   3        19 270
22  89  60  75   9   0  10 0.00  0.0    0  5.6 12 140   M    M   3        17 150
23  88  61  75   8   0  10 0.00  0.0    0  6.4 15 270   M    M   2        19 310
24  86  59  73   6   0   8 0.00  0.0    0  4.7 13 250   M    M   2        20 330
25  88  62  75   8   0  10 0.00  0.0    0  5.9 16 290   M    M   4        20 290
26  89  64  77  10   0  12 0.00  0.0    0  6.3 18  50   M    M   3        25  50
27  95  63  79  11   0  14 0.00  0.0    0  5.0 13  90   M    M   0        17 340
28  95  64  80  12   0  15 0.00  0.0    0  5.7 13 290   M    M   1        18 300
29  97  65  81  13   0  16 0.00  0.0    0  5.6 13 320   M    M   6        18 340
================================================================================
SM 2436 1711        25 220  0.33     0.0 183.1          M      102
================================================================================
AV 84.0 59.0                               6.3 FASTST   M    M   4    MAX(MPH)
                                 MISC ---->  # 28 260               # 36  350
================================================================================
NOTES:
# LAST OF SEVERAL OCCURRENCES

COLUMN 17 PEAK WIND IN M.P.H.

PRELIMINARY LOCAL CLIMATOLOGICAL DATA (WS FORM: F-6) , PAGE 2

                                          STATION:  PHOENIX AZ
                                          MONTH:    MARCH
                                          YEAR:     2015
                                          LATITUDE:   33 25 N
                                          LONGITUDE: 112  1 W

[TEMPERATURE DATA]      [PRECIPITATION DATA]       SYMBOLS USED IN COLUMN 16

AVERAGE MONTHLY: 71.5   TOTAL FOR MONTH:   0.33    1 = FOG OR MIST
DPTR FM NORMAL:   6.5   DPTR FM NORMAL:   -0.62    2 = FOG REDUCING VISIBILITY
HIGHEST:    97 ON 29    GRTST 24HR  0.23 ON  2- 2      TO 1/4 MILE OR LESS
LOWEST:     46 ON  5                               3 = THUNDER
                        SNOW, ICE PELLETS, HAIL    4 = ICE PELLETS
                        TOTAL MONTH:   0.0 INCH    5 = HAIL
                        GRTST 24HR     0.0         6 = FREEZING RAIN OR DRIZZLE
                        GRTST DEPTH:   0           7 = DUSTSTORM OR SANDSTORM:
                                                       VSBY 1/2 MILE OR LESS
                                                   8 = SMOKE OR HAZE
[NO. OF DAYS WITH]      [WEATHER - DAYS WITH]      9 = BLOWING SNOW
                                                   X = TORNADO
MAX 32 OR BELOW:   0    0.01 INCH OR MORE:   4
MAX 90 OR ABOVE:   5    0.10 INCH OR MORE:   1
MIN 32 OR BELOW:   0    0.50 INCH OR MORE:   0
MIN  0 OR BELOW:   0    1.00 INCH OR MORE:   0

[HDD (BASE 65) ]
TOTAL THIS MO.    25    CLEAR  (SCALE 0-3)  16
DPTR FM NORMAL   -54    PTCLDY (SCALE 4-7)  10
TOTAL FM JUL 1   520    CLOUDY (SCALE 8-10)  3
DPTR FM NORMAL  -392

[CDD (BASE 65) ]
TOTAL THIS MO.   220
DPTR FM NORMAL   143    [PRESSURE DATA]
TOTAL FM JAN 1   268    HIGHEST SLP M ON M
DPTR FM NORMAL   174    LOWEST  SLP 29.76 ON  9

[REMARKS]
