000
CXUS54 KBRO 280900
CF6PIL
PRELIMINARY LOCAL CLIMATOLOGICAL DATA (WS FORM: F-6)

                                          STATION:   BAYVIEW
                                          MONTH:     MARCH
                                          YEAR:      2017
                                          LATITUDE:   26 10 N
                                          LONGITUDE:  97 20 W

  TEMPERATURE IN F:       :PCPN:    SNOW:  WIND      :SUNSHINE: SKY     :PK WND
================================================================================
1   2   3   4   5  6A  6B    7    8   9   10  11  12  13   14  15   16   17  18
                                     12Z  AVG MX 2MIN
DY MAX MIN AVG DEP HDD CDD  WTR  SNW DPTH SPD SPD DIR MIN PSBL S-S WX    SPD DR
================================================================================

 1  89  69  79  13   0  14 0.00  0.0    0 13.6 26  10   M    M   6 18     32  10
 2  71  65  68   2   0   3 0.00  0.0    0 17.2 24  20   M    M   9        31  20
 3  73  64  69   3   0   4 0.00  0.0    0 12.3 20  50   M    M  10        25  50
 4  79  65  72   6   0   7 0.99  0.0    0 11.7 23 120   M    M   7 138    29 120
 5  81  67  74   8   0   9 0.03  0.0    0 11.4 22 160   M    M   5 1      28 160
 6  83  71  77  10   0  12 0.00  0.0    0 17.2 30 150   M    M   7 1      39 160
 7  85  72  79  12   0  14 0.00  0.0    0 12.7 22 130   M    M   6 18     28 150
 8  82  72  77  10   0  12    T  0.0    0 11.2 20 120   M    M   5 13     26 120
 9  80  71  76   9   0  11 0.00  0.0    0 11.2 22 150   M    M   6 13     28 130
10  78  68  73   6   0   8 0.08  0.0    0 10.8 22 120   M    M   6 1      26 110
11  85  68  77   9   0  12 0.03  0.0    0  5.9 17 100   M    M   8 1      21 100
12  72  61  67  -1   0   2 0.04  0.0    0 14.0 28  30   M    M   8 1      36  30
13  65  58  62  -6   3   0 0.00  0.0    0  9.6 20 360   M    M   9 1      24 360
14  74  54  64  -4   1   0 0.00  0.0    0  8.6 15  70   M    M   1 1      20  70
15  79  62  71   3   0   6 0.00  0.0    0 12.8 22 120   M    M   6        27 120
16  82  66  74   5   0   9 0.00  0.0    0 15.0 29 160   M    M   3        34 160
17  83  69  76   7   0  11 0.00  0.0    0 16.9 28 150   M    M   2        39 150
18  83  68  76   7   0  11 0.00  0.0    0 12.3 24 130   M    M   3 1      31 120
19  86  69  78   9   0  13 0.00  0.0    0 12.8 23 140   M    M   2 1      29 140
20  85  66  76   6   0  11 0.00  0.0    0 14.3 25 150   M    M   0        32 180
21  85  64  75   5   0  10 0.00  0.0    0 14.0 26 150   M    M   1        35 160
22  85  67  76   6   0  11 0.00  0.0    0 13.6 25 150   M    M   2        33 140
23  84  68  76   6   0  11    T  0.0    0 19.1 30 150   M    M   0        38 150
24  85  73  79   9   0  14 0.00  0.0    0 20.6 31 170   M    M   3 18     42 170
25  92  69  81  10   0  16 0.00  0.0    0 10.2 22 130   M    M   2 18     26 130
26  85  69  77   6   0  12 0.00  0.0    0 18.2 31 150   M    M   4 18     40 150
27  88  70  79   8   0  14 0.00  0.0    0 13.0 21 110   M    M   6 18     31 150
================================================================================
SM 2199 1805         4 257  1.17     0.0 360.2          M      127
================================================================================
AV 81.4 66.9                              13.3 FASTST   M    M   5    MAX(MPH)
                                 MISC ---->  # 31 150                 42    M
================================================================================
NOTES:
# LAST OF SEVERAL OCCURRENCES

COLUMN 17 PEAK WIND IN M.P.H.

PRELIMINARY LOCAL CLIMATOLOGICAL DATA (WS FORM: F-6) , PAGE 2

                                          STATION:  BAYVIEW
                                          MONTH:    MARCH
                                          YEAR:     2017
                                          LATITUDE:   26 10 N
                                          LONGITUDE:  97 20 W

[TEMPERATURE DATA]      [PRECIPITATION DATA]       SYMBOLS USED IN COLUMN 16

AVERAGE MONTHLY: 74.2   TOTAL FOR MONTH:   1.17    1 = FOG OR MIST
DPTR FM NORMAL:   5.9   DPTR FM NORMAL:    0.29    2 = FOG REDUCING VISIBILITY
HIGHEST:    92 ON 25    GRTST 24HR  0.99 ON  4- 4      TO 1/4 MILE OR LESS
LOWEST:     54 ON 14                               3 = THUNDER
                        SNOW, ICE PELLETS, HAIL    4 = ICE PELLETS
                        TOTAL MONTH:   0.0 INCH    5 = HAIL
                        GRTST 24HR     0.0         6 = FREEZING RAIN OR DRIZZLE
                        GRTST DEPTH:   0           7 = DUSTSTORM OR SANDSTORM:
                                                       VSBY 1/2 MILE OR LESS
                                                   8 = SMOKE OR HAZE
[NO. OF DAYS WITH]      [WEATHER - DAYS WITH]      9 = BLOWING SNOW
                                                   X = TORNADO
MAX 32 OR BELOW:   0    0.01 INCH OR MORE:   5
MAX 90 OR ABOVE:   1    0.10 INCH OR MORE:   1
MIN 32 OR BELOW:   0    0.50 INCH OR MORE:   1
MIN  0 OR BELOW:   0    1.00 INCH OR MORE:   0

[HDD (BASE 65) ]
TOTAL THIS MO.     4    CLEAR  (SCALE 0-3)  10
DPTR FM NORMAL   -39    PTCLDY (SCALE 4-7)  14
TOTAL FM JUL 1   226    CLOUDY (SCALE 8-10)  3
DPTR FM NORMAL  -313

[CDD (BASE 65) ]
TOTAL THIS MO.   257
DPTR FM NORMAL   126    [PRESSURE DATA]
TOTAL FM JAN 1   619    HIGHEST SLP 30.28 ON 14
DPTR FM NORMAL   366    LOWEST  SLP 29.75 ON M

[REMARKS]
