000
CXUS51 KRLX 281228
CF6PKB
PRELIMINARY LOCAL CLIMATOLOGICAL DATA (WS FORM: F-6)

                                          STATION:   PARKERSBURG WV
                                          MONTH:     FEBRUARY
                                          YEAR:      2017
                                          LATITUDE:   39 20 N
                                          LONGITUDE:  81 26 W

  TEMPERATURE IN F:       :PCPN:    SNOW:  WIND      :SUNSHINE: SKY     :PK WND
================================================================================
1   2   3   4   5  6A  6B    7    8   9   10  11  12  13   14  15   16   17  18
                                     12Z  AVG MX 2MIN
DY MAX MIN AVG DEP HDD CDD  WTR  SNW DPTH SPD SPD DIR MIN PSBL S-S WX    SPD DR
================================================================================

 1  40  35  38   6  27   0 0.08    M    M  6.4 16 270   M    M   9 1      20 270
 2  39  26  33   1  32   0 0.00    M    M  7.2 17 270   M    M   4        22 290
 3  30  20  25  -8  40   0 0.00    M    M  7.0 17 280   M    M   5        23 240
 4  34  12  23 -10  42   0 0.00    M    M  3.1 12 200   M    M   0 18     15 200
 5  52  23  38   5  27   0 0.00    M    M  8.4 21 260   M    M   6 8      27 280
 6  60  25  43  10  22   0 0.00    M    M  4.5 17 210   M    M   2 18     25 190
 7  68  53  61  28   4   0 0.98    M    M  9.9 23 210   M    M  10 13     36 220
 8  57  32  45  12  20   0 0.69    M    M  8.4 15 290   M    M  10 18     23 320
 9  32  17  25  -9  40   0 0.05    M    M 11.4 26 300   M    M  10 18     37 290
10  41  15  28  -6  37   0 0.00    M    M  5.5 12 160   M    M   2        17 150
11  63  40  52  18  13   0    T    M    M  7.8 15 240   M    M   3 1      21 220
12  64  38  51  17  14   0 0.30    M    M 12.2 32 300   M    M   8 18     50 290
13  47  27  37   3  28   0 0.00    M    M  7.7 22 290   M    M   2        29 290
14  50  27  39   5  26   0 0.00    M    M  6.9 17 220   M    M   3 8      24 230
15  43  31  37   2  28   0    T    M    M 12.4 22 300   M    M   5        31 320
16  40  28  34  -1  31   0 0.00    M    M  8.0 17 310   M    M   7 8      24 290
17  64  29  47  12  18   0 0.00    M    M  5.0 16 210   M    M   3 8      22 270
18  67  46  57  22   8   0 0.06    M    M  8.2 18 220   M    M   3 1      29 270
19  56  41  49  13  16   0 0.00    M    M  6.0 10 220   M    M   8 128    15 260
20  66  33  50  14  15   0 0.00    M    M  1.6  9 100   M    M   5 128    11  80
21  72  41  57  21   8   0 0.00    M    M  4.0 16 190   M    M   1 8      21 200
22  60  53  57  21   8   0    T    M    M  4.4 10 190   M    M  10 18     13 190
23  71  54  63  26   2   0 0.00    M    M  6.9 16 200   M    M   8 1      22 190
24  79  59  69  32   0   4 0.00    M    M  9.3 20 200   M    M   2        29 230
25  69  31  50  13  15   0 0.58    M    M 11.6 28 280   M    M   9 13     39 280
26  44  29  37  -1  28   0 0.00    M    M  7.0 15 280   M    M   3 8      23 290
27  46  29  38   0  27   0 0.09    M    M  3.2  9 180   M    M   8 18     11 190
================================================================================
SM 1454  894       576   4  2.83    M    194.0          M      146
================================================================================
AV 53.9 33.1                               7.2 FASTST   M    M   5    MAX(MPH)
                                 MISC ---->  # 32 300               # 50  290
================================================================================
NOTES:
# LAST OF SEVERAL OCCURRENCES

COLUMN 17 PEAK WIND IN M.P.H.

PRELIMINARY LOCAL CLIMATOLOGICAL DATA (WS FORM: F-6) , PAGE 2

                                          STATION:  PARKERSBURG WV
                                          MONTH:    FEBRUARY
                                          YEAR:     2017
                                          LATITUDE:   39 20 N
                                          LONGITUDE:  81 26 W

[TEMPERATURE DATA]      [PRECIPITATION DATA]       SYMBOLS USED IN COLUMN 16

AVERAGE MONTHLY: 43.5   TOTAL FOR MONTH:   2.83    1 = FOG OR MIST
DPTR FM NORMAL:   8.8   DPTR FM NORMAL:    0.23    2 = FOG REDUCING VISIBILITY
HIGHEST:    79 ON 24    GRTST 24HR  0.98 ON  7- 7      TO 1/4 MILE OR LESS
LOWEST:     12 ON  4                               3 = THUNDER
                        SNOW, ICE PELLETS, HAIL    4 = ICE PELLETS
                        TOTAL MONTH:    M          5 = HAIL
                        GRTST 24HR    M  ON   M    6 = FREEZING RAIN OR DRIZZLE
                        GRTST DEPTH:  M  ON   M    7 = DUSTSTORM OR SANDSTORM:
                                                       VSBY 1/2 MILE OR LESS
                                                   8 = SMOKE OR HAZE
[NO. OF DAYS WITH]      [WEATHER - DAYS WITH]      9 = BLOWING SNOW
                                                   X = TORNADO
MAX 32 OR BELOW:   2    0.01 INCH OR MORE:   8
MAX 90 OR ABOVE:   0    0.10 INCH OR MORE:   4
MIN 32 OR BELOW:  16    0.50 INCH OR MORE:   3
MIN  0 OR BELOW:   0    1.00 INCH OR MORE:   0

[HDD (BASE 65) ]
TOTAL THIS MO.   576    CLEAR  (SCALE 0-3)   9
DPTR FM NORMAL  -243    PTCLDY (SCALE 4-7)  12
TOTAL FM JUL 1  3013    CLOUDY (SCALE 8-10)  6
DPTR FM NORMAL  -751

[CDD (BASE 65) ]
TOTAL THIS MO.     4
DPTR FM NORMAL     4    [PRESSURE DATA]
TOTAL FM JAN 1     4    HIGHEST SLP M ON M
DPTR FM NORMAL     4    LOWEST  SLP 29.53 ON  7

[REMARKS]
