000
CXUS53 KAPX 230631
CF6PLN
PRELIMINARY LOCAL CLIMATOLOGICAL DATA (WS FORM: F-6)

                                          STATION:   PELLSTON
                                          MONTH:     MAY
                                          YEAR:      2015
                                          LATITUDE:   45 34 N
                                          LONGITUDE:  84 48 W

  TEMPERATURE IN F:       :PCPN:    SNOW:  WIND      :SUNSHINE: SKY     :PK WND
================================================================================
1   2   3   4   5  6A  6B    7    8   9   10  11  12  13   14  15   16   17  18
                                     12Z  AVG MX 2MIN
DY MAX MIN AVG DEP HDD CDD  WTR  SNW DPTH SPD SPD DIR MIN PSBL S-S WX    SPD DR
================================================================================

 1  70  29  50   4  15   0 0.00    M    M  3.3 17 340   M    M   0        21 330
 2  74  33  54   7  11   0 0.00    M    M  4.9 16 250   M    M   3        26 240
 3  79  44  62  15   3   0 0.00    M    M  9.9 22 230   M    M   3 3      29 240
 4  69  35  52   4  13   0 0.02    M    M  9.5 24 320   M    M   4 1      30 330
 5  70  26  48   0  17   0 0.00    M    M  4.5 16 100   M    M   0        22  90
 6  74  30  52   4  13   0 0.00    M    M  4.5 18  50   M    M   1        23  60
 7  87  45  66  18   0   1    T    M    M  4.1 18 220   M    M   3        25 210
 8  80  52  66  17   0   1 0.00    M    M  9.4 21 240   M    M   3        29 240
 9  62  43  53   4  12   0 0.15    M    M  6.2 15 310   M    M   8 1      19 310
10  51  40  46  -4  19   0 0.02    M    M 10.3 21  90   M    M   9 1      28  90
11  61  44  53   3  12   0 0.37    M    M  7.7 18  90   M    M  10 1      25  80
12  55  39  47  -3  18   0 0.03    M    M 15.2 24 290   M    M  10 1      33 280
13  58  36  47  -3  18   0 0.00    M    M  7.0 15 320   M    M   3        19 350
14  68  29  49  -2  16   0 0.00    M    M  4.5 16  70   M    M   1        19  50
15  57  47  52   1  13   0 0.02    M    M  3.2 13 150   M    M   9 18     16 150
16  70  47  59   7   6   0 0.00    M    M  3.8 14 110   M    M   7        17 110
17  85  51  68  16   0   3 0.15    M    M  8.5 21 160   M    M   5 13     29 180
18  80  47  64  12   1   0 0.00    M    M 13.4 24 270   M    M   2        35 240
19  47  32  40 -12  25   0 0.01    M    M 14.4 26 330   M    M  10 18     33 280
20  58  24  41 -12  24   0 0.00    M    M  6.5 17 270   M    M   0        22 280
21  64  34  49  -4  16   0 0.00    M    M 10.3 25 320   M    M   0        32 310
22  57  24  41 -12  24   0 0.00    M    M  7.2 21 320   M    M   0        28 330
================================================================================
SM 1476  831       276   5  0.77    M    168.3          M       91
================================================================================
AV 67.1 37.8                               7.6 FASTST   M    M   4    MAX(MPH)
                                 MISC ---->  # 26 330               # 35  240
================================================================================
NOTES:
# LAST OF SEVERAL OCCURRENCES

COLUMN 17 PEAK WIND IN M.P.H.

PRELIMINARY LOCAL CLIMATOLOGICAL DATA (WS FORM: F-6) , PAGE 2

                                          STATION:  PELLSTON
                                          MONTH:    MAY
                                          YEAR:     2015
                                          LATITUDE:   45 34 N
                                          LONGITUDE:  84 48 W

[TEMPERATURE DATA]      [PRECIPITATION DATA]       SYMBOLS USED IN COLUMN 16

AVERAGE MONTHLY: 52.4   TOTAL FOR MONTH:   0.77    1 = FOG OR MIST
DPTR FM NORMAL:   2.5   DPTR FM NORMAL:   -1.05    2 = FOG REDUCING VISIBILITY
HIGHEST:    87 ON  7    GRTST 24HR  0.39 ON 10-11      TO 1/4 MILE OR LESS
LOWEST:     24 ON 22,20                            3 = THUNDER
                        SNOW, ICE PELLETS, HAIL    4 = ICE PELLETS
                        TOTAL MONTH:    M          5 = HAIL
                        GRTST 24HR    M  ON   M    6 = FREEZING RAIN OR DRIZZLE
                        GRTST DEPTH:  M  ON   M    7 = DUSTSTORM OR SANDSTORM:
                                                       VSBY 1/2 MILE OR LESS
                                                   8 = SMOKE OR HAZE
[NO. OF DAYS WITH]      [WEATHER - DAYS WITH]      9 = BLOWING SNOW
                                                   X = TORNADO
MAX 32 OR BELOW:   0    0.01 INCH OR MORE:   8
MAX 90 OR ABOVE:   0    0.10 INCH OR MORE:   3
MIN 32 OR BELOW:   7    0.50 INCH OR MORE:   0
MIN  0 OR BELOW:   0    1.00 INCH OR MORE:   0

[HDD (BASE 65) ]
TOTAL THIS MO.   276    CLEAR  (SCALE 0-3)  12
DPTR FM NORMAL   -59    PTCLDY (SCALE 4-7)   5
TOTAL FM JUL 1  8903    CLOUDY (SCALE 8-10)  5
DPTR FM NORMAL   509

[CDD (BASE 65) ]
TOTAL THIS MO.     5
DPTR FM NORMAL     5    [PRESSURE DATA]
TOTAL FM JAN 1     5    HIGHEST SLP M ON M
DPTR FM NORMAL     3    LOWEST  SLP 29.67 ON M

[REMARKS]
