000
CXUS55 KLOX 181655
CF6PMD
PRELIMINARY LOCAL CLIMATOLOGICAL DATA (WS FORM: F-6)

                                          STATION:   PALMDALE AIRPORT CA
                                          MONTH:     DECEMBER
                                          YEAR:      2014
                                          LATITUDE:   34 37 N
                                          LONGITUDE: 118  5 W

  TEMPERATURE IN F:       :PCPN:    SNOW:  WIND      :SUNSHINE: SKY     :PK WND
================================================================================
1   2   3   4   5  6A  6B    7    8   9   10  11  12  13   14  15   16   17  18
                                     12Z  AVG MX 2MIN
DY MAX MIN AVG DEP HDD CDD  WTR  SNW DPTH SPD SPD DIR MIN PSBL S-S WX    SPD DR
================================================================================

 1  61  42  52   6  13   0 0.00  0.0    0  5.4 12  40   M    M   1        13  40
 2  51  47  49   3  16   0 1.20    M    0  3.2 13  60   M    M   8 1      15  60
 3  55  50  53   7  12   0 0.11  0.0    0  2.2  7 290   M    M  10 1       8  60
 4  62  47  55   9  10   0 0.00  0.0    0  7.7 23 230   M    M   3 12     27 230
 5  57  43  50   5  15   0 0.00  0.0    0  3.0 12 150   M    M   3 1      12 150
 6  61  45  53   8  12   0 0.00  0.0    0  4.5 12  10   M    M   2 18     16 360
 7  60  40  50   5  15   0 0.00  0.0    0  3.6  8 210   M    M   0 18     10 290
 8  64  40  52   7  13   0 0.00  0.0    0  4.8  8 200   M    M   0 1      10  30
 9  65  38  52   7  13   0 0.00  0.0    0  5.3 10 360   M    M   0        15  20
10  63  39  51   6  14   0 0.00  0.0    0  2.9  9 240   M    M   0        10 230
11  63  44  54  10  11   0 0.00  0.0    0  6.3 21 190   M    M   1 8      25 170
12  58  43  51   7  14   0 1.10    M    0 11.6 39 260   M    M   6 18     46 270
13  52  36  44   0  21   0 0.00  0.0    0 10.9 22 280   M    M   1        24 270
14  52  33  43  -1  22   0 0.00  0.0    0  2.1  9 200   M    M   0         9 200
15  51  34  43  -1  22   0    T    M    0  3.5  8 140   M    M   2        10 140
16  51  43  47   3  18   0 0.02    M    0  1.9  7 120   M    M   9 18      8 160
17  53  39  46   2  19   0 0.14    M    0  9.2 23 290   M    M   6 1      28 290
================================================================================
SM  979  703       260   0  2.57     0.0  88.1          M       52
================================================================================
AV 57.6 41.4                               5.2 FASTST   M    M   3    MAX(MPH)
                                 MISC ---->  # 39 260               # 46  270
================================================================================
NOTES:
# LAST OF SEVERAL OCCURRENCES

COLUMN 17 PEAK WIND IN M.P.H.

PRELIMINARY LOCAL CLIMATOLOGICAL DATA (WS FORM: F-6) , PAGE 2

                                          STATION:  PALMDALE AIRPORT CA
                                          MONTH:    DECEMBER
                                          YEAR:     2014
                                          LATITUDE:   34 37 N
                                          LONGITUDE: 118  5 W

[TEMPERATURE DATA]      [PRECIPITATION DATA]       SYMBOLS USED IN COLUMN 16

AVERAGE MONTHLY: 49.5   TOTAL FOR MONTH:   2.57    1 = FOG OR MIST
DPTR FM NORMAL:   4.6   DPTR FM NORMAL:    2.20    2 = FOG REDUCING VISIBILITY
HIGHEST:    65 ON  9    GRTST 24HR  1.20 ON  2- 2      TO 1/4 MILE OR LESS
LOWEST:     33 ON 14                               3 = THUNDER
                        SNOW, ICE PELLETS, HAIL    4 = ICE PELLETS
                        TOTAL MONTH:   0.0 INCH    5 = HAIL
                        GRTST 24HR     0.0         6 = FREEZING RAIN OR DRIZZLE
                        GRTST DEPTH:   0           7 = DUSTSTORM OR SANDSTORM:
                                                       VSBY 1/2 MILE OR LESS
                                                   8 = SMOKE OR HAZE
[NO. OF DAYS WITH]      [WEATHER - DAYS WITH]      9 = BLOWING SNOW
                                                   X = TORNADO
MAX 32 OR BELOW:   0    0.01 INCH OR MORE:   5
MAX 90 OR ABOVE:   0    0.10 INCH OR MORE:   4
MIN 32 OR BELOW:   0    0.50 INCH OR MORE:   2
MIN  0 OR BELOW:   0    1.00 INCH OR MORE:   2

[HDD (BASE 65) ]
TOTAL THIS MO.   260    CLEAR  (SCALE 0-3)  11
DPTR FM NORMAL   -83    PTCLDY (SCALE 4-7)   3
TOTAL FM JUL 1   574    CLOUDY (SCALE 8-10)  3
DPTR FM NORMAL  -296

[CDD (BASE 65) ]
TOTAL THIS MO.     0
DPTR FM NORMAL     0    [PRESSURE DATA]
TOTAL FM JAN 1  2223    HIGHEST SLP M ON M
DPTR FM NORMAL   408    LOWEST  SLP 29.73 ON 12

[REMARKS]
