000
CXUS54 KOUN 200800
CF6PNC
PRELIMINARY LOCAL CLIMATOLOGICAL DATA (WS FORM: F-6)

                                          STATION:   PONCA CITY
                                          MONTH:     DECEMBER
                                          YEAR:      2014
                                          LATITUDE:   36 44 N
                                          LONGITUDE:  97  6 W

  TEMPERATURE IN F:       :PCPN:    SNOW:  WIND      :SUNSHINE: SKY     :PK WND
================================================================================
1   2   3   4   5  6A  6B    7    8   9   10  11  12  13   14  15   16   17  18
                                     12Z  AVG MX 2MIN
DY MAX MIN AVG DEP HDD CDD  WTR  SNW DPTH SPD SPD DIR MIN PSBL S-S WX    SPD DR
================================================================================

 1  33  20  27 -13  38   0 0.00  0.0    0 13.8 25  20   M    M   8        33  20
 2  43  28  36  -4  29   0 0.00  0.0    0  6.2 14 210   M    M   4        19 190
 3  50  31  41   1  24   0 0.00  0.0    0  7.6 21  80   M    M   3 18     25  80
 4  49  39  44   5  21   0 0.15  0.0    0  4.6  9 130   M    M  10 12     11 130
 5  57  36  47   8  18   0 0.23  0.0    0  6.7 17  10   M    M   9 12     21 350
 6  47  35  41   2  24   0 0.00  0.0    0  7.1 15  30   M    M  10 12     19  30
 7  48  39  44   6  21   0 0.00  0.0    0  7.6 14 160   M    M  10 12     16 160
 8  62  36  49  11  16   0 0.00  0.0    0  3.1 10 260   M    M   4 18     14 240
 9  50  32  41   3  24   0 0.00  0.0    0  7.5 16  70   M    M   0 18     24  50
10  53  31  42   5  23   0 0.00  0.0    0  5.2 13 130   M    M   7 18     16 120
11  60  45  53  16  12   0 0.00  0.0    0  6.7 14 130   M    M   7 8      16 130
12  52  46  49  12  16   0    T    M    0  8.3 15 140   M    M  10 18     17 140
13  58  48  53  16  12   0 0.00  0.0    0 13.0 23 150   M    M  10 1      29 150
14  62  52  57  21   8   0 0.19  0.0    0 16.8 29 150   M    M   9 138    36 140
15  57  37  47  11  18   0 0.00  0.0    0 15.1 28 330   M    M   7        36 320
16  44  28  36   0  29   0 0.00  0.0    0  9.5 23 320   M    M   4        30 320
17  36  32  34  -2  31   0 0.10    M    0  8.1 15 110   M    M   9 1      19 100
18  41  35  38   2  27   0 0.00  0.0    M  5.5 13  90   M    M  10 1      15  80
19  43  34  39   3  26   0 0.00  0.0    0  4.8 12  10   M    M  10 1      13  10
================================================================================
SM  945  684       417   0  0.67     0.0 157.2          M      141
================================================================================
AV 49.7 36.0                               8.3 FASTST   M    M   7    MAX(MPH)
                                 MISC ---->  # 29 150               # 36  140
================================================================================
NOTES:
# LAST OF SEVERAL OCCURRENCES

COLUMN 17 PEAK WIND IN M.P.H.

PRELIMINARY LOCAL CLIMATOLOGICAL DATA (WS FORM: F-6) , PAGE 2

                                          STATION:  PONCA CITY
                                          MONTH:    DECEMBER
                                          YEAR:     2014
                                          LATITUDE:   36 44 N
                                          LONGITUDE:  97  6 W

[TEMPERATURE DATA]      [PRECIPITATION DATA]       SYMBOLS USED IN COLUMN 16

AVERAGE MONTHLY: 42.9   TOTAL FOR MONTH:   0.67    1 = FOG OR MIST
DPTR FM NORMAL:   5.2   DPTR FM NORMAL:   -0.29    2 = FOG REDUCING VISIBILITY
HIGHEST:    62 ON 14, 8 GRTST 24HR  0.38 ON  4- 5      TO 1/4 MILE OR LESS
LOWEST:     20 ON  1                               3 = THUNDER
                        SNOW, ICE PELLETS, HAIL    4 = ICE PELLETS
                        TOTAL MONTH:   0.0 INCH    5 = HAIL
                        GRTST 24HR     0.0         6 = FREEZING RAIN OR DRIZZLE
                        GRTST DEPTH:   0           7 = DUSTSTORM OR SANDSTORM:
                                                       VSBY 1/2 MILE OR LESS
                                                   8 = SMOKE OR HAZE
[NO. OF DAYS WITH]      [WEATHER - DAYS WITH]      9 = BLOWING SNOW
                                                   X = TORNADO
MAX 32 OR BELOW:   0    0.01 INCH OR MORE:   4
MAX 90 OR ABOVE:   0    0.10 INCH OR MORE:   4
MIN 32 OR BELOW:   7    0.50 INCH OR MORE:   0
MIN  0 OR BELOW:   0    1.00 INCH OR MORE:   0

[HDD (BASE 65) ]
TOTAL THIS MO.   417    CLEAR  (SCALE 0-3)   2
DPTR FM NORMAL  -103    PTCLDY (SCALE 4-7)   7
TOTAL FM JUL 1  1211    CLOUDY (SCALE 8-10) 10
DPTR FM NORMAL   -70

[CDD (BASE 65) ]
TOTAL THIS MO.     0
DPTR FM NORMAL     0    [PRESSURE DATA]
TOTAL FM JAN 1  1975    HIGHEST SLP M ON M
DPTR FM NORMAL   124    LOWEST  SLP 29.62 ON 14

[REMARKS]
