000
CXUS55 KALY 220800
CF6PSF
PRELIMINARY LOCAL CLIMATOLOGICAL DATA (WS FORM: F-6)

                                          STATION:   PITTSFIELD MA
                                          MONTH:     APRIL
                                          YEAR:      2014
                                          LATITUDE:   42 25 N
                                          LONGITUDE:  73 18 W

  TEMPERATURE IN F:       :PCPN:    SNOW:  WIND      :SUNSHINE: SKY     :PK WND
================================================================================
1   2   3   4   5  6A  6B    7    8   9   10  11  12  13   14  15   16   17  18
                                     12Z  AVG MX 2MIN
DY MAX MIN AVG DEP HDD CDD  WTR  SNW DPTH SPD SPD DIR MIN PSBL S-S WX    SPD DR
================================================================================

 1  52  25  39   1  26   0 0.00    M    M  3.9 13 250   M    M   0        16 130
 2  56  28  42   4  23   0 0.00    M    M  3.9 16 280   M    M   0 1      19 280
 3  49  28  39   0  26   0 0.00    M    M  4.2 15 280   M    M   0        21 290
 4  46  32  39   0  26   0 0.11    M    M  9.7 22 130   M    M   9 1      32 120
 5  44  32  38  -2  27   0    T    M    M 12.9 30 280   M    M   8 1      40 270
 6  51  28  40   0  25   0 0.00    M    M  8.0 24 290   M    M   3        35 290
 7  54  27  41   0  24   0 0.02    M    M  7.0 23 140   M    M   4 1      31 140
 8  61  39  50   9  15   0 0.15    M    M  8.5 23 290   M    M   9 12     35 240
 9  51  31  41   0  24   0 0.00    M    M 11.9 31 280   M    M   5        39 280
10  60  23  42   0  23   0 0.00    M    M  9.5 22 180   M    M   1        31 180
11  62  41  52  10  13   0 0.24    M    M  6.2 18 220   M    M   9 12     28 200
12  65  33  49   6  16   0 0.00    M    M  4.7 20 250   M    M   2 12     25 260
13  74  36  55  12  10   0 0.01    M    M 10.2 23 180   M    M   4        35 210
14  73  58  66  22   0   1 0.00    M    M 14.3 24 170   M    M   1        34 180
15  61  25  43  -1  22   0 1.20    M    M 14.6 28 290   M    M   8 128    38 290
16  37  22  30 -14  35   0    T    M    M 10.3 29 300   M    M   3 18     44 290
17  48  22  35 -10  30   0 0.00    M    M  5.8 15 120   M    M   0        20  50
18  47  25  36  -9  29   0 0.00    M    M  4.3 12 130   M    M   0        16 140
19  58  29  44  -2  21   0 0.00    M    M  6.3 22 300   M    M   2        30 290
20  60  26  43  -3  22   0 0.00    M    M  4.5 14 150   M    M   0        18 160
21  70  30  50   3  15   0 0.00    M    M  3.5 15 240   M    M   0        18 240
================================================================================
SM 1179  640       452   1  1.73    M    164.2          M       68
================================================================================
AV 56.1 30.5                               7.8 FASTST   M    M   3    MAX(MPH)
                                 MISC ---->  # 31 280               # 44  290
================================================================================
NOTES:
# LAST OF SEVERAL OCCURRENCES

COLUMN 17 PEAK WIND IN M.P.H.

PRELIMINARY LOCAL CLIMATOLOGICAL DATA (WS FORM: F-6) , PAGE 2

                                          STATION:  PITTSFIELD MA
                                          MONTH:    APRIL
                                          YEAR:     2014
                                          LATITUDE:   42 25 N
                                          LONGITUDE:  73 18 W

[TEMPERATURE DATA]      [PRECIPITATION DATA]       SYMBOLS USED IN COLUMN 16

AVERAGE MONTHLY: 43.3   TOTAL FOR MONTH:   1.73    1 = FOG OR MIST
DPTR FM NORMAL:   1.0   DPTR FM NORMAL:   -1.22    2 = FOG REDUCING VISIBILITY
HIGHEST:    74 ON 13    GRTST 24HR  1.20 ON 15-15      TO 1/4 MILE OR LESS
LOWEST:     22 ON 17,16                            3 = THUNDER
                        SNOW, ICE PELLETS, HAIL    4 = ICE PELLETS
                        TOTAL MONTH:    M          5 = HAIL
                        GRTST 24HR    M  ON   M    6 = FREEZING RAIN OR DRIZZLE
                        GRTST DEPTH:  M  ON   M    7 = DUSTSTORM OR SANDSTORM:
                                                       VSBY 1/2 MILE OR LESS
                                                   8 = SMOKE OR HAZE
[NO. OF DAYS WITH]      [WEATHER - DAYS WITH]      9 = BLOWING SNOW
                                                   X = TORNADO
MAX 32 OR BELOW:   0    0.01 INCH OR MORE:   6
MAX 90 OR ABOVE:   0    0.10 INCH OR MORE:   4
MIN 32 OR BELOW:  16    0.50 INCH OR MORE:   1
MIN  0 OR BELOW:   0    1.00 INCH OR MORE:   1

[HDD (BASE 65) ]
TOTAL THIS MO.   452    CLEAR  (SCALE 0-3)  13
DPTR FM NORMAL   -26    PTCLDY (SCALE 4-7)   3
TOTAL FM JUL 1  7235    CLOUDY (SCALE 8-10)  5
DPTR FM NORMAL   350

[CDD (BASE 65) ]
TOTAL THIS MO.     1
DPTR FM NORMAL     1    [PRESSURE DATA]
TOTAL FM JAN 1     1    HIGHEST SLP M ON M
DPTR FM NORMAL     1    LOWEST  SLP 29.31 ON  8

[REMARKS]
