000
CXUS54 KFWD 220730
CF6PSN
PRELIMINARY LOCAL CLIMATOLOGICAL DATA (WS FORM: F-6)

                                          STATION:   PALESTINE
                                          MONTH:     NOVEMBER
                                          YEAR:      2017
                                          LATITUDE:   31 46 N
                                          LONGITUDE:  95 42 W

  TEMPERATURE IN F:       :PCPN:    SNOW:  WIND      :SUNSHINE: SKY     :PK WND
================================================================================
1   2   3   4   5  6A  6B    7    8   9   10  11  12  13   14  15   16   17  18
                                     12Z  AVG MX 2MIN
DY MAX MIN AVG DEP HDD CDD  WTR  SNW DPTH SPD SPD DIR MIN PSBL S-S WX    SPD DR
================================================================================

 1  74  56  65   4   0   0 0.63  0.0    0  5.1 10 170   M    M   6 12     16 140
 2  84  69  77  16   0  12 0.00  0.0    0  9.4 17 170   M    M   6 1      31 170
 3  87  66  77  17   0  12 0.00  0.0    0  5.3 12 200   M    M   6 1      16 200
 4  85  69  77  17   0  12 0.00  0.0    0  6.1 10 180   M    M   6        21 190
 5  84  70  77  17   0  12 0.00  0.0    0  7.8 17 190   M    M   5        22 190
 6  86  68  77  18   0  12 0.00  0.0    0  6.2 14 190   M    M   4        18 180
 7  69  52  61   2   4   0 0.00  0.0    0  5.3 12 310   M    M  10 18      M  M
 8  52  49  51  -8  14   0 0.80  0.0    0  6.7 10 330   M    M   9 1      16 360
 9  60  44  52  -6  13   0 0.00  0.0    0  4.5  8 340   M    M   6 1       M  M
10  66  39  53  -5  12   0 0.00  0.0    0  2.4  9  90   M    M   4 18      M  M
11  67  55  61   3   4   0 0.00  0.0    0  6.5 12 130   M    M   9 8       M  M
12  74  59  67  10   0   2 0.00  0.0    0  3.4  8  20   M    M  10         M  M
13  70  60  65   8   0   0 0.00  0.0    0  4.7  7  80   M    M   8 18      M  M
14  77  58  68  12   0   3 0.00  0.0    0  5.3  8 170   M    M   8 8       M  M
15  70  62  66  10   0   1 0.00  0.0    0  3.4  8 150   M    M  10 1       M  M
16  74  65  70  14   0   5 0.07  0.0    0  3.1  8 130   M    M   9         M  M
17  80  67  74  19   0   9 0.00  0.0    0 10.4 21 190   M    M   7        28 190
18  79  47  63   8   2   0 0.00  0.0    0 14.4 23 350   M    M   5        29 350
19  62  37  50  -4  15   0 0.00  0.0    0  3.2 13 360   M    M   1 18     18  20
20  64  36  50  -4  15   0 0.00  0.0    0  4.1 10 180   M    M   0 18     16 180
21  69  47  58   4   7   0 0.00  0.0    0  4.4  8  90   M    M   4         M  M
================================================================================
SM 1533 1175        86  80  1.50     0.0 121.7          M      133
================================================================================
AV 73.0 56.0                               5.8 FASTST   M    M   6    MAX(MPH)
                                 MISC ---->  # 23 350                 31    M
================================================================================
NOTES:
# LAST OF SEVERAL OCCURRENCES

COLUMN 17 PEAK WIND IN M.P.H.

PRELIMINARY LOCAL CLIMATOLOGICAL DATA (WS FORM: F-6) , PAGE 2

                                          STATION:  PALESTINE
                                          MONTH:    NOVEMBER
                                          YEAR:     2017
                                          LATITUDE:   31 46 N
                                          LONGITUDE:  95 42 W

[TEMPERATURE DATA]      [PRECIPITATION DATA]       SYMBOLS USED IN COLUMN 16

AVERAGE MONTHLY: 64.5   TOTAL FOR MONTH:   1.50    1 = FOG OR MIST
DPTR FM NORMAL:   7.0   DPTR FM NORMAL:   -1.54    2 = FOG REDUCING VISIBILITY
HIGHEST:    87 ON  3    GRTST 24HR  0.80 ON  8- 8      TO 1/4 MILE OR LESS
LOWEST:     36 ON 20                               3 = THUNDER
                        SNOW, ICE PELLETS, HAIL    4 = ICE PELLETS
                        TOTAL MONTH:   0.0 INCH    5 = HAIL
                        GRTST 24HR     0.0         6 = FREEZING RAIN OR DRIZZLE
                        GRTST DEPTH:   0           7 = DUSTSTORM OR SANDSTORM:
                                                       VSBY 1/2 MILE OR LESS
                                                   8 = SMOKE OR HAZE
[NO. OF DAYS WITH]      [WEATHER - DAYS WITH]      9 = BLOWING SNOW
                                                   X = TORNADO
MAX 32 OR BELOW:   0    0.01 INCH OR MORE:   3
MAX 90 OR ABOVE:   0    0.10 INCH OR MORE:   2
MIN 32 OR BELOW:   0    0.50 INCH OR MORE:   2
MIN  0 OR BELOW:   0    1.00 INCH OR MORE:   0

[HDD (BASE 65) ]
TOTAL THIS MO.    86    CLEAR  (SCALE 0-3)   2
DPTR FM NORMAL   -93    PTCLDY (SCALE 4-7)  13
TOTAL FM JUL 1   160    CLOUDY (SCALE 8-10)  6
DPTR FM NORMAL  -106

[CDD (BASE 65) ]
TOTAL THIS MO.    80
DPTR FM NORMAL    59    [PRESSURE DATA]
TOTAL FM JAN 1  2823    HIGHEST SLP M ON M
DPTR FM NORMAL   510    LOWEST  SLP M ON M

[REMARKS]
