000
CXUS56 KSGX 291445
CF6RAL
PRELIMINARY LOCAL CLIMATOLOGICAL DATA (WS FORM: F-6)

                                          STATION:   RIVERSIDE MUNI AIRPORT CA
                                          MONTH:     JULY
                                          YEAR:      2014
                                          LATITUDE:   33 57 N
                                          LONGITUDE: 117 27 W

  TEMPERATURE IN F:       :PCPN:    SNOW:  WIND      :SUNSHINE: SKY     :PK WND
================================================================================
1   2   3   4   5  6A  6B    7    8   9   10  11  12  13   14  15   16   17  18
                                     12Z  AVG MX 2MIN
DY MAX MIN AVG DEP HDD CDD  WTR  SNW DPTH SPD SPD DIR MIN PSBL S-S WX    SPD DR
================================================================================

 1  92  63  78   2   0  13 0.00  0.0    0  5.8 16 280   M    M   1 18     22 280
 2  92  63  78   2   0  13 0.00  0.0    0  5.1 15 270   M    M   1 18     21 270
 3  99  64  82   6   0  17 0.00  0.0    0  5.0 15 290   M    M   0 18     22 250
 4  96  69  83   7   0  18 0.00  0.0    0  5.8 20 250   M    M   0        28 270
 5  98  70  84   7   0  19 0.00  0.0    0  5.2 18 260   M    M   0        24 250
 6  97  68  83   6   0  18 0.00  0.0    0  5.3 17 250   M    M   0        24 290
 7  99  69  84   7   0  19 0.00  0.0    0  4.2 17 260   M    M   0        23 280
 8  96  67  82   5   0  17 0.00  0.0    0  6.0 17 270   M    M   0        23 280
 9  93  65  79   1   0  14 0.00  0.0    0  6.3 18 270   M    M   0 18     26 250
10  92  64  78   0   0  13 0.00  0.0    0  5.5 17 280   M    M   1 18     24 280
11  90  63  77  -1   0  12 0.00  0.0    0  5.9 18 260   M    M   0        25 250
12  90  65  78   0   0  13 0.00  0.0    0  4.7 16 280   M    M   1        23 270
13  95  68  82   4   0  17 0.00  0.0    0  5.1 15 270   M    M   1        25 240
14  92  69  81   3   0  16 0.00  0.0    0  4.8 18 280   M    M   5        26 280
15  88  68  78  -1   0  13 0.00  0.0    0  6.5 18 270   M    M   1        24 280
16  88  66  77  -2   0  12 0.00  0.0    0  6.2 17 280   M    M   4 8      24 280
17  84  63  74  -5   0   9 0.00  0.0    0  5.0 18 260   M    M   3 8      23 280
18  86  61  74  -5   0   9 0.00  0.0    0  5.1 15 270   M    M   1        22 280
19  85  65  75  -4   0  10 0.00  0.0    0  4.8 15 270   M    M   2        22 280
20  87  64  76  -3   0  11 0.00  0.0    0  5.2 17 250   M    M   2        21 270
21  89  63  76  -3   0  11 0.00  0.0    0  4.8 18 250   M    M   1        24 270
22  93  64  79   0   0  14 0.00  0.0    0  5.0 16 240   M    M   0        22 250
23  99  64  82   3   0  17 0.00  0.0    0  4.2 15 280   M    M   0        21 280
24 105  65  85   5   0  20 0.00  0.0    0  4.0 16 270   M    M   0        23 280
25  97  69  83   3   0  18 0.00  0.0    0  5.2 15 260   M    M   1        20 250
26  96  70  83   3   0  18 0.00  0.0    0  5.3 16 280   M    M   0        24 280
27  96  71  84   4   0  19 0.00  0.0    0  5.0 15 270   M    M   4        21 250
28  96  71  84   4   0  19    T  0.0    0  5.3 15 260   M    M   4        19 250
================================================================================
SM 2610 1851         0 419    T      0.0 146.3          M       33
================================================================================
AV 93.2 66.1                               5.2 FASTST   M    M   1    MAX(MPH)
                                 MISC ---->  # 20 250               # 28  270
================================================================================
NOTES:
# LAST OF SEVERAL OCCURRENCES

COLUMN 17 PEAK WIND IN M.P.H.

PRELIMINARY LOCAL CLIMATOLOGICAL DATA (WS FORM: F-6) , PAGE 2

                                          STATION:  RIVERSIDE MUNI AIRPORT CA
                                          MONTH:    JULY
                                          YEAR:     2014
                                          LATITUDE:   33 57 N
                                          LONGITUDE: 117 27 W

[TEMPERATURE DATA]      [PRECIPITATION DATA]       SYMBOLS USED IN COLUMN 16

AVERAGE MONTHLY: 79.7   TOTAL FOR MONTH:      T    1 = FOG OR MIST
DPTR FM NORMAL:   1.4   DPTR FM NORMAL:   -0.06    2 = FOG REDUCING VISIBILITY
HIGHEST:   105 ON 24    GRTST 24HR    T  ON 28-28      TO 1/4 MILE OR LESS
LOWEST:     61 ON 18                               3 = THUNDER
                        SNOW, ICE PELLETS, HAIL    4 = ICE PELLETS
                        TOTAL MONTH:   0.0 INCH    5 = HAIL
                        GRTST 24HR     0.0         6 = FREEZING RAIN OR DRIZZLE
                        GRTST DEPTH:   0           7 = DUSTSTORM OR SANDSTORM:
                                                       VSBY 1/2 MILE OR LESS
                                                   8 = SMOKE OR HAZE
[NO. OF DAYS WITH]      [WEATHER - DAYS WITH]      9 = BLOWING SNOW
                                                   X = TORNADO
MAX 32 OR BELOW:   0    0.01 INCH OR MORE:   0
MAX 90 OR ABOVE:  21    0.10 INCH OR MORE:   0
MIN 32 OR BELOW:   0    0.50 INCH OR MORE:   0
MIN  0 OR BELOW:   0    1.00 INCH OR MORE:   0

[HDD (BASE 65) ]
TOTAL THIS MO.     0    CLEAR  (SCALE 0-3)  23
DPTR FM NORMAL     0    PTCLDY (SCALE 4-7)   5
TOTAL FM JUL 1     0    CLOUDY (SCALE 8-10)  0
DPTR FM NORMAL     0

[CDD (BASE 65) ]
TOTAL THIS MO.   419
DPTR FM NORMAL    48    [PRESSURE DATA]
TOTAL FM JAN 1  1084    HIGHEST SLP M ON M
DPTR FM NORMAL   316    LOWEST  SLP 29.71 ON 24

[REMARKS]
