029
CXUS53 KUNR 280945
CF6RAP
PRELIMINARY LOCAL CLIMATOLOGICAL DATA (WS FORM: F-6)

                                          STATION:   RAPID CITY AIRPORT SD
                                          MONTH:     APRIL
                                          YEAR:      2016
                                          LATITUDE:   44  2 N
                                          LONGITUDE: 103  4 W

  TEMPERATURE IN F:       :PCPN:    SNOW:  WIND      :SUNSHINE: SKY     :PK WND
================================================================================
1   2   3   4   5  6A  6B    7    8   9   10  11  12  13   14  15   16   17  18
                                     12Z  AVG MX 2MIN
DY MAX MIN AVG DEP HDD CDD  WTR  SNW DPTH SPD SPD DIR MIN PSBL S-S WX    SPD DR
================================================================================

 1  52  25  39  -1  26   0 0.00  0.0    T 14.9 31 340   M    M   4        36 340
 2  67  31  49   8  16   0 0.00  0.0    0  7.9 18 340   M    M   1        23 340
 3  70  39  55  14  10   0 0.00  0.0    0 16.1 41 320   M    M   2        49 310
 4  69  34  52  11  13   0 0.00  0.0    0 10.2 22 150   M    M   1        30 140
 5  62  38  50   8  15   0    T  0.0    0 24.9 63 320   M    M   5        76 310
 6  64  38  51   9  14   0    T  0.0    0 23.2 41 330   M    M   4        50 330
 7  59  31  45   3  20   0 0.00  0.0    0 21.6 37 330   M    M   6        45 320
 8  57  27  42   0  23   0 0.00  0.0    0  7.3 17 160   M    M   0        20 160
 9  82  33  58  15   7   0 0.00  0.0    0 15.7 26 360   M    M   0        33 360
10  58  27  43   0  22   0 0.01  0.0    0 17.2 30 330   M    M   5        35 340
11  53  20  37  -7  28   0 0.00  0.0    0  8.6 20 120   M    M   1        25 130
12  76  28  52   8  13   0 0.00  0.0    0  5.7 21  10   M    M   0        25  10
13  80  41  61  17   4   0    T  0.0    0 12.7 28 190   M    M   2        37 160
14  76  46  61  17   4   0 0.15  0.0    0 11.7 37 180   M    M   2 3      46 190
15  60  44  52   7  13   0 0.08  0.0    0 18.0 28 350   M    M   7 1      36 340
16  44  35  40  -5  25   0 0.09  0.0    0 26.9 36 340   M    M   9 1      46 340
17  38  32  35 -11  30   0 0.32  2.0    1 17.3 33 340   M    M  10 1      41 340
18  37  34  36 -10  29   0 0.12    T    0 11.8 24 340   M    M  10 1      32 360
19  57  34  46   0  19   0 0.00  0.0    0  6.2 15 110   M    M   7 12     19 130
20  62  35  49   3  16   0 0.00  0.0    0  9.2 20  10   M    M   1        22  10
21  67  40  54   7  11   0 0.00  0.0    0 10.1 22 350   M    M   1        28 360
22  80  35  58  11   7   0 0.00  0.0    0 13.9 28 170   M    M   0        35 170
23  80  50  65  17   0   0 0.00  0.0    0 10.4 22 190   M    M   0        28 180
24  60  42  51   3  14   0 0.00  0.0    0 21.0 40 340   M    M   5 1      48 340
25  53  39  46  -2  19   0 0.00  0.0    0 12.7 21  10   M    M  10        27  10
26  39  32  36 -13  29   0 0.65  1.2    T 13.0 20 330   M    M  10 1      23 330
27  37  32  35 -14  30   0 0.41  1.0    0 19.6 33 340   M    M  10 1      40 350
================================================================================
SM 1639  942       457   0  1.83     4.2 387.8          M      113
================================================================================
AV 60.7 34.9                              14.4 FASTST   M    M   4    MAX(MPH)
                                 MISC ---->  # 63 320               # 76  310
================================================================================
NOTES:
# LAST OF SEVERAL OCCURRENCES

COLUMN 17 PEAK WIND IN M.P.H.

PRELIMINARY LOCAL CLIMATOLOGICAL DATA (WS FORM: F-6) , PAGE 2

                                          STATION:  RAPID CITY AIRPORT SD
                                          MONTH:    APRIL
                                          YEAR:     2016
                                          LATITUDE:   44  2 N
                                          LONGITUDE: 103  4 W

[TEMPERATURE DATA]      [PRECIPITATION DATA]       SYMBOLS USED IN COLUMN 16

AVERAGE MONTHLY: 47.8   TOTAL FOR MONTH:   1.83    1 = FOG OR MIST
DPTR FM NORMAL:   3.2   DPTR FM NORMAL:    0.29    2 = FOG REDUCING VISIBILITY
HIGHEST:    82 ON  9    GRTST 24HR  0.68 ON 26-27      TO 1/4 MILE OR LESS
LOWEST:     20 ON 11                               3 = THUNDER
                        SNOW, ICE PELLETS, HAIL    4 = ICE PELLETS
                        TOTAL MONTH:   4.2 INCHES  5 = HAIL
                        GRTST 24HR   2.0 ON 17-17  6 = FREEZING RAIN OR DRIZZLE
                        GRTST DEPTH:   1 ON 17     7 = DUSTSTORM OR SANDSTORM:
                                                       VSBY 1/2 MILE OR LESS
                                                   8 = SMOKE OR HAZE
[NO. OF DAYS WITH]      [WEATHER - DAYS WITH]      9 = BLOWING SNOW
                                                   X = TORNADO
MAX 32 OR BELOW:   0    0.01 INCH OR MORE:   8
MAX 90 OR ABOVE:   0    0.10 INCH OR MORE:   5
MIN 32 OR BELOW:  10    0.50 INCH OR MORE:   1
MIN  0 OR BELOW:   0    1.00 INCH OR MORE:   0

[HDD (BASE 65) ]
TOTAL THIS MO.   457    CLEAR  (SCALE 0-3)  13
DPTR FM NORMAL   -98    PTCLDY (SCALE 4-7)   8
TOTAL FM JUL 1  5904    CLOUDY (SCALE 8-10)  6
DPTR FM NORMAL  -779

[CDD (BASE 65) ]
TOTAL THIS MO.     0
DPTR FM NORMAL     0    [PRESSURE DATA]
TOTAL FM JAN 1     0    HIGHEST SLP M ON M
DPTR FM NORMAL     0    LOWEST  SLP 29.34 ON 24

[REMARKS]
