000
CXUS56 KBOI 291002
CF6REO
PRELIMINARY LOCAL CLIMATOLOGICAL DATA (WS FORM: F-6)

                                          STATION:   ROME OR
                                          MONTH:     SEPTEMBER
                                          YEAR:      2016
                                          LATITUDE:   42 35 N
                                          LONGITUDE: 117 52 W

  TEMPERATURE IN F:       :PCPN:    SNOW:  WIND      :SUNSHINE: SKY     :PK WND
================================================================================
1   2   3   4   5  6A  6B    7    8   9   10  11  12  13   14  15   16   17  18
                                     12Z  AVG MX 2MIN
DY MAX MIN AVG DEP HDD CDD  WTR  SNW DPTH SPD SPD DIR MIN PSBL S-S WX    SPD DR
================================================================================

 1  91  46  69   3   0   4 0.00    M    M  8.0 25 220   M    M   0        36 210
 2  72  46  59  -7   6   0 0.00    M    M  8.0 16  20   M    M   0        20  30
 3  77  43  60  -5   5   0 0.00    M    M  5.7 18 360   M    M   0        28  30
 4  60  42  51 -14  14   0 0.19    M    M  9.3 18  10   M    M   0        21  10
 5  71  34  53 -12  12   0 0.00    M    M  4.7 10  80   M    M   0        16 230
 6  80  38  59  -5   6   0 0.00    M    M  6.4 24 320   M    M   0        31 320
 7  78  40  59  -5   6   0 0.00    M    M  4.6 10 250   M    M   0        14  30
 8  83  43  63  -1   2   0 0.00    M    M  5.7 17 300   M    M   0        20 300
 9  78  41  60  -3   5   0 0.00    M    M  6.7 12  20   M    M   0        17 340
10  87  35  61  -2   4   0 0.00    M    M  4.6 12 150   M    M   0        13 150
11  88  47  68   6   0   3 0.00    M    M 12.6 25 260   M    M   0        32 250
12  70  42  56  -6   9   0 0.00    M    M  8.9 20 360   M    M   0        24 310
13  70  37  54  -8  11   0 0.00    M    M  8.2 17  10   M    M   0        22  30
14  73  39  56  -5   9   0 0.00    M    M  4.4 13 270   M    M   0        17 270
15  76  30  53  -8  12   0 0.00    M    M  5.4 12  50   M    M   0        15  40
16  80  34  57  -3   8   0 0.00    M    M  5.1 13 320   M    M   0        19  20
17  88  43  66   6   0   1 0.00    M    M  9.8 23 220   M    M   0        29 230
18  88  57  73  14   0   8 0.00    M    M 10.4 25 250   M    M   0        32 260
19  89  51  70  11   0   5 0.00    M    M  7.6 22 230   M    M   0        27 260
20  89  46  68  10   0   3 0.00    M    M  7.5 23 230   M    M   0        30 230
21  76  39  58   0   7   0 0.03    M    M  5.4 24 340   M    M   0        31 350
22  64  39  52  -6  13   0 0.42    M    M  7.2 21 320   M    M   0        25 320
23  66  43  55  -2  10   0 0.00    M    M  9.0 20 260   M    M   0        26 270
24  74  37  56  -1   9   0 0.00    M    M  5.2 13  40   M    M   0        18 280
25  79  36  58   2   7   0 0.00    M    M  5.5 12  40   M    M   0        14  20
26  89  40  65   9   0   0 0.00    M    M  5.1 16  10   M    M   0        21  10
27  89  43  66  11   0   1 0.00    M    M  5.8 16  90   M    M   0        21  80
28  92  46  69  14   0   4 0.00    M    M  4.9 15 130   M    M   0        16 290
================================================================================
SM 2217 1157       155  29  0.64    M    191.7          M        0
================================================================================
AV 79.2 41.3                               6.8 FASTST   M    M   0    MAX(MPH)
                                 MISC ---->  # 25 220               # 36  210
================================================================================
NOTES:
# LAST OF SEVERAL OCCURRENCES

COLUMN 17 PEAK WIND IN M.P.H.

PRELIMINARY LOCAL CLIMATOLOGICAL DATA (WS FORM: F-6) , PAGE 2

                                          STATION:  ROME OR
                                          MONTH:    SEPTEMBER
                                          YEAR:     2016
                                          LATITUDE:   42 35 N
                                          LONGITUDE: 117 52 W

[TEMPERATURE DATA]      [PRECIPITATION DATA]       SYMBOLS USED IN COLUMN 16

AVERAGE MONTHLY: 60.2   TOTAL FOR MONTH:   0.64    1 = FOG OR MIST
DPTR FM NORMAL:  -0.5   DPTR FM NORMAL:    0.28    2 = FOG REDUCING VISIBILITY
HIGHEST:    92 ON 28    GRTST 24HR  0.42 ON 22-22      TO 1/4 MILE OR LESS
LOWEST:     30 ON 15                               3 = THUNDER
                        SNOW, ICE PELLETS, HAIL    4 = ICE PELLETS
                        TOTAL MONTH:    M          5 = HAIL
                        GRTST 24HR    M  ON   M    6 = FREEZING RAIN OR DRIZZLE
                        GRTST DEPTH:  M  ON   M    7 = DUSTSTORM OR SANDSTORM:
                                                       VSBY 1/2 MILE OR LESS
                                                   8 = SMOKE OR HAZE
[NO. OF DAYS WITH]      [WEATHER - DAYS WITH]      9 = BLOWING SNOW
                                                   X = TORNADO
MAX 32 OR BELOW:   0    0.01 INCH OR MORE:   3
MAX 90 OR ABOVE:   2    0.10 INCH OR MORE:   2
MIN 32 OR BELOW:   1    0.50 INCH OR MORE:   0
MIN  0 OR BELOW:   0    1.00 INCH OR MORE:   0

[HDD (BASE 65) ]
TOTAL THIS MO.   155    CLEAR  (SCALE 0-3)  28
DPTR FM NORMAL    -6    PTCLDY (SCALE 4-7)   0
TOTAL FM JUL 1   176    CLOUDY (SCALE 8-10)  0
DPTR FM NORMAL   -26

[CDD (BASE 65) ]
TOTAL THIS MO.    29
DPTR FM NORMAL   -10    [PRESSURE DATA]
TOTAL FM JAN 1   690    HIGHEST SLP M ON M
DPTR FM NORMAL   185    LOWEST  SLP 29.71 ON  4

[REMARKS]
