000
CXUS51 KAKQ 251010
CF6RIC
PRELIMINARY LOCAL CLIMATOLOGICAL DATA (WS FORM: F-6)

                                          STATION:   RICHMOND VA
                                          MONTH:     MARCH
                                          YEAR:      2017
                                          LATITUDE:   37 30 N
                                          LONGITUDE:  77 20 W

  TEMPERATURE IN F:       :PCPN:    SNOW:  WIND      :SUNSHINE: SKY     :PK WND
================================================================================
1   2   3   4   5  6A  6B    7    8   9   10  11  12  13   14  15   16   17  18
                                     12Z  AVG MX 2MIN
DY MAX MIN AVG DEP HDD CDD  WTR  SNW DPTH SPD SPD DIR MIN PSBL S-S WX    SPD DR
================================================================================

 1  81  56  69  25   0   4 0.11  0.0    0 16.5 39 300   M    M   8 1      48 220
 2  62  41  52   8  13   0 0.00  0.0    0 15.0 29 290   M    M   3        42 290
 3  50  28  39  -6  26   0    T    T    0 10.9 28 310   M    M   3        35 310
 4  48  22  35 -10  30   0 0.00  0.0    0  5.9 18 310   M    M   2        25 300
 5  45  26  36  -9  29   0 0.00  0.0    0  4.6 14  10   M    M   1        18  30
 6  63  28  46   1  19   0 0.00  0.0    0  7.5 16 200   M    M   5        21 200
 7  71  50  61  15   4   0    T  0.0    0 13.4 21 190   M    M  10        36 240
 8  68  51  60  14   5   0 0.06  0.0    0 13.0 32 310   M    M   5 1      40 310
 9  73  49  61  15   4   0 0.00  0.0    0 11.2 23 250   M    M   4        29 250
10  55  34  45  -2  20   0 0.01  0.0    0 13.4 30 320   M    M   7        38 340
11  48  26  37 -10  28   0 0.00  0.0    0  7.2 20 280   M    M   4        26 280
12  46  27  37 -10  28   0 0.00  0.0    0  4.5 16 100   M    M   4        19 300
13  47  26  37 -11  28   0 0.58    T    0  9.6 17  20   M    M   7 1      24  10
14  50  29  40  -8  25   0 1.06    T    0 20.1 32 290   M    M   8 14     43 290
15  39  23  31 -17  34   0 0.00  0.0    0 18.2 32 310   M    M   3        43 320
16  47  22  35 -13  30   0 0.00  0.0    0  9.9 21 280   M    M   1        27 270
17  56  24  40  -9  25   0 0.02  0.0    0  5.0 17 210   M    M   5        25 200
18  64  43  54   5  11   0 0.08  0.0    0  7.5 29 330   M    M  10 13     38 320
19  53  37  45  -4  20   0 0.19    T    0 13.2 21  10   M    M   8 14     26  10
20  58  33  46  -4  19   0 0.00  0.0    0  5.5 17  10   M    M   6        21  10
21  67  48  58   8   7   0    T  0.0    0  4.6 17  10   M    M   9        23  10
22  55  36  46  -4  19   0 0.00  0.0    0 14.4 33 330   M    M   4        41 330
23  51  28  40 -11  25   0 0.00  0.0    0  5.8 15  60   M    M   1        18  60
24  70  31  51   0  14   0 0.00  0.0    0 11.6 25 230   M    M   6        31 230
================================================================================
SM 1367  818       463   4  2.11    T    248.5          M      124
================================================================================
AV 57.0 34.1                              10.4 FASTST   M    M   5    MAX(MPH)
                                 MISC ---->  # 39 300               # 48  220
================================================================================
NOTES:
# LAST OF SEVERAL OCCURRENCES

COLUMN 17 PEAK WIND IN M.P.H.

PRELIMINARY LOCAL CLIMATOLOGICAL DATA (WS FORM: F-6) , PAGE 2

                                          STATION:  RICHMOND VA
                                          MONTH:    MARCH
                                          YEAR:     2017
                                          LATITUDE:   37 30 N
                                          LONGITUDE:  77 20 W

[TEMPERATURE DATA]      [PRECIPITATION DATA]       SYMBOLS USED IN COLUMN 16

AVERAGE MONTHLY: 45.5   TOTAL FOR MONTH:   2.11    1 = FOG OR MIST
DPTR FM NORMAL:  -1.9   DPTR FM NORMAL:   -0.99    2 = FOG REDUCING VISIBILITY
HIGHEST:    81 ON  1    GRTST 24HR  1.06 ON 14-14      TO 1/4 MILE OR LESS
LOWEST:     22 ON 16, 4                            3 = THUNDER
                        SNOW, ICE PELLETS, HAIL    4 = ICE PELLETS
                        TOTAL MONTH:    T          5 = HAIL
                        GRTST 24HR    T  ON 19-19  6 = FREEZING RAIN OR DRIZZLE
                        GRTST DEPTH:   0           7 = DUSTSTORM OR SANDSTORM:
                                                       VSBY 1/2 MILE OR LESS
                                                   8 = SMOKE OR HAZE
[NO. OF DAYS WITH]      [WEATHER - DAYS WITH]      9 = BLOWING SNOW
                                                   X = TORNADO
MAX 32 OR BELOW:   0    0.01 INCH OR MORE:   8
MAX 90 OR ABOVE:   0    0.10 INCH OR MORE:   4
MIN 32 OR BELOW:  13    0.50 INCH OR MORE:   2
MIN  0 OR BELOW:   0    1.00 INCH OR MORE:   1

[HDD (BASE 65) ]
TOTAL THIS MO.   463    CLEAR  (SCALE 0-3)   6
DPTR FM NORMAL    38    PTCLDY (SCALE 4-7)  13
TOTAL FM JUL 1  2945    CLOUDY (SCALE 8-10)  5
DPTR FM NORMAL  -416

[CDD (BASE 65) ]
TOTAL THIS MO.     4
DPTR FM NORMAL     4    [PRESSURE DATA]
TOTAL FM JAN 1     4    HIGHEST SLP M ON M
DPTR FM NORMAL     4    LOWEST  SLP 29.31 ON 14

[REMARKS]
