000
CXUS55 KRIW 210945
CF6RKS
PRELIMINARY LOCAL CLIMATOLOGICAL DATA (WS FORM: F-6)

                                          STATION:   ROCK SPRINGS WY
                                          MONTH:     OCTOBER
                                          YEAR:      2017
                                          LATITUDE:   41 35 N
                                          LONGITUDE: 109  4 W

  TEMPERATURE IN F:       :PCPN:    SNOW:  WIND      :SUNSHINE: SKY     :PK WND
================================================================================
1   2   3   4   5  6A  6B    7    8   9   10  11  12  13   14  15   16   17  18
                                     12Z  AVG MX 2MIN
DY MAX MIN AVG DEP HDD CDD  WTR  SNW DPTH SPD SPD DIR MIN PSBL S-S WX    SPD DR
================================================================================

 1  48  28  38 -12  27   0    T  0.0    0 13.3 32 270   M    M   4        39 270
 2  46  27  37 -13  28   0    T    M    M  6.7 25 240   M    M   4        32 240
 3  52  25  39 -10  26   0 0.00  0.0    M  7.6 22  60   M    M   0        25  60
 4  66  28  47  -2  18   0 0.00  0.0    M 13.3 38 230   M    M   0        46 230
 5  64  30  47  -1  18   0 0.00  0.0    M  5.4 15 260   M    M   1        18 250
 6  52  33  43  -5  22   0 0.00  0.0    M 19.8 33 280   M    M   2        43 260
 7  64  39  52   4  13   0 0.00  0.0    M 20.5 36 260   M    M   0        45 250
 8  51  28  40  -7  25   0    T    M    M 15.2 28  50   M    M   6 1      34 290
 9  44  25  35 -12  30   0 0.00  0.0    M 11.0 23  40   M    M   3        29  30
10  58  24  41  -6  24   0 0.00  0.0    M  6.2 16 290   M    M   0        20 280
11  63  28  46   0  19   0 0.00  0.0    M 10.9 25 200   M    M   0        31 200
12  51  32  42  -4  23   0 0.00  0.0    M 13.2 24 280   M    M   0        30 270
13  54  25  40  -6  25   0 0.00  0.0    M  7.1 22 270   M    M   0        28 240
14  42  26  34 -11  31   0 0.02    M    M 17.3 32 260   M    M   4 1      40 280
15  56  24  40  -5  25   0 0.00  0.0    M  9.1 20 230   M    M   0        23 220
16  65  28  47   3  18   0 0.00    M    M  9.1 22 280   M    M   0        27 280
17  66  35  51   7  14   0 0.00    M    M 10.4 18 260   M    M   0        24 260
18  65  37  51   7  14   0 0.00    M    M  8.6 17 240   M    M   0        23 240
19  67  30  49   6  16   0 0.00    M    M  5.1 18 230   M    M   0        22 220
20  64  29  47   4  18   0    T    M    M 19.1 38 280   M    M   3        55 250
================================================================================
SM 1138  581       434   0  0.02     0.0 228.9          M       27
================================================================================
AV 56.9 29.1                              11.4 FASTST   M    M   1    MAX(MPH)
                                 MISC ---->  # 38 230               # 55  250
================================================================================
NOTES:
# LAST OF SEVERAL OCCURRENCES

COLUMN 17 PEAK WIND IN M.P.H.

PRELIMINARY LOCAL CLIMATOLOGICAL DATA (WS FORM: F-6) , PAGE 2

                                          STATION:  ROCK SPRINGS WY
                                          MONTH:    OCTOBER
                                          YEAR:     2017
                                          LATITUDE:   41 35 N
                                          LONGITUDE: 109  4 W

[TEMPERATURE DATA]      [PRECIPITATION DATA]       SYMBOLS USED IN COLUMN 16

AVERAGE MONTHLY: 43.0   TOTAL FOR MONTH:   0.02    1 = FOG OR MIST
DPTR FM NORMAL:  -3.5   DPTR FM NORMAL:   -0.56    2 = FOG REDUCING VISIBILITY
HIGHEST:    67 ON 19    GRTST 24HR  0.03 ON 30- 1      TO 1/4 MILE OR LESS
LOWEST:     24 ON 15,10                            3 = THUNDER
                        SNOW, ICE PELLETS, HAIL    4 = ICE PELLETS
                        TOTAL MONTH:   0.0 INCH    5 = HAIL
                        GRTST 24HR     0.0         6 = FREEZING RAIN OR DRIZZLE
                        GRTST DEPTH:   0           7 = DUSTSTORM OR SANDSTORM:
                                                       VSBY 1/2 MILE OR LESS
                                                   8 = SMOKE OR HAZE
[NO. OF DAYS WITH]      [WEATHER - DAYS WITH]      9 = BLOWING SNOW
                                                   X = TORNADO
MAX 32 OR BELOW:   0    0.01 INCH OR MORE:   1
MAX 90 OR ABOVE:   0    0.10 INCH OR MORE:   0
MIN 32 OR BELOW:  16    0.50 INCH OR MORE:   0
MIN  0 OR BELOW:   0    1.00 INCH OR MORE:   0

[HDD (BASE 65) ]
TOTAL THIS MO.   434    CLEAR  (SCALE 0-3)  14
DPTR FM NORMAL    63    PTCLDY (SCALE 4-7)   6
TOTAL FM JUL 1   760    CLOUDY (SCALE 8-10)  0
DPTR FM NORMAL    61

[CDD (BASE 65) ]
TOTAL THIS MO.     0
DPTR FM NORMAL     0    [PRESSURE DATA]
TOTAL FM JAN 1   394    HIGHEST SLP M ON M
DPTR FM NORMAL   108    LOWEST  SLP 29.49 ON 20

[REMARKS]
