000
CXUS55 KREV 280850
CF6RNO
PRELIMINARY LOCAL CLIMATOLOGICAL DATA (WS FORM: F-6)

                                          STATION:   RENO TAHOE AIRPORT NV
                                          MONTH:     FEBRUARY
                                          YEAR:      2015
                                          LATITUDE:   39 30 N
                                          LONGITUDE: 119 47 W

  TEMPERATURE IN F:       :PCPN:    SNOW:  WIND      :SUNSHINE: SKY     :PK WND
================================================================================
1   2   3   4   5  6A  6B    7    8   9   10  11  12  13   14  15   16   17  18
                                     12Z  AVG MX 2MIN
DY MAX MIN AVG DEP HDD CDD  WTR  SNW DPTH SPD SPD DIR MIN PSBL S-S WX    SPD DR
================================================================================

 1  59  24  42   5  23   0 0.00  0.0    0  1.1  8 160   M    M   M        13 290
 2  54  32  43   5  22   0 0.03  0.0    0  1.5 29 360   M    M   M        35 360
 3  66  34  50  12  15   0 0.00  0.0    0  4.5 25 280   M    M   M 12     29 290
 4  65  36  51  13  14   0 0.00  0.0    0  5.8 26 210   M    M   M        35 190
 5  70  35  53  15  12   0 0.00  0.0    0 14.9 32 190   M    M   M        43 170
 6  66  43  55  17  10   0 0.22  0.0    0 26.7 46 180   M    M   M 1      58 140
 7  61  43  52  14  13   0 0.10  0.0    0 10.2 30 190   M    M   M 1      38 240
 8  55  34  45   7  20   0 0.81  0.0    0  5.6 25 180   M    M   M 13     39 200
 9  54  34  44   5  21   0 0.05  0.0    0 10.6 35 190   M    M   M        43 190
10  55  28  42   3  23   0 0.00  0.0    0  2.9 16  90   M    M   M        20 100
11  60  30  45   6  20   0 0.00  0.0    0  2.1  7 110   M    M   M        11 290
12  67  33  50  11  15   0 0.00  0.0    0  2.0 10  50   M    M   M        13  40
13  70  37  54  14  11   0 0.00  0.0    0  1.7 12  40   M    M   M        12  50
14  72  41  57  17   8   0 0.00  0.0    0  3.3 15  50   M    M   M        21  40
15  63  34  49   9  16   0 0.00  0.0    0  4.2 16  90   M    M   M        20  90
16  62  29  46   6  19   0 0.00  0.0    0  2.0 12  20   M    M   M        14  40
17  66  31  49   9  16   0 0.00  0.0    0  2.1  8 360   M    M   M        12 360
18  70  33  52  11  13   0 0.00  0.0    0  2.1 10  40   M    M   M        15 320
19  70  34  52  11  13   0 0.00  0.0    0  1.8 12  20   M    M   M 8      16 300
20  61  33  47   6  18   0 0.00  0.0    0  4.2 13  50   M    M   M        16 290
21  58  30  44   3  21   0 0.00  0.0    0  6.1 23  40   M    M   M        29  50
22  47  30  39  -3  26   0 0.00  0.0    0 11.5 23 100   M    M   M        30  70
23  44  21  33  -9  32   0 0.00  0.0    0  5.2 17 120   M    M   M        23 110
24  59  20  40  -2  25   0 0.00  0.0    0  1.8  6 280   M    M   M        12 300
25  61  27  44   2  21   0 0.00  0.0    0  2.9 13  50   M    M   M        19  20
26  56  32  44   2  21   0 0.00  0.0    0  4.9 17 350   M    M   M        21 290
27  54  35  45   2  20   0 0.01  0.0    0  5.8 30 270   M    M   M        39 280
================================================================================
SM 1645  873       488   0  1.22     0.0 147.5          M        M
================================================================================
AV 60.9 32.3                               5.5 FASTST   M    M  -2    MAX(MPH)
                                 MISC ---->  # 46 180               # 58  140
================================================================================
NOTES:
# LAST OF SEVERAL OCCURRENCES

COLUMN 17 PEAK WIND IN M.P.H.

PRELIMINARY LOCAL CLIMATOLOGICAL DATA (WS FORM: F-6) , PAGE 2

                                          STATION:  RENO TAHOE AIRPORT NV
                                          MONTH:    FEBRUARY
                                          YEAR:     2015
                                          LATITUDE:   39 30 N
                                          LONGITUDE: 119 47 W

[TEMPERATURE DATA]      [PRECIPITATION DATA]       SYMBOLS USED IN COLUMN 16

AVERAGE MONTHLY: 46.6   TOTAL FOR MONTH:   1.22    1 = FOG OR MIST
DPTR FM NORMAL:   6.8   DPTR FM NORMAL:    0.24    2 = FOG REDUCING VISIBILITY
HIGHEST:    72 ON 14    GRTST 24HR  0.86 ON  8- 9      TO 1/4 MILE OR LESS
LOWEST:     20 ON 24                               3 = THUNDER
                        SNOW, ICE PELLETS, HAIL    4 = ICE PELLETS
                        TOTAL MONTH:   0.0 INCH    5 = HAIL
                        GRTST 24HR     0.0         6 = FREEZING RAIN OR DRIZZLE
                        GRTST DEPTH:   0           7 = DUSTSTORM OR SANDSTORM:
                                                       VSBY 1/2 MILE OR LESS
                                                   8 = SMOKE OR HAZE
[NO. OF DAYS WITH]      [WEATHER - DAYS WITH]      9 = BLOWING SNOW
                                                   X = TORNADO
MAX 32 OR BELOW:   0    0.01 INCH OR MORE:   6
MAX 90 OR ABOVE:   0    0.10 INCH OR MORE:   3
MIN 32 OR BELOW:  12    0.50 INCH OR MORE:   1
MIN  0 OR BELOW:   0    1.00 INCH OR MORE:   0

[HDD (BASE 65) ]
TOTAL THIS MO.   488    CLEAR  (SCALE 0-3)   0
DPTR FM NORMAL  -191    PTCLDY (SCALE 4-7)   0
TOTAL FM JUL 1  2836    CLOUDY (SCALE 8-10)  0
DPTR FM NORMAL  -780

[CDD (BASE 65) ]
TOTAL THIS MO.     0
DPTR FM NORMAL     0    [PRESSURE DATA]
TOTAL FM JAN 1     0    HIGHEST SLP M ON M
DPTR FM NORMAL     0    LOWEST  SLP 29.56 ON 27

[REMARKS]
