000
CXUS53 KGRB 280711
CF6RRL
PRELIMINARY LOCAL CLIMATOLOGICAL DATA (WS FORM: F-6)

                                          STATION:   MERRILL MUNICIPAL AI
                                          MONTH:     APRIL
                                          YEAR:      2016
                                          LATITUDE:   45 10 N
                                          LONGITUDE:  89 42 W

  TEMPERATURE IN F:       :PCPN:    SNOW:  WIND      :SUNSHINE: SKY     :PK WND
================================================================================
1   2   3   4   5  6A  6B    7    8   9   10  11  12  13   14  15   16   17  18
                                     12Z  AVG MX 2MIN
DY MAX MIN AVG DEP HDD CDD  WTR  SNW DPTH SPD SPD DIR MIN PSBL S-S WX    SPD DR
================================================================================

 1  37  25  31   M  34   0 0.02    M    0  4.7 14 330   M    M   7 1      25 330
 2  29  16  23   M  42   0 0.00  0.0    0  8.8 22 350   M    M   8 8      32 350
 3  41  21  31   M  34   0 0.00  0.0    0  8.0 16 130   M    M   9        17 140
 4  35  20  28   M  37   0 0.00  0.0    0  5.3 10  50   M    M   7         M  M
 5  41  15  28   M  37   0 0.06    M    0  6.0 14 210   M    M   5        23 180
 6  37  30  34   M  31   0 0.05    M    0  5.0 13  10   M    M  10 1      17  10
 7  36  30  33   M  32   0 0.00  0.0    0  7.0 14 360   M    M   9        18 360
 8  30  18  24   M  41   0 0.00  0.0    0  9.4 20 350   M    M   8        31  20
 9  32  12  22   M  43   0 0.00  0.0    0  6.1 15 150   M    M   4        17 160
10  53  28  41   M  24   0 0.00  0.0    0 10.5 23 280   M    M   6        24 260
11  38  28  33   M  32   0 0.00  0.0    0 11.9 18 300   M    M   8        28 310
12  46  21  34   M  31   0 0.01    M    0  4.5 13 220   M    M   3        18 220
13  50  32  41   M  24   0 0.05    M    0  7.9 13 160   M    M   6        20 160
14  66  30  48   M  17   0 0.00  0.0    0  7.5 14 190   M    M   2        22 190
15  70  32  51   M  14   0 0.00  0.0    0  7.4 14 150   M    M   0        24 160
16  77  36  57   M   8   0 0.00  0.0    0  4.8 10 170   M    M   1        18 190
17  79  43  61   M   4   0 0.00  0.0    0  4.1 10 220   M    M   6         M  M
18  78  45  62   M   3   0 0.00  0.0    0  4.1 14  30   M    M   2        18  50
19  56  43  50   M  15   0 0.00  0.0    0  6.4 12  90   M    M  10        17 100
20  64  46  55   M  10   0 0.00  0.0    0  6.3 16 150   M    M   9        20 150
21  70  43  57   M   8   0 0.00  0.0    0  4.6 12  50   M    M   8         M  M
22  57  36  47   M  18   0 0.00  0.0    0  6.7 13  20   M    M   4        17  40
23  60  30  45   M  20   0 0.00  0.0    0  5.2 10 130   M    M   5        21 130
24  46  39  43   M  22   0 0.52    M    0  5.9 12 100   M    M  10         9  90
25  45  37  41   M  24   0 0.07    M    0  9.8 16  90   M    M  10 13     27  90
26  52  35  44   M  21   0 0.00  0.0    0  7.6 13  80   M    M   6 1      16  90
27  55  28  42   M  23   0 0.00  0.0    0  9.0 18  90   M    M   3        25  90
================================================================================
SM 1380  819       649   0  0.78     0.0 184.5          M      166
================================================================================
AV 51.1 30.3                               6.8 FASTST   M    M   6    MAX(MPH)
                                 MISC ---->  # 23 280                 32    M
================================================================================
NOTES:
# LAST OF SEVERAL OCCURRENCES

COLUMN 17 PEAK WIND IN M.P.H.

PRELIMINARY LOCAL CLIMATOLOGICAL DATA (WS FORM: F-6) , PAGE 2

                                          STATION:  MERRILL MUNICIPAL AI
                                          MONTH:    APRIL
                                          YEAR:     2016
                                          LATITUDE:   45 10 N
                                          LONGITUDE:  89 42 W

[TEMPERATURE DATA]      [PRECIPITATION DATA]       SYMBOLS USED IN COLUMN 16

AVERAGE MONTHLY: 40.7   TOTAL FOR MONTH:   0.78    1 = FOG OR MIST
DPTR FM NORMAL:     M   DPTR FM NORMAL:       M    2 = FOG REDUCING VISIBILITY
HIGHEST:    79 ON 17    GRTST 24HR  0.52 ON 24-24      TO 1/4 MILE OR LESS
LOWEST:     12 ON  9                               3 = THUNDER
                        SNOW, ICE PELLETS, HAIL    4 = ICE PELLETS
                        TOTAL MONTH:   0.0 INCH    5 = HAIL
                        GRTST 24HR     0.0         6 = FREEZING RAIN OR DRIZZLE
                        GRTST DEPTH:   0           7 = DUSTSTORM OR SANDSTORM:
                                                       VSBY 1/2 MILE OR LESS
                                                   8 = SMOKE OR HAZE
[NO. OF DAYS WITH]      [WEATHER - DAYS WITH]      9 = BLOWING SNOW
                                                   X = TORNADO
MAX 32 OR BELOW:   3    0.01 INCH OR MORE:   7
MAX 90 OR ABOVE:   0    0.10 INCH OR MORE:   1
MIN 32 OR BELOW:  17    0.50 INCH OR MORE:   1
MIN  0 OR BELOW:   0    1.00 INCH OR MORE:   0

[HDD (BASE 65) ]
TOTAL THIS MO.   649    CLEAR  (SCALE 0-3)   6
DPTR FM NORMAL     M    PTCLDY (SCALE 4-7)  13
TOTAL FM JUL 1  7140    CLOUDY (SCALE 8-10)  8
DPTR FM NORMAL  6760

[CDD (BASE 65) ]
TOTAL THIS MO.     0
DPTR FM NORMAL     M    [PRESSURE DATA]
TOTAL FM JAN 1     0    HIGHEST SLP M ON M
DPTR FM NORMAL     0    LOWEST  SLP M ON M

[REMARKS]
