000
CXUS53 KARX 260930
CF6RST
PRELIMINARY LOCAL CLIMATOLOGICAL DATA (WS FORM: F-6)

                                          STATION:   ROCHESTER MN
                                          MONTH:     SEPTEMBER
                                          YEAR:      2016
                                          LATITUDE:   43 55 N
                                          LONGITUDE:  92 30 W

  TEMPERATURE IN F:       :PCPN:    SNOW:  WIND      :SUNSHINE: SKY     :PK WND
================================================================================
1   2   3   4   5  6A  6B    7    8   9   10  11  12  13   14  15   16   17  18
                                     12Z  AVG MX 2MIN
DY MAX MIN AVG DEP HDD CDD  WTR  SNW DPTH SPD SPD DIR MIN PSBL S-S WX    SPD DR
================================================================================

 1  75  54  65  -1   0   0 0.00  0.0    0  6.8 14  30   M    M   1        20  60
 2  74  51  63  -3   2   0 0.00  0.0    0  7.1 13 160   M    M   1        17 170
 3  74  52  63  -3   2   0 0.00  0.0    0  9.5 17 160   M    M   1        26 200
 4  78  57  68   2   0   3 0.00  0.0    0 12.8 23 170   M    M   2        32 190
 5  83  65  74   9   0   9 1.25  0.0    0 13.2 32 220   M    M   4 13     43 230
 6  82  68  75  10   0  10 0.43  0.0    0 10.3 18 210   M    M   7 13     25 200
 7  76  64  70   6   0   5 0.60  0.0    0  4.6 10 130   M    M   4 13     25 120
 8  78  58  68   4   0   3 0.00  0.0    0  7.0 16 290   M    M   2 1      21 280
 9  71  57  64   0   1   0 0.90  0.0    0  7.4 21 360   M    M   8 13     26 360
10  71  52  62  -1   3   0    T  0.0    0 10.9 22 310   M    M   4        29 330
11  76  50  63   0   2   0 0.00  0.0    0 12.0 23 200   M    M   0        32 200
12  82  55  69   6   0   4 0.12  0.0    0 11.6 23 170   M    M   3 13     32 180
13  67  54  61  -1   4   0 0.07  0.0    0  8.9 17 340   M    M   5 13     23 340
14  71  50  61  -1   4   0 0.00  0.0    0  5.3  8 150   M    M   2        14 110
15  77  53  65   4   0   0 1.19  0.0    0 11.2 21 160   M    M   5 13     28 150
16  76  61  69   8   0   4 0.09  0.0    0  7.5 20 160   M    M   5        24 140
17  67  53  60   0   5   0 0.00  0.0    0  9.2 16 280   M    M   5 1      21 280
18  83  52  68   8   0   3 0.00  0.0    0 12.3 22 200   M    M   1        31 210
19  78  54  66   6   0   1    T  0.0    0  7.5 17  20   M    M   1        26 190
20  82  52  67   8   0   2    T  0.0    0  8.2 17 160   M    M   1 3      28 270
21  80  62  71  12   0   6 3.60  0.0    0 15.4 32 260   M    M   4 13     44 260
22  73  63  68  10   0   3 0.71  0.0    0 10.4 22 160   M    M   8 13     30 150
23  66  61  64   6   1   0    T  0.0    0 11.9 20 120   M    M  10 1      24 120
24  71  62  67  10   0   2 0.00  0.0    0 13.4 20 140   M    M  10 1      25 150
25  68  52  60   3   5   0 0.12  0.0    0 12.1 21 290   M    M   8 1      30 290
================================================================================
SM 1879 1412        29  55  9.08     0.0 246.5          M      102
================================================================================
AV 75.2 56.5                               9.9 FASTST   M    M   4    MAX(MPH)
                                 MISC ---->  # 32 220               # 44  260
================================================================================
NOTES:
# LAST OF SEVERAL OCCURRENCES

COLUMN 17 PEAK WIND IN M.P.H.

PRELIMINARY LOCAL CLIMATOLOGICAL DATA (WS FORM: F-6) , PAGE 2

                                          STATION:  ROCHESTER MN
                                          MONTH:    SEPTEMBER
                                          YEAR:     2016
                                          LATITUDE:   43 55 N
                                          LONGITUDE:  92 30 W

[TEMPERATURE DATA]      [PRECIPITATION DATA]       SYMBOLS USED IN COLUMN 16

AVERAGE MONTHLY: 65.8   TOTAL FOR MONTH:   9.08    1 = FOG OR MIST
DPTR FM NORMAL:   3.9   DPTR FM NORMAL:    6.15    2 = FOG REDUCING VISIBILITY
HIGHEST:    83 ON 18, 5 GRTST 24HR  3.60 ON 21-21      TO 1/4 MILE OR LESS
LOWEST:     50 ON 14,11                            3 = THUNDER
                        SNOW, ICE PELLETS, HAIL    4 = ICE PELLETS
                        TOTAL MONTH:   0.0 INCH    5 = HAIL
                        GRTST 24HR     0.0         6 = FREEZING RAIN OR DRIZZLE
                        GRTST DEPTH:   0           7 = DUSTSTORM OR SANDSTORM:
                                                       VSBY 1/2 MILE OR LESS
                                                   8 = SMOKE OR HAZE
[NO. OF DAYS WITH]      [WEATHER - DAYS WITH]      9 = BLOWING SNOW
                                                   X = TORNADO
MAX 32 OR BELOW:   0    0.01 INCH OR MORE:  11
MAX 90 OR ABOVE:   0    0.10 INCH OR MORE:   9
MIN 32 OR BELOW:   0    0.50 INCH OR MORE:   6
MIN  0 OR BELOW:   0    1.00 INCH OR MORE:   3

[HDD (BASE 65) ]
TOTAL THIS MO.    29    CLEAR  (SCALE 0-3)  10
DPTR FM NORMAL   -97    PTCLDY (SCALE 4-7)  13
TOTAL FM JUL 1    40    CLOUDY (SCALE 8-10)  2
DPTR FM NORMAL  -124

[CDD (BASE 65) ]
TOTAL THIS MO.    55
DPTR FM NORMAL     5    [PRESSURE DATA]
TOTAL FM JAN 1   628    HIGHEST SLP M ON M
DPTR FM NORMAL    53    LOWEST  SLP 29.79 ON  8

[REMARKS]
