000
CXUS53 KMPX 201000
CF6RWF
PRELIMINARY LOCAL CLIMATOLOGICAL DATA (WS FORM: F-6)

                                          STATION:   REDWOOD FALLS MN
                                          MONTH:     JANUARY
                                          YEAR:      2018
                                          LATITUDE:   44 32 N
                                          LONGITUDE:  95  5 W

  TEMPERATURE IN F:       :PCPN:    SNOW:  WIND      :SUNSHINE: SKY     :PK WND
================================================================================
1   2   3   4   5  6A  6B    7    8   9   10  11  12  13   14  15   16   17  18
                                     12Z  AVG MX 2MIN
DY MAX MIN AVG DEP HDD CDD  WTR  SNW DPTH SPD SPD DIR MIN PSBL S-S WX    SPD DR
================================================================================

 1  -3 -18 -10 -25  75   0    M    M    M  8.3 14 290   M    M   0        17 290
 2  17 -15   1 -14  64   0    M    M    M 13.7 23 260   M    M   2        32 270
 3   9  -5   2 -12  63   0    M    M    M 10.9 23 320   M    M   3        32 310
 4   M   M   M   M   M   M    M    M    M  3.3  8 140   M    M  10 8      12 110
 5   M   M   M   M   M   M    M    M    M  2.7  7  40   M    M   0         9  40
 6   M   M   M   M   M   M    M    M    M 14.7 28 150   M    M   5 8      34 160
 7   M   M   M   M   M   M    M    M    M 11.3 20 330   M    M   4        28 330
 8  37  26  32  18  33   0    M    M    M  8.3 17 260   M    M   1        21 270
 9  43  28  36  22  29   0    M    M    M 14.6 24 160   M    M   1 1      32 160
10  39  13  26  12  39   0    M    M    M 13.2 26 310   M    M   6 1      34 320
11  13  -8   3 -11  62   0    M    M    M 20.3 31 320   M    M   7 18     46 320
12   4 -13  -4 -18  69   0    M    M    M  9.5 17 330   M    M   1        24 310
13   4 -14  -5 -19  70   0    M    M    M  5.7 10 160   M    M   0        17 200
14  21  -3   9  -5  56   0    M    M    M 15.0 25 320   M    M   9 18     37 310
15   3 -10  -3 -17  68   0    M    M    M 16.6 25 320   M    M  10 18     37 310
16   3 -10  -3 -17  68   0    M    M    M  9.9 18 320   M    M   4 18     27 310
17  31  -1  15   1  50   0    M    M    M 11.0 20 210   M    M   0        24 210
18  44  19  32  18  33   0    M    M    M  9.9 17 230   M    M   0        22 230
19  46  29  38  24  27   0    M    M    M  8.5 16 280   M    M   0        28 230
================================================================================
SM  311   18       806   0    M     M    207.4          M       63
================================================================================
AV 20.7  1.2                              10.9 FASTST   M    M   3    MAX(MPH)
                                 MISC ---->  # 31 320               # 46  320
================================================================================
NOTES:
# LAST OF SEVERAL OCCURRENCES

COLUMN 17 PEAK WIND IN M.P.H.

PRELIMINARY LOCAL CLIMATOLOGICAL DATA (WS FORM: F-6) , PAGE 2

                                          STATION:  REDWOOD FALLS MN
                                          MONTH:    JANUARY
                                          YEAR:     2018
                                          LATITUDE:   44 32 N
                                          LONGITUDE:  95  5 W

[TEMPERATURE DATA]      [PRECIPITATION DATA]       SYMBOLS USED IN COLUMN 16

AVERAGE MONTHLY: 11.0   TOTAL FOR MONTH:      M    1 = FOG OR MIST
DPTR FM NORMAL:  -3.1   DPTR FM NORMAL:       M    2 = FOG REDUCING VISIBILITY
HIGHEST:    46 ON 19    GRTST 24HR    T  ON 31- 1      TO 1/4 MILE OR LESS
LOWEST:    -18 ON  1                               3 = THUNDER
                        SNOW, ICE PELLETS, HAIL    4 = ICE PELLETS
                        TOTAL MONTH:    M          5 = HAIL
                        GRTST 24HR    M  ON   M    6 = FREEZING RAIN OR DRIZZLE
                        GRTST DEPTH:  M  ON   M    7 = DUSTSTORM OR SANDSTORM:
                                                       VSBY 1/2 MILE OR LESS
                                                   8 = SMOKE OR HAZE
[NO. OF DAYS WITH]      [WEATHER - DAYS WITH]      9 = BLOWING SNOW
                                                   X = TORNADO
MAX 32 OR BELOW:  10    0.01 INCH OR MORE:   0
MAX 90 OR ABOVE:   0    0.10 INCH OR MORE:   0
MIN 32 OR BELOW:  15    0.50 INCH OR MORE:   0
MIN  0 OR BELOW:  10    1.00 INCH OR MORE:   0

[HDD (BASE 65) ]
TOTAL THIS MO.   806    CLEAR  (SCALE 0-3)  11
DPTR FM NORMAL  -160    PTCLDY (SCALE 4-7)   5
TOTAL FM JUL 1  3691    CLOUDY (SCALE 8-10)  3
DPTR FM NORMAL  -451

[CDD (BASE 65) ]
TOTAL THIS MO.     0
DPTR FM NORMAL     0    [PRESSURE DATA]
TOTAL FM JAN 1     0    HIGHEST SLP M ON M
DPTR FM NORMAL     0    LOWEST  SLP 29.45 ON 10

[REMARKS]
