000
CXUS53 KMPX 281000
CF6RWF
PRELIMINARY LOCAL CLIMATOLOGICAL DATA (WS FORM: F-6)

                                          STATION:   REDWOOD FALLS MN
                                          MONTH:     SEPTEMBER
                                          YEAR:      2016
                                          LATITUDE:   44 32 N
                                          LONGITUDE:  95  5 W

  TEMPERATURE IN F:       :PCPN:    SNOW:  WIND      :SUNSHINE: SKY     :PK WND
================================================================================
1   2   3   4   5  6A  6B    7    8   9   10  11  12  13   14  15   16   17  18
                                     12Z  AVG MX 2MIN
DY MAX MIN AVG DEP HDD CDD  WTR  SNW DPTH SPD SPD DIR MIN PSBL S-S WX    SPD DR
================================================================================

 1  76  56  66  -1   0   1 0.00    M    M  6.2 13 160   M    M   0 1      16 140
 2  76  53  65  -2   0   0 0.00    M    M 12.4 23 170   M    M   1        28 170
 3  78  58  68   2   0   3 0.00    M    M 15.1 25 160   M    M   1        34 150
 4  78  62  70   4   0   5 0.07    M    M 16.3 25 160   M    M   8 13     35 250
 5  78  65  72   6   0   7 1.18    M    M  8.5 23 160   M    M   8 13     28 180
 6  76  66  71   6   0   6 0.45    M    M  6.4 17 330   M    M   9 13     26 330
 7  79  67  73   8   0   8 0.02    M    M  6.4 15 270   M    M   7 1      22 100
 8  77  57  67   3   0   2    T    M    M  6.1 16 290   M    M   3 3      21 290
 9  75  56  66   2   0   1 0.13    M    M  8.0 22 300   M    M   6 13     29 290
10  73  52  63  -1   2   0 0.00    M    M  9.8 18 280   M    M   1        28 240
11  80  54  67   4   0   2 0.00    M    M 14.7 29 210   M    M   0        36 200
12  75  59  67   4   0   2    T    M    M 10.0 17 200   M    M   5 1      22 200
13  61  49  55  -7  10   0 0.01    M    M  8.1 15 340   M    M   5        22 350
14  69  46  58  -4   7   0 0.00    M    M  5.8 12 150   M    M   2        15 140
15  65  58  62   0   3   0 0.70    M    M  8.7 30 250   M    M   8 13     41 250
16  77  59  68   7   0   3 0.10    M    M  8.2 20 250   M    M   8 1      23 240
17  74  55  65   4   0   0 0.00    M    M  9.2 20 250   M    M   4 1      33 220
18  85  54  70  10   0   5 0.00    M    M 11.0 23 200   M    M   1        31 190
19  82  56  69   9   0   4    T    M    M  4.5 14 320   M    M   1        21 320
20  80  54  67   8   0   2    T    M    M  5.8 15 110   M    M   3        22  90
21  77  62  70  11   0   5 0.00    M    M  9.2 17  60   M    M   7 1      28  70
22  71  60  66   8   0   1 0.01    M    M  6.9 13  40   M    M  10 13     19  80
23  68  59  64   6   1   0 0.31    M    M 11.9 18  90   M    M   9 13     26 130
24  84  66  75  17   0  10 1.27    M    M 12.7 29 260   M    M   7 138    35 270
25  69  53  61   4   4   0 0.01    M    M 14.3 28 290   M    M   6        35 290
26  69  47  58   1   7   0 0.00    M    M 17.4 33 300   M    M   0        42 300
27  68  43  56   0   9   0 0.00    M    M 11.6 25 300   M    M   2        34 300
================================================================================
SM 2020 1526        43  67  4.26    M    265.2          M      122
================================================================================
AV 74.8 56.5                               9.8 FASTST   M    M   5    MAX(MPH)
                                 MISC ---->  # 33 300               # 42  300
================================================================================
NOTES:
# LAST OF SEVERAL OCCURRENCES

COLUMN 17 PEAK WIND IN M.P.H.

PRELIMINARY LOCAL CLIMATOLOGICAL DATA (WS FORM: F-6) , PAGE 2

                                          STATION:  REDWOOD FALLS MN
                                          MONTH:    SEPTEMBER
                                          YEAR:     2016
                                          LATITUDE:   44 32 N
                                          LONGITUDE:  95  5 W

[TEMPERATURE DATA]      [PRECIPITATION DATA]       SYMBOLS USED IN COLUMN 16

AVERAGE MONTHLY: 65.7   TOTAL FOR MONTH:   4.26    1 = FOG OR MIST
DPTR FM NORMAL:   3.8   DPTR FM NORMAL:    1.49    2 = FOG REDUCING VISIBILITY
HIGHEST:    85 ON 18    GRTST 24HR  1.28 ON 24-25      TO 1/4 MILE OR LESS
LOWEST:     43 ON 27                               3 = THUNDER
                        SNOW, ICE PELLETS, HAIL    4 = ICE PELLETS
                        TOTAL MONTH:    M          5 = HAIL
                        GRTST 24HR    M  ON   M    6 = FREEZING RAIN OR DRIZZLE
                        GRTST DEPTH:  M  ON   M    7 = DUSTSTORM OR SANDSTORM:
                                                       VSBY 1/2 MILE OR LESS
                                                   8 = SMOKE OR HAZE
[NO. OF DAYS WITH]      [WEATHER - DAYS WITH]      9 = BLOWING SNOW
                                                   X = TORNADO
MAX 32 OR BELOW:   0    0.01 INCH OR MORE:  12
MAX 90 OR ABOVE:   0    0.10 INCH OR MORE:   7
MIN 32 OR BELOW:   0    0.50 INCH OR MORE:   3
MIN  0 OR BELOW:   0    1.00 INCH OR MORE:   2

[HDD (BASE 65) ]
TOTAL THIS MO.    43    CLEAR  (SCALE 0-3)  12
DPTR FM NORMAL   -97    PTCLDY (SCALE 4-7)  10
TOTAL FM JUL 1    52    CLOUDY (SCALE 8-10)  5
DPTR FM NORMAL  -118

[CDD (BASE 65) ]
TOTAL THIS MO.    67
DPTR FM NORMAL    12    [PRESSURE DATA]
TOTAL FM JAN 1   783    HIGHEST SLP M ON M
DPTR FM NORMAL   120    LOWEST  SLP 29.68 ON 18

[REMARKS]
