000
CXUS55 KPIH 231200
CF6RXE

PRELIMINARY LOCAL CLIMATOLOGICAL DATA (WS FORM: F-6)

                                          STATION:   REXBURG ID
                                          MONTH:     JUNE
                                          YEAR:      2017
                                          LATITUDE:   43 49 N
                                          LONGITUDE: 111 48 W

  TEMPERATURE IN F:       :PCPN:    SNOW:  WIND      :SUNSHINE: SKY     :PK WND
================================================================================
1   2   3   4   5  6A  6B    7    8   9   10  11  12  13   14  15   16   17  18
                                     12Z  AVG MX 2MIN
DY MAX MIN AVG DEP HDD CDD  WTR  SNW DPTH SPD SPD DIR MIN PSBL S-S WX    SPD DR
================================================================================

 1  78  56  67  10   0   2 0.15    M    M  9.6 29 180   M    M   3 3      43 180
 2  72  50  61   4   4   0 0.00    M    M  7.2 14 220   M    M   2        19 210
 3  79  44  62   5   3   0 0.00    M    M  4.2 12 210   M    M   0        16 270
 4  88  49  69  12   0   4    T    M    M  6.8 32 240   M    M   1 3      51 200
 5  74  50  62   4   3   0    T    M    M  9.2 17 210   M    M   0        24 210
 6  83  43  63   5   2   0 0.00    M    M  5.1 14 150   M    M   0        18 170
 7  88  55  72  14   0   7    T    M    M  8.0 20 160   M    M   0        26 180
 8  86  53  70  12   0   5 0.00    M    M  9.9 23 210   M    M   0        34 200
 9  60  45  53  -5  12   0 0.24    M    M  9.1 17 160   M    M   7 1      25 160
10  64  40  52  -7  13   0 0.00    M    M 10.8 24 230   M    M   2        32 230
11  69  41  55  -4  10   0    T    M    M 10.3 22  30   M    M   3        29  80
12  71  43  57  -2   8   0 0.54    M    M  8.5 32 230   M    M   6 123    43 230
13  54  40  47 -12  18   0 0.56    M    M 12.8 25 210   M    M   9 1      33 220
14  69  45  57  -2   8   0 0.00    M    M 11.7 21 220   M    M   3        30 230
15  76  50  63   3   2   0 0.00    M    M  8.6 18 220   M    M   3 8      26 220
16  71  58  65   5   0   0    T    M    M 15.4 31 240   M    M   7 8      41 240
17  71  53  62   2   3   0 0.00    M    M  8.8 16 200   M    M   4        24 190
18  75  49  62   2   3   0 0.00    M    M  8.2 15 220   M    M   2        19 210
19  82  47  65   5   0   0 0.00    M    M  4.4  9 150   M    M   0        14 220
20  87  51  69   8   0   4 0.11    M    M  5.5 26 350   M    M   1 3      36 350
21  85  51  68   7   0   3 0.00    M    M 11.4 26 210   M    M   0        34 200
22  76  49  63   2   2   0 0.00    M    M  6.2 14 200   M    M   0        18 190
================================================================================
SM 1658 1062        91  25  1.60    M    191.7          M       53
================================================================================
AV 75.4 48.3                               8.7 FASTST   M    M   2    MAX(MPH)
                                 MISC ---->  # 32 240               # 51  200
================================================================================
NOTES:
# LAST OF SEVERAL OCCURRENCES
PRECIPITATION SUSPECT DURING FREEZING/FROZEN EVENTS

COLUMN 17 PEAK WIND IN M.P.H.

PRELIMINARY LOCAL CLIMATOLOGICAL DATA (WS FORM: F-6) , PAGE 2

                                          STATION:  REXBURG ID
                                          MONTH:    JUNE
                                          YEAR:     2017
                                          LATITUDE:   43 49 N
                                          LONGITUDE: 111 48 W

[TEMPERATURE DATA]      [PRECIPITATION DATA]       SYMBOLS USED IN COLUMN 16

AVERAGE MONTHLY: 61.8   TOTAL FOR MONTH:   1.60    1 = FOG OR MIST
DPTR FM NORMAL:   2.9   DPTR FM NORMAL:    0.41    2 = FOG REDUCING VISIBILITY
HIGHEST:    88 ON  7, 4 GRTST 24HR  0.56 ON 13-13      TO 1/4 MILE OR LESS
LOWEST:     40 ON 13,10                            3 = THUNDER
                        SNOW, ICE PELLETS, HAIL    4 = ICE PELLETS
                        TOTAL MONTH:    M          5 = HAIL
                        GRTST 24HR    M  ON   M    6 = FREEZING RAIN OR DRIZZLE
                        GRTST DEPTH:  M  ON   M    7 = DUSTSTORM OR SANDSTORM:
                                                       VSBY 1/2 MILE OR LESS
                                                   8 = SMOKE OR HAZE
[NO. OF DAYS WITH]      [WEATHER - DAYS WITH]      9 = BLOWING SNOW
                                                   X = TORNADO
MAX 32 OR BELOW:   0    0.01 INCH OR MORE:   5
MAX 90 OR ABOVE:   0    0.10 INCH OR MORE:   5
MIN 32 OR BELOW:   0    0.50 INCH OR MORE:   2
MIN  0 OR BELOW:   0    1.00 INCH OR MORE:   0

[HDD (BASE 65) ]
TOTAL THIS MO.    91    CLEAR  (SCALE 0-3)  16
DPTR FM NORMAL   -52    PTCLDY (SCALE 4-7)   5
TOTAL FM JUL 1  7632    CLOUDY (SCALE 8-10)  1
DPTR FM NORMAL  -469

[CDD (BASE 65) ]
TOTAL THIS MO.    25
DPTR FM NORMAL    15    [PRESSURE DATA]
TOTAL FM JAN 1    26    HIGHEST SLP M ON M
DPTR FM NORMAL    12    LOWEST  SLP 29.48 ON 11

[REMARKS]
