000
CXUS56 KSTO 281455
CF6SAC
PRELIMINARY LOCAL CLIMATOLOGICAL DATA (WS FORM: F-6)

                                          STATION:   SACRAMENTO EXEC. AIRPORT CA
                                          MONTH:     DECEMBER
                                          YEAR:      2014
                                          LATITUDE:   38 31 N
                                          LONGITUDE: 121 30 W

  TEMPERATURE IN F:       :PCPN:    SNOW:  WIND      :SUNSHINE: SKY     :PK WND
================================================================================
1   2   3   4   5  6A  6B    7    8   9   10  11  12  13   14  15   16   17  18
                                     12Z  AVG MX 2MIN
DY MAX MIN AVG DEP HDD CDD  WTR  SNW DPTH SPD SPD DIR MIN PSBL S-S WX    SPD DR
================================================================================

 1  65  51  58  10   7   0 0.01  0.0    0  4.3 10 330   M    M   6 1      12 350
 2  59  53  56   8   9   0 0.76  0.0    0  6.0 15 160   M    M   8 1      23 160
 3  65  58  62  14   3   0 2.20  0.0    0  9.2 25 150   M    M   8 1      36 150
 4  69  54  62  14   3   0    T  0.0    0  3.2  9 180   M    M   6 18     14 150
 5  67  55  61  13   4   0 0.12  0.0    0  5.6 15 150   M    M   7 1      21 150
 6  68  54  61  14   4   0 0.02  0.0    0  2.3  9 240   M    M   6 1      10 230
 7  63  52  58  11   7   0 0.00  0.0    0  2.3  9 270   M    M   6 128    13 280
 8  62  50  56   9   9   0 0.00  0.0    0  1.2  6 120   M    M   7 12      7 120
 9  60  49  55   8  10   0 0.00  0.0    0  1.4 13 310   M    M   6 128    16 310
10  58  53  56   9   9   0 0.00  0.0    0  7.9 16 140   M    M   7 128    25 150
11  63  50  57  11   8   0 2.39  0.0    0 10.4 28 150   M    M  10 18     41 150
12  53  45  49   3  16   0 0.55    M    0  2.1  8 130   M    M   9 12     14 120
13  57  44  51   5  14   0 0.00  0.0    0  2.2 12 360   M    M   6 128    14 360
14  53  46  50   4  15   0 0.00  0.0    0  2.2 12  70   M    M   9 12     14  70
15  56  49  53   7  12   0 0.53    M    0  9.2 22 140   M    M  10 1      32 130
16  62  50  56  10   9   0 0.99  0.0    0  8.3 17 150   M    M   7 13     26 160
17  57  49  53   7  12   0 0.06    M    0  5.5 12 190   M    M   9 1      15 150
18  61  49  55   9  10   0    T    M    0  4.1 10 150   M    M   5 18     14 160
19  55  51  53   7  12   0 0.96  0.0    0  6.6 16 280   M    M  10 1      21 280
20  58  53  56  11   9   0    T  0.0    0  5.9 10 140   M    M  10        15 150
21  65  57  61  16   4   0 0.00  0.0    0  4.1 10 150   M    M   8 1      14 150
22  63  48  56  11   9   0 0.00  0.0    0  5.0 14 320   M    M   6 1      17 320
23  64  45  55  10  10   0 0.00  0.0    0  0.4  6 220   M    M   6 12      7 200
24  60  45  53   8  12   0 0.01    M    0  7.2 21 280   M    M   6 12     28 220
25  58  43  51   6  14   0 0.00  0.0    0 12.2 23 340   M    M   0        33 320
26  58  38  48   3  17   0 0.00  0.0    0 11.3 22 350   M    M   0        28 330
27  55  33  44  -1  21   0 0.00  0.0    0  1.4  7 100   M    M   0 18      9 180
================================================================================
SM 1634 1324       269   0  8.60     0.0 141.5          M      178
================================================================================
AV 60.5 49.0                               5.2 FASTST   M    M   7    MAX(MPH)
                                 MISC ---->  # 28 150               # 41  150
================================================================================
NOTES:
# LAST OF SEVERAL OCCURRENCES

COLUMN 17 PEAK WIND IN M.P.H.

PRELIMINARY LOCAL CLIMATOLOGICAL DATA (WS FORM: F-6) , PAGE 2

                                          STATION:  SACRAMENTO EXEC. AIRPORT CA
                                          MONTH:    DECEMBER
                                          YEAR:     2014
                                          LATITUDE:   38 31 N
                                          LONGITUDE: 121 30 W

[TEMPERATURE DATA]      [PRECIPITATION DATA]       SYMBOLS USED IN COLUMN 16

AVERAGE MONTHLY: 54.8   TOTAL FOR MONTH:   8.60    1 = FOG OR MIST
DPTR FM NORMAL:   8.5   DPTR FM NORMAL:    5.80    2 = FOG REDUCING VISIBILITY
HIGHEST:    69 ON  4    GRTST 24HR  2.89 ON 11-12      TO 1/4 MILE OR LESS
LOWEST:     33 ON 27                               3 = THUNDER
                        SNOW, ICE PELLETS, HAIL    4 = ICE PELLETS
                        TOTAL MONTH:   0.0 INCH    5 = HAIL
                        GRTST 24HR     0.0         6 = FREEZING RAIN OR DRIZZLE
                        GRTST DEPTH:   0           7 = DUSTSTORM OR SANDSTORM:
                                                       VSBY 1/2 MILE OR LESS
                                                   8 = SMOKE OR HAZE
[NO. OF DAYS WITH]      [WEATHER - DAYS WITH]      9 = BLOWING SNOW
                                                   X = TORNADO
MAX 32 OR BELOW:   0    0.01 INCH OR MORE:  12
MAX 90 OR ABOVE:   0    0.10 INCH OR MORE:   8
MIN 32 OR BELOW:   0    0.50 INCH OR MORE:   7
MIN  0 OR BELOW:   0    1.00 INCH OR MORE:   2

[HDD (BASE 65) ]
TOTAL THIS MO.   269    CLEAR  (SCALE 0-3)   3
DPTR FM NORMAL  -237    PTCLDY (SCALE 4-7)  15
TOTAL FM JUL 1   552    CLOUDY (SCALE 8-10)  9
DPTR FM NORMAL  -404

[CDD (BASE 65) ]
TOTAL THIS MO.     0
DPTR FM NORMAL     0    [PRESSURE DATA]
TOTAL FM JAN 1  1567    HIGHEST SLP M ON M
DPTR FM NORMAL   389    LOWEST  SLP 30.11 ON 11

[REMARKS]
