000
CXUS56 KSTO 231455
CF6SAC
PRELIMINARY LOCAL CLIMATOLOGICAL DATA (WS FORM: F-6)

                                          STATION:   SACRAMENTO EXEC. AIRPORT CA
                                          MONTH:     OCTOBER
                                          YEAR:      2014
                                          LATITUDE:   38 31 N
                                          LONGITUDE: 121 30 W

  TEMPERATURE IN F:       :PCPN:    SNOW:  WIND      :SUNSHINE: SKY     :PK WND
================================================================================
1   2   3   4   5  6A  6B    7    8   9   10  11  12  13   14  15   16   17  18
                                     12Z  AVG MX 2MIN
DY MAX MIN AVG DEP HDD CDD  WTR  SNW DPTH SPD SPD DIR MIN PSBL S-S WX    SPD DR
================================================================================

 1  88  58  73   5   0   8 0.00  0.0    0 11.4 22 330   M    M   0        29 350
 2  90  51  71   3   0   6 0.00  0.0    0  1.6  9 350   M    M   0        13  30
 3  95  56  76   8   0  11 0.00  0.0    0  1.4  7 330   M    M   0        10 300
 4  96  54  75   7   0  10 0.00  0.0    0  1.2  8 290   M    M   0        14 250
 5  96  56  76   9   0  11 0.00  0.0    0  0.8  7 290   M    M   0         9 280
 6  96  57  77  10   0  12 0.00  0.0    0  1.4  7 200   M    M   0        10 200
 7  96  56  76   9   0  11 0.00  0.0    0  2.4 10 240   M    M   0        13 230
 8  97  55  76  10   0  11 0.00  0.0    0  2.1  9 340   M    M   0        12 310
 9  88  55  72   6   0   7 0.00  0.0    0  3.6 10 220   M    M   0        15 230
10  86  55  71   5   0   6 0.00  0.0    0  3.1  9 220   M    M   0        13 270
11  88  57  73   7   0   8 0.00  0.0    0  2.1  7 280   M    M   0        13 300
12  91  60  76  11   0  11 0.00  0.0    0 11.6 25 350   M    M   0        35 310
13  89  52  71   6   0   6 0.00  0.0    0  3.7 12 230   M    M   0        16 200
14  74  58  66   1   0   1 0.00  0.0    0  8.6 22 240   M    M   2        28 240
15  72  58  65   1   0   0 0.17  0.0    0  3.0 13 260   M    M   5 1      16 210
16  75  53  64   0   1   0 0.00  0.0    0  2.8 12 210   M    M   1        17 210
17  75  53  64   0   1   0 0.00  0.0    0  1.9 10 230   M    M   1        13 240
18  81  53  67   4   0   2 0.00  0.0    0  2.3 10 360   M    M   0        15  10
19  81  51  66   3   0   1 0.00  0.0    0  3.8 13 230   M    M   0        16 230
20  74  54  64   1   1   0    T  0.0    0  7.0 18 230   M    M   3        25 230
21  74  47  61  -1   4   0 0.00  0.0    0  4.0 15 340   M    M   0 1      18 320
22  76  48  62   0   3   0 0.00  0.0    0  1.3  6 140   M    M   0        14 180
================================================================================
SM 1878 1197        10 122  0.17     0.0  81.1          M       12
================================================================================
AV 85.4 54.4                               3.7 FASTST   M    M   1    MAX(MPH)
                                 MISC ---->  # 25 350               # 35  310
================================================================================
NOTES:
# LAST OF SEVERAL OCCURRENCES

COLUMN 17 PEAK WIND IN M.P.H.

PRELIMINARY LOCAL CLIMATOLOGICAL DATA (WS FORM: F-6) , PAGE 2

                                          STATION:  SACRAMENTO EXEC. AIRPORT CA
                                          MONTH:    OCTOBER
                                          YEAR:     2014
                                          LATITUDE:   38 31 N
                                          LONGITUDE: 121 30 W

[TEMPERATURE DATA]      [PRECIPITATION DATA]       SYMBOLS USED IN COLUMN 16

AVERAGE MONTHLY: 69.9   TOTAL FOR MONTH:   0.17    1 = FOG OR MIST
DPTR FM NORMAL:   4.6   DPTR FM NORMAL:   -0.38    2 = FOG REDUCING VISIBILITY
HIGHEST:    97 ON  8    GRTST 24HR  0.17 ON 15-15      TO 1/4 MILE OR LESS
LOWEST:     47 ON 21                               3 = THUNDER
                        SNOW, ICE PELLETS, HAIL    4 = ICE PELLETS
                        TOTAL MONTH:   0.0 INCH    5 = HAIL
                        GRTST 24HR     0.0         6 = FREEZING RAIN OR DRIZZLE
                        GRTST DEPTH:   0           7 = DUSTSTORM OR SANDSTORM:
                                                       VSBY 1/2 MILE OR LESS
                                                   8 = SMOKE OR HAZE
[NO. OF DAYS WITH]      [WEATHER - DAYS WITH]      9 = BLOWING SNOW
                                                   X = TORNADO
MAX 32 OR BELOW:   0    0.01 INCH OR MORE:   1
MAX 90 OR ABOVE:   8    0.10 INCH OR MORE:   1
MIN 32 OR BELOW:   0    0.50 INCH OR MORE:   0
MIN  0 OR BELOW:   0    1.00 INCH OR MORE:   0

[HDD (BASE 65) ]
TOTAL THIS MO.    10    CLEAR  (SCALE 0-3)  21
DPTR FM NORMAL   -32    PTCLDY (SCALE 4-7)   1
TOTAL FM JUL 1    10    CLOUDY (SCALE 8-10)  0
DPTR FM NORMAL   -42

[CDD (BASE 65) ]
TOTAL THIS MO.   122
DPTR FM NORMAL    71    [PRESSURE DATA]
TOTAL FM JAN 1  1562    HIGHEST SLP M ON M
DPTR FM NORMAL   387    LOWEST  SLP 29.77 ON  7

[REMARKS]
