000
CXUS55 KTWC 180855
CF6SAD
PRELIMINARY LOCAL CLIMATOLOGICAL DATA (WS FORM: F-6)

                                          STATION:   SAFFORD AZ AIRPORT
                                          MONTH:     AUGUST
                                          YEAR:      2017
                                          LATITUDE:   32 50 N
                                          LONGITUDE: 109 38 W

  TEMPERATURE IN F:       :PCPN:    SNOW:  WIND      :SUNSHINE: SKY     :PK WND
================================================================================
1   2   3   4   5  6A  6B    7    8   9   10  11  12  13   14  15   16   17  18
                                     12Z  AVG MX 2MIN
DY MAX MIN AVG DEP HDD CDD  WTR  SNW DPTH SPD SPD DIR MIN PSBL S-S WX    SPD DR
================================================================================

 1  91  72  82  -2   0  17 0.01  0.0    0  8.5 31  70   M    M   3 3      39  60
 2  92  72  82  -1   0  17    T  0.0    0  7.8 25  80   M    M   3 3      34  80
 3  94  75  85   2   0  20 0.00  0.0    0  7.6 14 300   M    M   M        23 310
 4  95  73  84   1   0  19    T  0.0    0  4.7 18 200   M    M   0 3      25 180
 5  96  71  84   1   0  19 0.00  0.0    0  9.6 22 300   M    M   M        29 270
 6  97  68  83   0   0  18 0.00  0.0    0  8.3 21 280   M    M   M        24 280
 7  98  63  81  -2   0  16 0.00  0.0    0  5.9 16 280   M    M   M        21 310
 8  98  65  82  -1   0  17 0.00  0.0    0  5.7 14  80   M    M   M        19  80
 9 100  72  86   3   0  21 0.00  0.0    0  5.9 16 170   M    M   M 3      22 200
10  99  74  87   4   0  22    T  0.0    0  7.9 31 210   M    M   M 3      41 220
11  99  73  86   4   0  21 0.14  0.0    0  7.9 25  60   M    M   M 3      30  60
12  93  71  82   0   0  17 0.23  0.0    0  8.3 23  60   M    M   M 13     29  60
13  93  70  82   0   0  17    T  0.0    0 11.2 22 270   M    M   M        27 320
14  96  71  84   2   0  19    T  0.0    0 10.7 24 290   M    M   M        31 280
15  95  68  82   0   0  17 0.00  0.0    0  7.7 23 280   M    M   M        29 280
16  94  65  80  -2   0  15    T  0.0    0  5.7 13 300   M    M   0        17 310
17  97  62  80  -2   0  15    T  0.0    0  5.1 15 290   M    M   0        19 290
================================================================================
SM 1627 1185         0 307  0.38     0.0 128.5          M        6
================================================================================
AV 95.7 69.7                               7.6 FASTST   M    M   1    MAX(MPH)
                                 MISC ---->  # 31  70               # 41  220
================================================================================
NOTES:
# LAST OF SEVERAL OCCURRENCES

COLUMN 17 PEAK WIND IN M.P.H.

PRELIMINARY LOCAL CLIMATOLOGICAL DATA (WS FORM: F-6) , PAGE 2

                                          STATION:  SAFFORD AZ AIRPORT
                                          MONTH:    AUGUST
                                          YEAR:     2017
                                          LATITUDE:   32 50 N
                                          LONGITUDE: 109 38 W

[TEMPERATURE DATA]      [PRECIPITATION DATA]       SYMBOLS USED IN COLUMN 16

AVERAGE MONTHLY: 82.7   TOTAL FOR MONTH:   0.38    1 = FOG OR MIST
DPTR FM NORMAL:   0.1   DPTR FM NORMAL:   -0.96    2 = FOG REDUCING VISIBILITY
HIGHEST:   100 ON  9    GRTST 24HR  1.36 ON 31- 1      TO 1/4 MILE OR LESS
LOWEST:     62 ON 17                               3 = THUNDER
                        SNOW, ICE PELLETS, HAIL    4 = ICE PELLETS
                        TOTAL MONTH:   0.0 INCH    5 = HAIL
                        GRTST 24HR     0.0         6 = FREEZING RAIN OR DRIZZLE
                        GRTST DEPTH:   0           7 = DUSTSTORM OR SANDSTORM:
                                                       VSBY 1/2 MILE OR LESS
                                                   8 = SMOKE OR HAZE
[NO. OF DAYS WITH]      [WEATHER - DAYS WITH]      9 = BLOWING SNOW
                                                   X = TORNADO
MAX 32 OR BELOW:   0    0.01 INCH OR MORE:   3
MAX 90 OR ABOVE:  17    0.10 INCH OR MORE:   2
MIN 32 OR BELOW:   0    0.50 INCH OR MORE:   0
MIN  0 OR BELOW:   0    1.00 INCH OR MORE:   0

[HDD (BASE 65) ]
TOTAL THIS MO.     0    CLEAR  (SCALE 0-3)   5
DPTR FM NORMAL     0    PTCLDY (SCALE 4-7)   0
TOTAL FM JUL 1     0    CLOUDY (SCALE 8-10)  0
DPTR FM NORMAL     0

[CDD (BASE 65) ]
TOTAL THIS MO.   307
DPTR FM NORMAL     6    [PRESSURE DATA]
TOTAL FM JAN 1  2019    HIGHEST SLP M ON M
DPTR FM NORMAL   198    LOWEST  SLP 29.81 ON  1

[REMARKS]
