000
CXUS52 KCHS 310715
CF6SAV
PRELIMINARY LOCAL CLIMATOLOGICAL DATA (WS FORM: F-6)

                                          STATION:   SAVANNAH GA
                                          MONTH:     JULY
                                          YEAR:      2015
                                          LATITUDE:   32  7 N
                                          LONGITUDE:  81 12 W

  TEMPERATURE IN F:       :PCPN:    SNOW:  WIND      :SUNSHINE: SKY     :PK WND
================================================================================
1   2   3   4   5  6A  6B    7    8   9   10  11  12  13   14  15   16   17  18
                                     12Z  AVG MX 2MIN
DY MAX MIN AVG DEP HDD CDD  WTR  SNW DPTH SPD SPD DIR MIN PSBL S-S WX    SPD DR
================================================================================

 1  91  71  81  -1   0  16 0.00  0.0    0  8.6 17 260   M    M   5        23 280
 2  93  72  83   1   0  18 0.08  0.0    0  7.9 30 270   M    M   6 18     39 270
 3  94  71  83   1   0  18 0.00  0.0    0  9.5 22 260   M    M   4        31 270
 4  92  73  83   1   0  18    T  0.0    0  5.8 28 310   M    M   6 3      40 270
 5  92  70  81  -1   0  16 1.56  0.0    0  5.6 18 320   M    M   4 13     33 290
 6  89  70  80  -2   0  15 0.09  0.0    0  5.0 17 160   M    M   8 13     22 160
 7  90  72  81  -1   0  16 0.86  0.0    0  4.4 20 130   M    M   6 13     23 140
 8  92  72  82   0   0  17 0.00  0.0    0  4.9 14 170   M    M   6        20 220
 9  93  75  84   2   0  19 0.00  0.0    0  5.4 15 170   M    M   4        18 180
10  98  74  86   3   0  21 0.00  0.0    0  4.3 13 170   M    M   3        16 170
11  99  74  87   4   0  22 0.00  0.0    0  4.3 14 170   M    M   4        17 170
12  96  75  86   3   0  21 0.00  0.0    0  4.9 16 110   M    M   4        20 110
13  92  76  84   1   0  19 0.07  0.0    0  6.0 23 270   M    M   5 13     29 250
14  95  77  86   3   0  21 0.00  0.0    0 10.0 15 240   M    M   8 3      20 230
15  96  74  85   2   0  20 1.04  0.0    0  9.3 30 290   M    M   6 3      43 290
16  96  73  85   2   0  20 0.00  0.0    0  4.9 31 140   M    M   6 3      38 140
17  92  77  85   2   0  20 0.00  0.0    0  6.2 18 130   M    M   7 128    23 130
18  93  76  85   2   0  20 0.00  0.0    0  4.9 13 170   M    M   4 128    17 130
19  94  74  84   1   0  19 0.43  0.0    0  4.3 24 290   M    M   6 13     29 290
20  95  73  84   1   0  19    T  0.0    0  7.2 23 200   M    M   5        28 200
21  97  77  87   4   0  22    T  0.0    0  9.3 20 220   M    M   5 3      25 230
22  98  77  88   5   0  23 0.02  0.0    0  7.7 16 250   M    M   5 3      20 100
23  97  73  85   2   0  20 1.14  0.0    0  8.3 28 280   M    M   5 138    37 280
24  90  74  82  -1   0  17    T  0.0    0  6.8 17  20   M    M   8 3      21  10
25  90  74  82  -1   0  17 0.00  0.0    0  8.2 16 100   M    M   2        21  60
26  92  71  82  -1   0  17 0.00  0.0    0  7.9 15 110   M    M   4        18 110
27  93  73  83   0   0  18    T  0.0    0  6.6 16 120   M    M   5 1      20 120
28  92  76  84   1   0  19 0.00  0.0    0  5.4 15 110   M    M   6 12     18 110
29  95  76  86   3   0  21 0.00  0.0    0  5.2 15 120   M    M   5        18 130
30  95  75  85   2   0  20 0.01  0.0    0  4.4 13 170   M    M   5        16 170
================================================================================
SM 2811 2215         0 569  5.30     0.0 193.2          M      157
================================================================================
AV 93.7 73.8                               6.4 FASTST   M    M   5    MAX(MPH)
                                 MISC ---->  # 31 140               # 43  290
================================================================================
NOTES:
# LAST OF SEVERAL OCCURRENCES

COLUMN 17 PEAK WIND IN M.P.H.

PRELIMINARY LOCAL CLIMATOLOGICAL DATA (WS FORM: F-6) , PAGE 2

                                          STATION:  SAVANNAH GA
                                          MONTH:    JULY
                                          YEAR:     2015
                                          LATITUDE:   32  7 N
                                          LONGITUDE:  81 12 W

[TEMPERATURE DATA]      [PRECIPITATION DATA]       SYMBOLS USED IN COLUMN 16

AVERAGE MONTHLY: 83.8   TOTAL FOR MONTH:   5.30    1 = FOG OR MIST
DPTR FM NORMAL:   1.1   DPTR FM NORMAL:   -0.09    2 = FOG REDUCING VISIBILITY
HIGHEST:    99 ON 11    GRTST 24HR  1.56 ON  5- 5      TO 1/4 MILE OR LESS
LOWEST:     70 ON  6, 5                            3 = THUNDER
                        SNOW, ICE PELLETS, HAIL    4 = ICE PELLETS
                        TOTAL MONTH:   0.0 INCH    5 = HAIL
                        GRTST 24HR     0.0         6 = FREEZING RAIN OR DRIZZLE
                        GRTST DEPTH:   0           7 = DUSTSTORM OR SANDSTORM:
                                                       VSBY 1/2 MILE OR LESS
                                                   8 = SMOKE OR HAZE
[NO. OF DAYS WITH]      [WEATHER - DAYS WITH]      9 = BLOWING SNOW
                                                   X = TORNADO
MAX 32 OR BELOW:   0    0.01 INCH OR MORE:  10
MAX 90 OR ABOVE:  29    0.10 INCH OR MORE:   5
MIN 32 OR BELOW:   0    0.50 INCH OR MORE:   4
MIN  0 OR BELOW:   0    1.00 INCH OR MORE:   3

[HDD (BASE 65) ]
TOTAL THIS MO.     0    CLEAR  (SCALE 0-3)   2
DPTR FM NORMAL     0    PTCLDY (SCALE 4-7)  28
TOTAL FM JUL 1     0    CLOUDY (SCALE 8-10)  0
DPTR FM NORMAL     0

[CDD (BASE 65) ]
TOTAL THIS MO.   569
DPTR FM NORMAL    37    [PRESSURE DATA]
TOTAL FM JAN 1  1610    HIGHEST SLP M ON M
DPTR FM NORMAL   229    LOWEST  SLP 29.72 ON 14

[REMARKS]
