000
CXUS52 KCHS 190915
CF6SAV
PRELIMINARY LOCAL CLIMATOLOGICAL DATA (WS FORM: F-6)

                                          STATION:   SAVANNAH GA
                                          MONTH:     SEPTEMBER
                                          YEAR:      2014
                                          LATITUDE:   32  7 N
                                          LONGITUDE:  81 12 W

  TEMPERATURE IN F:       :PCPN:    SNOW:  WIND      :SUNSHINE: SKY     :PK WND
================================================================================
1   2   3   4   5  6A  6B    7    8   9   10  11  12  13   14  15   16   17  18
                                     12Z  AVG MX 2MIN
DY MAX MIN AVG DEP HDD CDD  WTR  SNW DPTH SPD SPD DIR MIN PSBL S-S WX    SPD DR
================================================================================

 1  95  73  84   4   0  19    T  0.0    0  4.6 13 160   M    M   5 3      18 160
 2  96  74  85   5   0  20 0.46  0.0    0  3.9 21 130   M    M   5 13     24 340
 3  92  73  83   3   0  18 0.00  0.0    0  4.0 15 160   M    M   4 1      20 130
 4  90  74  82   2   0  17 0.24  0.0    0  5.0 18  80   M    M   5 13     22  80
 5  88  75  82   3   0  17 0.22  0.0    0  4.3 14 190   M    M   6 1      15 170
 6  89  75  82   3   0  17    T  0.0    0  5.2 14 150   M    M   7        25 100
 7  86  74  80   1   0  15 1.85  0.0    0  4.0 22  80   M    M   7 13     25  70
 8  85  73  79   0   0  14 0.85  0.0    0  5.8 17 190   M    M   9 13     21 190
 9  85  73  79   0   0  14 0.00  0.0    0  3.4  9 350   M    M   9 1      10  20
10  88  74  81   3   0  16 0.00  0.0    0  5.5 13 110   M    M   8        17 120
11  92  74  83   5   0  18 0.00  0.0    0  3.7 13 160   M    M   6 8      16 170
12  94  75  85   7   0  20 0.00  0.0    0  3.5  6 150   M    M   6 38      7 150
13  91  75  83   5   0  18    T  0.0    0  3.8 14 260   M    M   6        16  90
14  89  74  82   4   0  17 0.06  0.0    0  3.7 13 360   M    M   6        16 360
15  88  73  81   4   0  16 0.25  0.0    0  3.9 16 150   M    M   8 138    18 150
16  90  71  81   4   0  16 0.07  0.0    0  4.9 18  10   M    M   8 123    23  20
17  90  69  80   3   0  15 0.37  0.0    0  3.3 18  60   M    M   5 138    24  10
18  89  69  79   3   0  14 0.07  0.0    0  3.7 15 130   M    M   5 12     18 160
================================================================================
SM 1617 1318         0 301  4.44     0.0  76.2          M      115
================================================================================
AV 89.8 73.2                               4.2 FASTST   M    M   6    MAX(MPH)
                                 MISC ---->  # 22  80               # 25  100
================================================================================
NOTES:
# LAST OF SEVERAL OCCURRENCES

COLUMN 17 PEAK WIND IN M.P.H.

PRELIMINARY LOCAL CLIMATOLOGICAL DATA (WS FORM: F-6) , PAGE 2

                                          STATION:  SAVANNAH GA
                                          MONTH:    SEPTEMBER
                                          YEAR:     2014
                                          LATITUDE:   32  7 N
                                          LONGITUDE:  81 12 W

[TEMPERATURE DATA]      [PRECIPITATION DATA]       SYMBOLS USED IN COLUMN 16

AVERAGE MONTHLY: 81.5   TOTAL FOR MONTH:   4.44    1 = FOG OR MIST
DPTR FM NORMAL:   3.1   DPTR FM NORMAL:    1.49    2 = FOG REDUCING VISIBILITY
HIGHEST:    96 ON  2    GRTST 24HR  2.31 ON  7- 8      TO 1/4 MILE OR LESS
LOWEST:     69 ON 18,17                            3 = THUNDER
                        SNOW, ICE PELLETS, HAIL    4 = ICE PELLETS
                        TOTAL MONTH:   0.0 INCH    5 = HAIL
                        GRTST 24HR     0.0         6 = FREEZING RAIN OR DRIZZLE
                        GRTST DEPTH:   0           7 = DUSTSTORM OR SANDSTORM:
                                                       VSBY 1/2 MILE OR LESS
                                                   8 = SMOKE OR HAZE
[NO. OF DAYS WITH]      [WEATHER - DAYS WITH]      9 = BLOWING SNOW
                                                   X = TORNADO
MAX 32 OR BELOW:   0    0.01 INCH OR MORE:  10
MAX 90 OR ABOVE:   9    0.10 INCH OR MORE:   7
MIN 32 OR BELOW:   0    0.50 INCH OR MORE:   2
MIN  0 OR BELOW:   0    1.00 INCH OR MORE:   1

[HDD (BASE 65) ]
TOTAL THIS MO.     0    CLEAR  (SCALE 0-3)   0
DPTR FM NORMAL     0    PTCLDY (SCALE 4-7)  15
TOTAL FM JUL 1     0    CLOUDY (SCALE 8-10)  3
DPTR FM NORMAL     0

[CDD (BASE 65) ]
TOTAL THIS MO.   301
DPTR FM NORMAL    59    [PRESSURE DATA]
TOTAL FM JAN 1  2414    HIGHEST SLP M ON M
DPTR FM NORMAL   265    LOWEST  SLP 29.86 ON 17

[REMARKS]
