000
CXUS55 KLOX 271155
CF6SBA
PRELIMINARY LOCAL CLIMATOLOGICAL DATA (WS FORM: F-6)

                                          STATION:   SANTA BARBARA AIRPORT CA
                                          MONTH:     AUGUST
                                          YEAR:      2014
                                          LATITUDE:   34 25 N
                                          LONGITUDE: 119 50 W

  TEMPERATURE IN F:       :PCPN:    SNOW:  WIND      :SUNSHINE: SKY     :PK WND
================================================================================
1   2   3   4   5  6A  6B    7    8   9   10  11  12  13   14  15   16   17  18
                                     12Z  AVG MX 2MIN
DY MAX MIN AVG DEP HDD CDD  WTR  SNW DPTH SPD SPD DIR MIN PSBL S-S WX    SPD DR
================================================================================

 1  74  64  69   3   0   4 0.00  0.0    0  5.9 14 100   M    M   4 18     16 250
 2  72  62  67   1   0   2 0.00  0.0    0  4.6 10 150   M    M   8 18     15 140
 3  80  63  72   6   0   7    T  0.0    0  2.9  9 250   M    M   4 18     12 280
 4  74  62  68   2   0   3 0.00  0.0    0  6.2 13 250   M    M   2 18     17 240
 5  73  58  66   0   0   1 0.00  0.0    0  7.2 17 270   M    M   3        22 260
 6  73  63  68   2   0   3 0.00  0.0    0  6.3 16 260   M    M   5        18 250
 7  74  64  69   3   0   4 0.00  0.0    0  6.7 14 260   M    M   5         M  M
 8  74  62  68   2   0   3 0.00  0.0    0  5.6 14 270   M    M   4 18     17 250
 9  74  64  69   3   0   4 0.00  0.0    0  6.2  M 260   M    M   6 18      M  M
10  73  61  67   1   0   2 0.00  0.0    0  3.4 13 250   M    M   5 18     16 270
11  73  57  65  -1   0   0 0.00  0.0    0  4.1 13 270   M    M   3 12     16 270
12  76  57  67   1   0   2 0.00  0.0    0  5.4 15 270   M    M   1        18 280
13  74  60  67   1   0   2 0.00  0.0    0  5.4 14 280   M    M   3        18 260
14  75  61  68   2   0   3 0.00  0.0    0  5.2 15 270   M    M   5 18     17 250
15  73  59  66   0   0   1 0.00  0.0    0  5.4 16 270   M    M   4 1      22 280
16  77  61  69   3   0   4 0.00  0.0    0  4.8 17 270   M    M   3 18     20 270
17  79  58  69   3   0   4 0.00  0.0    0  4.2 12 230   M    M   0        14 230
18  78  56  67   1   0   2 0.00  0.0    0  5.1 15 270   M    M   0         M  M
19  76  61  69   3   0   4 0.00  0.0    0  4.6  M   M   M    M   5         M  M
20  76  63  70   4   0   5 0.00  0.0    0  6.5 17 260   M    M   4        21 260
21  77  58  68   2   0   3 0.00  0.0    0  5.3 15 260   M    M   0        18 260
22  72  61  67   1   0   2 0.00  0.0    0  3.5 10 250   M    M   6 128    21 120
23  74  61  68   2   0   3 0.01  0.0    0  4.2 14 260   M    M   5 18      M  M
24  74  59  67   1   0   2 0.00  0.0    0  6.9 16 270   M    M   2        20 280
25  73  56  65  -1   0   0 0.00  0.0    0  5.7  M   M   M    M   2 18      M  M
26  76  56  66   0   0   1 0.00  0.0    0  4.7 14 250   M    M   0 18      M  M
================================================================================
SM 1944 1567         0  71  0.01     0.0 136.0          M       89
================================================================================
AV 74.8 60.3                               5.2 FASTST   M    M   3    MAX(MPH)
                                 MISC ---->  # 17 270               # 22  260
================================================================================
NOTES:
# LAST OF SEVERAL OCCURRENCES

COLUMN 17 PEAK WIND IN M.P.H.

PRELIMINARY LOCAL CLIMATOLOGICAL DATA (WS FORM: F-6) , PAGE 2

                                          STATION:  SANTA BARBARA AIRPORT CA
                                          MONTH:    AUGUST
                                          YEAR:     2014
                                          LATITUDE:   34 25 N
                                          LONGITUDE: 119 50 W

[TEMPERATURE DATA]      [PRECIPITATION DATA]       SYMBOLS USED IN COLUMN 16

AVERAGE MONTHLY: 67.5   TOTAL FOR MONTH:   0.01    1 = FOG OR MIST
DPTR FM NORMAL:   1.5   DPTR FM NORMAL:   -0.09    2 = FOG REDUCING VISIBILITY
HIGHEST:    80 ON  3    GRTST 24HR  0.01 ON 23-23      TO 1/4 MILE OR LESS
LOWEST:     56 ON 26,25                            3 = THUNDER
                        SNOW, ICE PELLETS, HAIL    4 = ICE PELLETS
                        TOTAL MONTH:   0.0 INCH    5 = HAIL
                        GRTST 24HR     0.0         6 = FREEZING RAIN OR DRIZZLE
                        GRTST DEPTH:   0           7 = DUSTSTORM OR SANDSTORM:
                                                       VSBY 1/2 MILE OR LESS
                                                   8 = SMOKE OR HAZE
[NO. OF DAYS WITH]      [WEATHER - DAYS WITH]      9 = BLOWING SNOW
                                                   X = TORNADO
MAX 32 OR BELOW:   0    0.01 INCH OR MORE:   1
MAX 90 OR ABOVE:   0    0.10 INCH OR MORE:   0
MIN 32 OR BELOW:   0    0.50 INCH OR MORE:   0
MIN  0 OR BELOW:   0    1.00 INCH OR MORE:   0

[HDD (BASE 65) ]
TOTAL THIS MO.     0    CLEAR  (SCALE 0-3)  12
DPTR FM NORMAL   -26    PTCLDY (SCALE 4-7)  14
TOTAL FM JUL 1     0    CLOUDY (SCALE 8-10)  0
DPTR FM NORMAL   -53

[CDD (BASE 65) ]
TOTAL THIS MO.    71
DPTR FM NORMAL    19    [PRESSURE DATA]
TOTAL FM JAN 1   310    HIGHEST SLP M ON M
DPTR FM NORMAL   186    LOWEST  SLP 29.74 ON 18

[REMARKS]
