000
CXUS55 KLOX 251155
CF6SBA
PRELIMINARY LOCAL CLIMATOLOGICAL DATA (WS FORM: F-6)

                                          STATION:   SANTA BARBARA AIRPORT CA
                                          MONTH:     FEBRUARY
                                          YEAR:      2017
                                          LATITUDE:   34 25 N
                                          LONGITUDE: 119 50 W

  TEMPERATURE IN F:       :PCPN:    SNOW:  WIND      :SUNSHINE: SKY     :PK WND
================================================================================
1   2   3   4   5  6A  6B    7    8   9   10  11  12  13   14  15   16   17  18
                                     12Z  AVG MX 2MIN
DY MAX MIN AVG DEP HDD CDD  WTR  SNW DPTH SPD SPD DIR MIN PSBL S-S WX    SPD DR
================================================================================

 1  62  39  51  -2  14   0 0.00  0.0    0  5.2 16 140   M    M   3 18     19 140
 2  60  52  56   3   9   0 0.17  0.0    0  6.1 14 120   M    M  10 18     19  80
 3  59  55  57   4   8   0 0.28  0.0    0  3.2 10 120   M    M  10 1      13 120
 4  61  48  55   2  10   0 0.00  0.0    0  3.5 10 120   M    M   5 12     13 120
 5  58  47  53   0  12   0 0.35    M    0  4.5 13 120   M    M   9 1      15 120
 6  60  53  57   4   8   0 1.29  0.0    0  6.8 16 110   M    M  10 1      21  80
 7  60  56  58   5   7   0 0.73  0.0    0  3.5  9 130   M    M  10 1      12  90
 8  63  58  61   8   4   0 0.04  0.0    0  1.4  8 240   M    M   9 12     10 240
 9  63  54  59   6   6   0 0.00  0.0    0  4.9 14 280   M    M   7 12     18 260
10  67  55  61   8   4   0 0.61  0.0    0  4.6 14 270   M    M   9 1      17 260
11  64  50  57   4   8   0 0.02  0.0    0  6.5 21  30   M    M   5 12      M  M
12  68  48  58   4   7   0 0.00  0.0    0  4.8 21  10   M    M   1        26  10
13  68  43  56   2   9   0 0.00  0.0    0  2.6  9 250   M    M   1        12 230
14  64  50  57   3   8   0 0.00  0.0    0  3.7 10 260   M    M   1 1      14 150
15  67  46  57   3   8   0 0.00  0.0    0  3.5 14 250   M    M   3 1      19 240
16  64  46  55   1  10   0 0.15    M    0  4.2 18 280   M    M   9 12     23 280
17  58  53  56   2   9   0 4.16  0.0    0 14.5 32 150   M    M   9 1      40 120
18  61  50  56   2   9   0 0.03  0.0    0  7.6 23 300   M    M   6 1       M  M
19  61  45  53  -1  12   0 0.42    M    0  5.3 12 240   M    M   5 1      13 240
20  59  52  56   2   9   0 0.31  0.0    0  9.1 17 100   M    M  10 1      23  90
21  60  50  55   1  10   0 0.31  0.0    0  5.8 12 110   M    M   9 12     15 120
22  65  45  55   1  10   0 0.00  0.0    0 10.4 25 260   M    M   1         M  M
23  60  40  50  -4  15   0 0.00  0.0    0  9.3 24 320   M    M   0        34 330
24  60  38  49  -5  16   0 0.00  0.0    0  4.5 13 140   M    M   0        16 220
================================================================================
SM 1492 1173       222   0  8.87     0.0 135.4          M      142
================================================================================
AV 62.2 48.9                               5.6 FASTST   M    M   6    MAX(MPH)
                                 MISC ---->  # 32 150               # 40  120
================================================================================
NOTES:
# LAST OF SEVERAL OCCURRENCES

COLUMN 17 PEAK WIND IN M.P.H.

PRELIMINARY LOCAL CLIMATOLOGICAL DATA (WS FORM: F-6) , PAGE 2

                                          STATION:  SANTA BARBARA AIRPORT CA
                                          MONTH:    FEBRUARY
                                          YEAR:     2017
                                          LATITUDE:   34 25 N
                                          LONGITUDE: 119 50 W

[TEMPERATURE DATA]      [PRECIPITATION DATA]       SYMBOLS USED IN COLUMN 16

AVERAGE MONTHLY: 55.5   TOTAL FOR MONTH:   8.87    1 = FOG OR MIST
DPTR FM NORMAL:   2.0   DPTR FM NORMAL:    5.46    2 = FOG REDUCING VISIBILITY
HIGHEST:    68 ON 13,12 GRTST 24HR  4.16 ON 16-17      TO 1/4 MILE OR LESS
LOWEST:     38 ON 24                               3 = THUNDER
                        SNOW, ICE PELLETS, HAIL    4 = ICE PELLETS
                        TOTAL MONTH:   0.0 INCH    5 = HAIL
                        GRTST 24HR     0.0         6 = FREEZING RAIN OR DRIZZLE
                        GRTST DEPTH:   0           7 = DUSTSTORM OR SANDSTORM:
                                                       VSBY 1/2 MILE OR LESS
                                                   8 = SMOKE OR HAZE
[NO. OF DAYS WITH]      [WEATHER - DAYS WITH]      9 = BLOWING SNOW
                                                   X = TORNADO
MAX 32 OR BELOW:   0    0.01 INCH OR MORE:  14
MAX 90 OR ABOVE:   0    0.10 INCH OR MORE:  11
MIN 32 OR BELOW:   0    0.50 INCH OR MORE:   4
MIN  0 OR BELOW:   0    1.00 INCH OR MORE:   2

[HDD (BASE 65) ]
TOTAL THIS MO.   222    CLEAR  (SCALE 0-3)   7
DPTR FM NORMAL   -54    PTCLDY (SCALE 4-7)   6
TOTAL FM JUL 1  1315    CLOUDY (SCALE 8-10) 11
DPTR FM NORMAL  -245

[CDD (BASE 65) ]
TOTAL THIS MO.     0
DPTR FM NORMAL     0    [PRESSURE DATA]
TOTAL FM JAN 1     0    HIGHEST SLP M ON M
DPTR FM NORMAL     0    LOWEST  SLP 29.72 ON 19

[REMARKS]
