000
CXUS53 KIWX 270800
CF6SBN
PRELIMINARY LOCAL CLIMATOLOGICAL DATA (WS FORM: F-6)

                                          STATION:   SOUTH BEND
                                          MONTH:     FEBRUARY
                                          YEAR:      2015
                                          LATITUDE:   41 42 N
                                          LONGITUDE:  86 19 W

  TEMPERATURE IN F:       :PCPN:    SNOW:  WIND      :SUNSHINE: SKY     :PK WND
================================================================================
1   2   3   4   5  6A  6B    7    8   9   10  11  12  13   14  15   16   17  18
                                     12Z  AVG MX 2MIN
DY MAX MIN AVG DEP HDD CDD  WTR  SNW DPTH SPD SPD DIR MIN PSBL S-S WX    SPD DR
================================================================================

 1  33  16  25   0  40   0 1.07 14.7    3 11.4 22  90   M    M  10 12     30 100
 2  21   9  15 -10  50   0 0.04  1.0   15 10.7 22 360   M    M   6 8      28  20
 3  29   3  16  -9  49   0 0.08  1.6   13  8.9 18 220   M    M   7 18     23 210
 4  32  17  25   0  40   0 0.09  1.3   13 11.8 22 320   M    M  10 18     29 320
 5  20   8  14 -12  51   0 0.01  0.2   13  9.0 20 220   M    M   6 18     24 230
 6  30  10  20  -6  45   0 0.00  0.0   12  9.7 18 220   M    M   7        25 230
 7  43  20  32   6  33   0 0.00  0.0   12  8.7 18 220   M    M   0 18     23 210
 8  43  26  35   9  30   0 0.01  0.0    8  8.5 18  20   M    M   7 18     23  30
 9  26  10  18  -8  47   0    T    T    6  9.4 17  30   M    M   8 16     21  30
10  29   6  18  -8  47   0 0.00  0.0    6  6.5 23 150   M    M   0 18     29 150
11  35  22  29   2  36   0    T    T    6 12.4 24 310   M    M  10 18     29 320
12  26  15  21  -6  44   0 0.07  2.8    8 15.1 30 340   M    M   9 128    37 350
13  26   1  14 -13  51   0 0.04  0.7    8 10.8 20 220   M    M   6 18     25 230
14  28   9  19  -8  46   0 0.09  1.8    8 22.3 39 340   M    M  10 289    49 340
15  11  -2   5 -23  60   0 0.03  0.5    7  7.0 15  30   M    M   3 8      20  30
16  12   1   7 -21  58   0 0.00  0.0    7  6.7 14 110   M    M   4        16 120
17  23   2  13 -15  52   0    T  0.5    7 10.2 18 300   M    M  10 8      22 270
18  12   3   8 -20  57   0 0.08  1.9    7 16.1 31 290   M    M  10 89     37 290
19   6   0   3 -26  62   0 0.23  6.7   11 14.1 24 300   M    M  10 19     28 290
20  17 -12   3 -26  62   0    T  0.1   14 11.5 23 160   M    M   7 18     26 150
21  30  17  24  -5  41   0    T    T   12  4.7 18 200   M    M  10 18     22 190
22  27  12  20 -10  45   0 0.02  0.3   10 11.4 21 320   M    M  10 8      28 310
23  14   2   8 -22  57   0 0.02  0.8   11  6.0 14 280   M    M   6 18     17 290
24  27   1  14 -16  51   0    T  0.2   11 15.6 29 220   M    M   4 89     38 260
25  27  17  22  -9  43   0    T  0.1   10  6.9 20 340   M    M   8 8      23  10
26  18   1  10 -21  55   0 0.07  0.7   10  9.4 21 340   M    M   7 8      25 340
================================================================================
SM  645  214      1252   0  1.95    35.9 274.8          M      185
================================================================================
AV 24.8  8.2                              10.6 FASTST   M    M   7    MAX(MPH)
                                 MISC ---->  # 39 340               # 49  340
================================================================================
NOTES:
# LAST OF SEVERAL OCCURRENCES

COLUMN 17 PEAK WIND IN M.P.H.

PRELIMINARY LOCAL CLIMATOLOGICAL DATA (WS FORM: F-6) , PAGE 2

                                          STATION:  SOUTH BEND
                                          MONTH:    FEBRUARY
                                          YEAR:     2015
                                          LATITUDE:   41 42 N
                                          LONGITUDE:  86 19 W

[TEMPERATURE DATA]      [PRECIPITATION DATA]       SYMBOLS USED IN COLUMN 16

AVERAGE MONTHLY: 16.5   TOTAL FOR MONTH:   1.95    1 = FOG OR MIST
DPTR FM NORMAL: -11.0   DPTR FM NORMAL:    0.16    2 = FOG REDUCING VISIBILITY
HIGHEST:    43 ON  8, 7 GRTST 24HR  4.21 ON  1- 2      TO 1/4 MILE OR LESS
LOWEST:    -12 ON 20                               3 = THUNDER
                        SNOW, ICE PELLETS, HAIL    4 = ICE PELLETS
                        TOTAL MONTH:  35.9 INCHES  5 = HAIL
                        GRTST 24HR  14.7 ON   M    6 = FREEZING RAIN OR DRIZZLE
                        GRTST DEPTH:  15 ON  2     7 = DUSTSTORM OR SANDSTORM:
                                                       VSBY 1/2 MILE OR LESS
                                                   8 = SMOKE OR HAZE
[NO. OF DAYS WITH]      [WEATHER - DAYS WITH]      9 = BLOWING SNOW
                                                   X = TORNADO
MAX 32 OR BELOW:  22    0.01 INCH OR MORE:  15
MAX 90 OR ABOVE:   0    0.10 INCH OR MORE:   2
MIN 32 OR BELOW:  26    0.50 INCH OR MORE:   1
MIN  0 OR BELOW:   3    1.00 INCH OR MORE:   1

[HDD (BASE 65) ]
TOTAL THIS MO.  1252    CLEAR  (SCALE 0-3)   3
DPTR FM NORMAL   276    PTCLDY (SCALE 4-7)  13
TOTAL FM JUL 1  4980    CLOUDY (SCALE 8-10) 10
DPTR FM NORMAL   356

[CDD (BASE 65) ]
TOTAL THIS MO.     0
DPTR FM NORMAL     0    [PRESSURE DATA]
TOTAL FM JAN 1     0    HIGHEST SLP M ON M
DPTR FM NORMAL     0    LOWEST  SLP 29.61 ON  1

[REMARKS]
