000
CXUS53 KLMK 220800
CF6SDF
PRELIMINARY LOCAL CLIMATOLOGICAL DATA (WS FORM: F-6)

                                          STATION:   LOUISVILLE KY
                                          MONTH:     JANUARY
                                          YEAR:      2017
                                          LATITUDE:   38 10 N
                                          LONGITUDE:  85 44 W

  TEMPERATURE IN F:       :PCPN:    SNOW:  WIND      :SUNSHINE: SKY     :PK WND
================================================================================
1   2   3   4   5  6A  6B    7    8   9   10  11  12  13   14  15   16   17  18
                                     12Z  AVG MX 2MIN
DY MAX MIN AVG DEP HDD CDD  WTR  SNW DPTH SPD SPD DIR MIN PSBL S-S WX    SPD DR
================================================================================

 1  49  35  42   7  23   0 0.02  0.0    0  4.7 12  80   M    M   9 18     14 100
 2  59  45  52  17  13   0 0.05  0.0    0  3.5  9 150   M    M  10 12     11 160
 3  60  41  51  16  14   0 0.38  0.0    0  8.6 23 280   M    M  10 1      27 280
 4  41  25  33  -2  32   0    T  0.0    0 12.9 23 300   M    M   4 8      28 310
 5  26  19  23 -12  42   0 0.06  2.3    0  6.2 14 320   M    M  10 18     17 310
 6  20  12  16 -19  49   0    T    T    2  9.7 16 360   M    M   9 8      19 360
 7  20   9  15 -20  50   0 0.00  0.0    T  9.8 16 360   M    M   4        19 360
 8  26  10  18 -17  47   0 0.00  0.0    T  5.1 13 260   M    M   5        16 260
 9  41  20  31  -4  34   0 0.00  0.0    T 10.5 18 230   M    M   9        22 170
10  57  41  49  14  16   0 0.44  0.0    0 19.6 33 190   M    M   9 13     46 180
11  66  36  51  16  14   0 0.37  0.0    0  9.8 28 190   M    M   6 1      38 180
12  70  40  55  20  10   0 0.44  0.0    0 16.9 29 210   M    M  10 18     40 200
13  40  36  38   3  27   0 0.21  0.0    0  8.8 16  10   M    M  10 18     19  10
14  42  38  40   5  25   0 0.33  0.0    0  4.1  9 360   M    M  10 1      11 360
15  42  38  40   5  25   0 0.13  0.0    0  4.8  8  70   M    M  10 18     11  90
16  57  41  49  14  16   0 0.19  0.0    0  3.0  7 130   M    M   9 1      11 150
17  65  45  55  20  10   0 0.43  0.0    0 14.3 26 250   M    M   9 1      33 260
18  45  40  43   8  22   0    T  0.0    0  5.6 16 280   M    M  10 8      21 300
19  55  40  48  13  17   0 0.87  0.0    0  4.6 16 120   M    M  10 1      20 110
20  63  51  57  22   8   0 0.28  0.0    0  9.1 20 230   M    M  10 1      26 240
21  68  50  59  24   6   0 0.00  0.0    0  6.9 17 190   M    M   8        21 190
================================================================================
SM 1012  712       500   0  4.20     2.3 178.5          M      181
================================================================================
AV 48.2 33.9                               8.5 FASTST   M    M   9    MAX(MPH)
                                 MISC ---->  # 33 190               # 46  180
================================================================================
NOTES:
# LAST OF SEVERAL OCCURRENCES

COLUMN 17 PEAK WIND IN M.P.H.

PRELIMINARY LOCAL CLIMATOLOGICAL DATA (WS FORM: F-6) , PAGE 2

                                          STATION:  LOUISVILLE KY
                                          MONTH:    JANUARY
                                          YEAR:     2017
                                          LATITUDE:   38 10 N
                                          LONGITUDE:  85 44 W

[TEMPERATURE DATA]      [PRECIPITATION DATA]       SYMBOLS USED IN COLUMN 16

AVERAGE MONTHLY: 41.0   TOTAL FOR MONTH:   4.20    1 = FOG OR MIST
DPTR FM NORMAL:   6.0   DPTR FM NORMAL:    2.01    2 = FOG REDUCING VISIBILITY
HIGHEST:    70 ON 12    GRTST 24HR  1.15 ON 19-20      TO 1/4 MILE OR LESS
LOWEST:      9 ON  7                               3 = THUNDER
                        SNOW, ICE PELLETS, HAIL    4 = ICE PELLETS
                        TOTAL MONTH:   2.3 INCHES  5 = HAIL
                        GRTST 24HR   2.3 ON   M    6 = FREEZING RAIN OR DRIZZLE
                        GRTST DEPTH:   2 ON  6     7 = DUSTSTORM OR SANDSTORM:
                                                       VSBY 1/2 MILE OR LESS
                                                   8 = SMOKE OR HAZE
[NO. OF DAYS WITH]      [WEATHER - DAYS WITH]      9 = BLOWING SNOW
                                                   X = TORNADO
MAX 32 OR BELOW:   4    0.01 INCH OR MORE:  14
MAX 90 OR ABOVE:   0    0.10 INCH OR MORE:  11
MIN 32 OR BELOW:   6    0.50 INCH OR MORE:   1
MIN  0 OR BELOW:   0    1.00 INCH OR MORE:   0

[HDD (BASE 65) ]
TOTAL THIS MO.   500    CLEAR  (SCALE 0-3)   0
DPTR FM NORMAL  -130    PTCLDY (SCALE 4-7)   5
TOTAL FM JUL 1  1798    CLOUDY (SCALE 8-10) 16
DPTR FM NORMAL  -408

[CDD (BASE 65) ]
TOTAL THIS MO.     0
DPTR FM NORMAL     0    [PRESSURE DATA]
TOTAL FM JAN 1     0    HIGHEST SLP M ON M
DPTR FM NORMAL     0    LOWEST  SLP 29.62 ON 20

[REMARKS]
